--
-- Host: localhost    Database: gerow
-- ------------------------------------------------------


--
-- Table structure for table `activations`
--

CREATE TABLE `activations` (
  `id` bigint unsigned NOT NULL AUTO_INCREMENT,
  `user_id` bigint unsigned NOT NULL,
  `code` varchar(120) COLLATE utf8mb4_unicode_ci NOT NULL,
  `completed` tinyint(1) NOT NULL DEFAULT '0',
  `completed_at` timestamp NULL DEFAULT NULL,
  `created_at` timestamp NULL DEFAULT NULL,
  `updated_at` timestamp NULL DEFAULT NULL,
  PRIMARY KEY (`id`),
  KEY `activations_user_id_index` (`user_id`)
) ENGINE=InnoDB AUTO_INCREMENT=3 DEFAULT CHARSET=utf8mb4 COLLATE=utf8mb4_unicode_ci;

--
-- Dumping data for table `activations`
--

INSERT INTO `activations` VALUES (1,1,'ZZfchWiblVu5TYqEpgwFKbddnFVl6HSY',1,'2023-12-08 09:13:38','2023-12-08 09:13:38','2023-12-08 09:13:38'),(2,2,'YPcub5bLxHc6aRAc1Y9TjifsjGVDkG9c',1,'2023-12-08 09:13:38','2023-12-08 09:13:38','2023-12-08 09:13:38');

--
-- Table structure for table `admin_notifications`
--

CREATE TABLE `admin_notifications` (
  `id` bigint unsigned NOT NULL AUTO_INCREMENT,
  `title` varchar(255) COLLATE utf8mb4_unicode_ci NOT NULL,
  `action_label` varchar(255) COLLATE utf8mb4_unicode_ci DEFAULT NULL,
  `action_url` varchar(255) COLLATE utf8mb4_unicode_ci DEFAULT NULL,
  `description` varchar(400) COLLATE utf8mb4_unicode_ci NOT NULL,
  `read_at` timestamp NULL DEFAULT NULL,
  `created_at` timestamp NULL DEFAULT NULL,
  `updated_at` timestamp NULL DEFAULT NULL,
  `permission` varchar(191) COLLATE utf8mb4_unicode_ci DEFAULT NULL,
  PRIMARY KEY (`id`)
) ENGINE=InnoDB DEFAULT CHARSET=utf8mb4 COLLATE=utf8mb4_unicode_ci;

--
-- Dumping data for table `admin_notifications`
--


--
-- Table structure for table `audit_histories`
--

CREATE TABLE `audit_histories` (
  `id` bigint unsigned NOT NULL AUTO_INCREMENT,
  `user_id` bigint unsigned NOT NULL,
  `module` varchar(60) COLLATE utf8mb4_unicode_ci NOT NULL,
  `request` longtext COLLATE utf8mb4_unicode_ci,
  `action` varchar(120) COLLATE utf8mb4_unicode_ci NOT NULL,
  `user_agent` text COLLATE utf8mb4_unicode_ci,
  `ip_address` varchar(45) COLLATE utf8mb4_unicode_ci DEFAULT NULL,
  `reference_user` bigint unsigned NOT NULL,
  `reference_id` bigint unsigned NOT NULL,
  `reference_name` varchar(255) COLLATE utf8mb4_unicode_ci NOT NULL,
  `type` varchar(20) COLLATE utf8mb4_unicode_ci NOT NULL,
  `created_at` timestamp NULL DEFAULT NULL,
  `updated_at` timestamp NULL DEFAULT NULL,
  PRIMARY KEY (`id`),
  KEY `audit_histories_user_id_index` (`user_id`),
  KEY `audit_histories_module_index` (`module`)
) ENGINE=InnoDB DEFAULT CHARSET=utf8mb4 COLLATE=utf8mb4_unicode_ci;

--
-- Dumping data for table `audit_histories`
--


--
-- Table structure for table `categories`
--

CREATE TABLE `categories` (
  `id` bigint unsigned NOT NULL AUTO_INCREMENT,
  `name` varchar(120) COLLATE utf8mb4_unicode_ci NOT NULL,
  `parent_id` bigint unsigned NOT NULL DEFAULT '0',
  `description` varchar(400) COLLATE utf8mb4_unicode_ci DEFAULT NULL,
  `status` varchar(60) COLLATE utf8mb4_unicode_ci NOT NULL DEFAULT 'published',
  `author_id` bigint unsigned DEFAULT NULL,
  `author_type` varchar(255) COLLATE utf8mb4_unicode_ci NOT NULL DEFAULT 'Botble\\ACL\\Models\\User',
  `icon` varchar(60) COLLATE utf8mb4_unicode_ci DEFAULT NULL,
  `order` tinyint NOT NULL DEFAULT '0',
  `is_featured` tinyint NOT NULL DEFAULT '0',
  `is_default` tinyint unsigned NOT NULL DEFAULT '0',
  `created_at` timestamp NULL DEFAULT NULL,
  `updated_at` timestamp NULL DEFAULT NULL,
  PRIMARY KEY (`id`),
  KEY `categories_parent_id_index` (`parent_id`),
  KEY `categories_status_index` (`status`),
  KEY `categories_created_at_index` (`created_at`)
) ENGINE=InnoDB AUTO_INCREMENT=10 DEFAULT CHARSET=utf8mb4 COLLATE=utf8mb4_unicode_ci;

--
-- Dumping data for table `categories`
--

INSERT INTO `categories` VALUES (1,'Business Strategy',0,'Molestias officia aut debitis magnam. Tempora omnis rerum dolores ad dolor. Ut qui saepe ullam consequuntur.','published',NULL,'Botble\\ACL\\Models\\User',NULL,0,0,1,'2023-12-08 09:13:43','2023-12-08 09:13:43'),(2,'Market Research',0,'Et cumque ex et beatae nemo delectus aliquam eos. Non voluptate placeat corrupti ut. Sit quis quasi beatae provident rerum possimus.','published',NULL,'Botble\\ACL\\Models\\User',NULL,0,1,0,'2023-12-08 09:13:43','2023-12-08 09:13:43'),(3,'Financial Management',2,'Dolore in sit vero explicabo eum. Provident voluptates velit quod dolor quo. Necessitatibus adipisci quae molestias ut aut voluptas ratione. Possimus maiores vitae quo aut odio qui sit.','published',NULL,'Botble\\ACL\\Models\\User',NULL,0,0,0,'2023-12-08 09:13:43','2023-12-08 09:13:43'),(4,'Entrepreneurship',0,'Maiores nihil est iste aut illo. Nemo incidunt dolores quisquam eos officiis sapiente id. Quia velit et et quidem libero dolores ratione ipsa.','published',NULL,'Botble\\ACL\\Models\\User',NULL,0,1,0,'2023-12-08 09:13:43','2023-12-08 09:13:43'),(5,'Career Development',4,'Consequatur dolores laboriosam beatae ad nobis. Voluptatibus error et dolorem eveniet et eos. Magni voluptatibus omnis quasi adipisci. Quidem minus magnam nisi doloremque sed odit.','published',NULL,'Botble\\ACL\\Models\\User',NULL,0,0,0,'2023-12-08 09:13:43','2023-12-08 09:13:43'),(6,'Startups',0,'Quo sint cum rerum quibusdam. Sit in voluptatem et nihil itaque. Dolore molestiae ut velit voluptas illum nostrum eum.','published',NULL,'Botble\\ACL\\Models\\User',NULL,0,1,0,'2023-12-08 09:13:43','2023-12-08 09:13:43'),(7,'Success Stories',6,'Sed atque molestiae aut suscipit ullam accusantium. Esse voluptatem id dolore impedit nulla nemo. Asperiores qui dolore velit error. Magni iste quia iure dolore. Voluptas assumenda eum iusto earum.','published',NULL,'Botble\\ACL\\Models\\User',NULL,0,0,0,'2023-12-08 09:13:43','2023-12-08 09:13:43'),(8,'Industry Insights',6,'Inventore autem aut officia commodi quos necessitatibus. Soluta sunt quia dolores id. Iste eveniet non perspiciatis sapiente.','published',NULL,'Botble\\ACL\\Models\\User',NULL,0,0,0,'2023-12-08 09:13:43','2023-12-08 09:13:43'),(9,'Human Resources',6,'Minus quis sed similique accusantium asperiores. Odio soluta voluptates deleniti animi. Enim delectus corrupti qui at. Id repellat odit necessitatibus.','published',NULL,'Botble\\ACL\\Models\\User',NULL,0,0,0,'2023-12-08 09:13:43','2023-12-08 09:13:43');

--
-- Table structure for table `categories_translations`
--

CREATE TABLE `categories_translations` (
  `lang_code` varchar(20) COLLATE utf8mb4_unicode_ci NOT NULL,
  `categories_id` bigint unsigned NOT NULL,
  `name` varchar(255) COLLATE utf8mb4_unicode_ci DEFAULT NULL,
  `description` varchar(400) COLLATE utf8mb4_unicode_ci DEFAULT NULL,
  PRIMARY KEY (`lang_code`,`categories_id`)
) ENGINE=InnoDB DEFAULT CHARSET=utf8mb4 COLLATE=utf8mb4_unicode_ci;

--
-- Dumping data for table `categories_translations`
--


--
-- Table structure for table `contact_replies`
--

CREATE TABLE `contact_replies` (
  `id` bigint unsigned NOT NULL AUTO_INCREMENT,
  `message` longtext COLLATE utf8mb4_unicode_ci NOT NULL,
  `contact_id` bigint unsigned NOT NULL,
  `created_at` timestamp NULL DEFAULT NULL,
  `updated_at` timestamp NULL DEFAULT NULL,
  PRIMARY KEY (`id`)
) ENGINE=InnoDB DEFAULT CHARSET=utf8mb4 COLLATE=utf8mb4_unicode_ci;

--
-- Dumping data for table `contact_replies`
--


--
-- Table structure for table `contacts`
--

CREATE TABLE `contacts` (
  `id` bigint unsigned NOT NULL AUTO_INCREMENT,
  `name` varchar(60) COLLATE utf8mb4_unicode_ci NOT NULL,
  `email` varchar(60) COLLATE utf8mb4_unicode_ci NOT NULL,
  `phone` varchar(60) COLLATE utf8mb4_unicode_ci DEFAULT NULL,
  `address` varchar(120) COLLATE utf8mb4_unicode_ci DEFAULT NULL,
  `subject` varchar(120) COLLATE utf8mb4_unicode_ci DEFAULT NULL,
  `content` longtext COLLATE utf8mb4_unicode_ci NOT NULL,
  `status` varchar(60) COLLATE utf8mb4_unicode_ci NOT NULL DEFAULT 'unread',
  `created_at` timestamp NULL DEFAULT NULL,
  `updated_at` timestamp NULL DEFAULT NULL,
  PRIMARY KEY (`id`)
) ENGINE=InnoDB DEFAULT CHARSET=utf8mb4 COLLATE=utf8mb4_unicode_ci;

--
-- Dumping data for table `contacts`
--


--
-- Table structure for table `dashboard_widget_settings`
--

CREATE TABLE `dashboard_widget_settings` (
  `id` bigint unsigned NOT NULL AUTO_INCREMENT,
  `settings` text COLLATE utf8mb4_unicode_ci,
  `user_id` bigint unsigned NOT NULL,
  `widget_id` bigint unsigned NOT NULL,
  `order` tinyint unsigned NOT NULL DEFAULT '0',
  `status` tinyint unsigned NOT NULL DEFAULT '1',
  `created_at` timestamp NULL DEFAULT NULL,
  `updated_at` timestamp NULL DEFAULT NULL,
  PRIMARY KEY (`id`),
  KEY `dashboard_widget_settings_user_id_index` (`user_id`),
  KEY `dashboard_widget_settings_widget_id_index` (`widget_id`)
) ENGINE=InnoDB DEFAULT CHARSET=utf8mb4 COLLATE=utf8mb4_unicode_ci;

--
-- Dumping data for table `dashboard_widget_settings`
--


--
-- Table structure for table `dashboard_widgets`
--

CREATE TABLE `dashboard_widgets` (
  `id` bigint unsigned NOT NULL AUTO_INCREMENT,
  `name` varchar(120) COLLATE utf8mb4_unicode_ci NOT NULL,
  `created_at` timestamp NULL DEFAULT NULL,
  `updated_at` timestamp NULL DEFAULT NULL,
  PRIMARY KEY (`id`)
) ENGINE=InnoDB DEFAULT CHARSET=utf8mb4 COLLATE=utf8mb4_unicode_ci;

--
-- Dumping data for table `dashboard_widgets`
--


--
-- Table structure for table `failed_jobs`
--

CREATE TABLE `failed_jobs` (
  `id` bigint unsigned NOT NULL AUTO_INCREMENT,
  `uuid` varchar(191) COLLATE utf8mb4_unicode_ci NOT NULL,
  `connection` text COLLATE utf8mb4_unicode_ci NOT NULL,
  `queue` text COLLATE utf8mb4_unicode_ci NOT NULL,
  `payload` longtext COLLATE utf8mb4_unicode_ci NOT NULL,
  `exception` longtext COLLATE utf8mb4_unicode_ci NOT NULL,
  `failed_at` timestamp NOT NULL DEFAULT CURRENT_TIMESTAMP,
  PRIMARY KEY (`id`),
  UNIQUE KEY `failed_jobs_uuid_unique` (`uuid`)
) ENGINE=InnoDB DEFAULT CHARSET=utf8mb4 COLLATE=utf8mb4_unicode_ci;

--
-- Dumping data for table `failed_jobs`
--


--
-- Table structure for table `faq_categories`
--

CREATE TABLE `faq_categories` (
  `id` bigint unsigned NOT NULL AUTO_INCREMENT,
  `name` varchar(120) COLLATE utf8mb4_unicode_ci NOT NULL,
  `order` tinyint NOT NULL DEFAULT '0',
  `status` varchar(60) COLLATE utf8mb4_unicode_ci NOT NULL DEFAULT 'published',
  `created_at` timestamp NULL DEFAULT NULL,
  `updated_at` timestamp NULL DEFAULT NULL,
  `description` varchar(300) COLLATE utf8mb4_unicode_ci DEFAULT NULL,
  PRIMARY KEY (`id`)
) ENGINE=InnoDB DEFAULT CHARSET=utf8mb4 COLLATE=utf8mb4_unicode_ci;

--
-- Dumping data for table `faq_categories`
--


--
-- Table structure for table `faq_categories_translations`
--

CREATE TABLE `faq_categories_translations` (
  `lang_code` varchar(20) COLLATE utf8mb4_unicode_ci NOT NULL,
  `faq_categories_id` bigint unsigned NOT NULL,
  `name` varchar(120) COLLATE utf8mb4_unicode_ci DEFAULT NULL,
  PRIMARY KEY (`lang_code`,`faq_categories_id`)
) ENGINE=InnoDB DEFAULT CHARSET=utf8mb4 COLLATE=utf8mb4_unicode_ci;

--
-- Dumping data for table `faq_categories_translations`
--


--
-- Table structure for table `faqs`
--

CREATE TABLE `faqs` (
  `id` bigint unsigned NOT NULL AUTO_INCREMENT,
  `question` text COLLATE utf8mb4_unicode_ci NOT NULL,
  `answer` text COLLATE utf8mb4_unicode_ci NOT NULL,
  `category_id` bigint unsigned NOT NULL,
  `status` varchar(60) COLLATE utf8mb4_unicode_ci NOT NULL DEFAULT 'published',
  `created_at` timestamp NULL DEFAULT NULL,
  `updated_at` timestamp NULL DEFAULT NULL,
  PRIMARY KEY (`id`)
) ENGINE=InnoDB DEFAULT CHARSET=utf8mb4 COLLATE=utf8mb4_unicode_ci;

--
-- Dumping data for table `faqs`
--


--
-- Table structure for table `faqs_translations`
--

CREATE TABLE `faqs_translations` (
  `lang_code` varchar(20) COLLATE utf8mb4_unicode_ci NOT NULL,
  `faqs_id` bigint unsigned NOT NULL,
  `question` text COLLATE utf8mb4_unicode_ci,
  `answer` text COLLATE utf8mb4_unicode_ci,
  PRIMARY KEY (`lang_code`,`faqs_id`)
) ENGINE=InnoDB DEFAULT CHARSET=utf8mb4 COLLATE=utf8mb4_unicode_ci;

--
-- Dumping data for table `faqs_translations`
--


--
-- Table structure for table `galleries`
--

CREATE TABLE `galleries` (
  `id` bigint unsigned NOT NULL AUTO_INCREMENT,
  `name` varchar(120) COLLATE utf8mb4_unicode_ci NOT NULL,
  `description` longtext COLLATE utf8mb4_unicode_ci NOT NULL,
  `is_featured` tinyint unsigned NOT NULL DEFAULT '0',
  `order` tinyint unsigned NOT NULL DEFAULT '0',
  `image` varchar(255) COLLATE utf8mb4_unicode_ci DEFAULT NULL,
  `user_id` bigint unsigned DEFAULT NULL,
  `status` varchar(60) COLLATE utf8mb4_unicode_ci NOT NULL DEFAULT 'published',
  `created_at` timestamp NULL DEFAULT NULL,
  `updated_at` timestamp NULL DEFAULT NULL,
  PRIMARY KEY (`id`),
  KEY `galleries_user_id_index` (`user_id`)
) ENGINE=InnoDB AUTO_INCREMENT=7 DEFAULT CHARSET=utf8mb4 COLLATE=utf8mb4_unicode_ci;

--
-- Dumping data for table `galleries`
--

INSERT INTO `galleries` VALUES (1,'Business','Strategic planning, decision-making, and goal-oriented visuals.',1,0,'galleries/1.png',1,'published','2023-12-08 09:13:43','2023-12-08 09:13:43'),(2,'Innovation','Images that exemplify effective guidance and inspirational leadership.',1,0,'galleries/2.png',1,'published','2023-12-08 09:13:43','2023-12-08 09:13:43'),(3,'Leadership','Exploring the world of cutting-edge tech and digital innovations.',1,0,'galleries/3.png',1,'published','2023-12-08 09:13:43','2023-12-08 09:13:43'),(4,'Technology','Celebrating the spirit of startups, innovation, and risk-taking.',1,0,'galleries/4.png',1,'published','2023-12-08 09:13:43','2023-12-08 09:13:43'),(5,'Success','Efficient organization, team leadership, and operational excellence.',1,0,'galleries/5.png',1,'published','2023-12-08 09:13:43','2023-12-08 09:13:43'),(6,'Entrepreneurship','Moments of achievement and triumph in various business contexts.',1,0,'galleries/6.png',1,'published','2023-12-08 09:13:43','2023-12-08 09:13:43');

--
-- Table structure for table `galleries_translations`
--

CREATE TABLE `galleries_translations` (
  `lang_code` varchar(20) COLLATE utf8mb4_unicode_ci NOT NULL,
  `galleries_id` bigint unsigned NOT NULL,
  `name` varchar(255) COLLATE utf8mb4_unicode_ci DEFAULT NULL,
  `description` longtext COLLATE utf8mb4_unicode_ci,
  PRIMARY KEY (`lang_code`,`galleries_id`)
) ENGINE=InnoDB DEFAULT CHARSET=utf8mb4 COLLATE=utf8mb4_unicode_ci;

--
-- Dumping data for table `galleries_translations`
--


--
-- Table structure for table `gallery_meta`
--

CREATE TABLE `gallery_meta` (
  `id` bigint unsigned NOT NULL AUTO_INCREMENT,
  `images` text COLLATE utf8mb4_unicode_ci,
  `reference_id` bigint unsigned NOT NULL,
  `reference_type` varchar(120) COLLATE utf8mb4_unicode_ci NOT NULL,
  `created_at` timestamp NULL DEFAULT NULL,
  `updated_at` timestamp NULL DEFAULT NULL,
  PRIMARY KEY (`id`),
  KEY `gallery_meta_reference_id_index` (`reference_id`)
) ENGINE=InnoDB AUTO_INCREMENT=8 DEFAULT CHARSET=utf8mb4 COLLATE=utf8mb4_unicode_ci;

--
-- Dumping data for table `gallery_meta`
--

INSERT INTO `gallery_meta` VALUES (1,'[{\"img\":\"galleries\\/1.png\",\"description\":\"Highlighting strategies to engage, attract, and retain customers.\"},{\"img\":\"galleries\\/2.png\",\"description\":\"Highlighting strategies to engage, attract, and retain customers.\"},{\"img\":\"galleries\\/3.png\",\"description\":\"Showcasing breakthrough ideas, inventions, and creative solutions.\"},{\"img\":\"galleries\\/4.png\",\"description\":\"Moments of achievement and triumph in various business contexts.\"},{\"img\":\"galleries\\/5.png\",\"description\":\"Celebrating the spirit of startups, innovation, and risk-taking.\"},{\"img\":\"galleries\\/6.png\",\"description\":\"Capturing the essence of corporate endeavors and entrepreneurial spirit.\"}]',1,'Botble\\Gallery\\Models\\Gallery','2023-12-08 09:13:43','2023-12-08 09:13:43'),(2,'[{\"img\":\"galleries\\/1.png\",\"description\":\"Highlighting strategies to engage, attract, and retain customers.\"},{\"img\":\"galleries\\/2.png\",\"description\":\"Highlighting strategies to engage, attract, and retain customers.\"},{\"img\":\"galleries\\/3.png\",\"description\":\"Showcasing breakthrough ideas, inventions, and creative solutions.\"},{\"img\":\"galleries\\/4.png\",\"description\":\"Moments of achievement and triumph in various business contexts.\"},{\"img\":\"galleries\\/5.png\",\"description\":\"Celebrating the spirit of startups, innovation, and risk-taking.\"},{\"img\":\"galleries\\/6.png\",\"description\":\"Capturing the essence of corporate endeavors and entrepreneurial spirit.\"}]',2,'Botble\\Gallery\\Models\\Gallery','2023-12-08 09:13:43','2023-12-08 09:13:43'),(3,'[{\"img\":\"galleries\\/1.png\",\"description\":\"Highlighting strategies to engage, attract, and retain customers.\"},{\"img\":\"galleries\\/2.png\",\"description\":\"Highlighting strategies to engage, attract, and retain customers.\"},{\"img\":\"galleries\\/3.png\",\"description\":\"Showcasing breakthrough ideas, inventions, and creative solutions.\"},{\"img\":\"galleries\\/4.png\",\"description\":\"Moments of achievement and triumph in various business contexts.\"},{\"img\":\"galleries\\/5.png\",\"description\":\"Celebrating the spirit of startups, innovation, and risk-taking.\"},{\"img\":\"galleries\\/6.png\",\"description\":\"Capturing the essence of corporate endeavors and entrepreneurial spirit.\"}]',3,'Botble\\Gallery\\Models\\Gallery','2023-12-08 09:13:43','2023-12-08 09:13:43'),(4,'[{\"img\":\"galleries\\/1.png\",\"description\":\"Highlighting strategies to engage, attract, and retain customers.\"},{\"img\":\"galleries\\/2.png\",\"description\":\"Highlighting strategies to engage, attract, and retain customers.\"},{\"img\":\"galleries\\/3.png\",\"description\":\"Showcasing breakthrough ideas, inventions, and creative solutions.\"},{\"img\":\"galleries\\/4.png\",\"description\":\"Moments of achievement and triumph in various business contexts.\"},{\"img\":\"galleries\\/5.png\",\"description\":\"Celebrating the spirit of startups, innovation, and risk-taking.\"},{\"img\":\"galleries\\/6.png\",\"description\":\"Capturing the essence of corporate endeavors and entrepreneurial spirit.\"}]',4,'Botble\\Gallery\\Models\\Gallery','2023-12-08 09:13:43','2023-12-08 09:13:43'),(5,'[{\"img\":\"galleries\\/1.png\",\"description\":\"Highlighting strategies to engage, attract, and retain customers.\"},{\"img\":\"galleries\\/2.png\",\"description\":\"Highlighting strategies to engage, attract, and retain customers.\"},{\"img\":\"galleries\\/3.png\",\"description\":\"Showcasing breakthrough ideas, inventions, and creative solutions.\"},{\"img\":\"galleries\\/4.png\",\"description\":\"Moments of achievement and triumph in various business contexts.\"},{\"img\":\"galleries\\/5.png\",\"description\":\"Celebrating the spirit of startups, innovation, and risk-taking.\"},{\"img\":\"galleries\\/6.png\",\"description\":\"Capturing the essence of corporate endeavors and entrepreneurial spirit.\"}]',5,'Botble\\Gallery\\Models\\Gallery','2023-12-08 09:13:43','2023-12-08 09:13:43'),(6,'[{\"img\":\"galleries\\/1.png\",\"description\":\"Highlighting strategies to engage, attract, and retain customers.\"},{\"img\":\"galleries\\/2.png\",\"description\":\"Highlighting strategies to engage, attract, and retain customers.\"},{\"img\":\"galleries\\/3.png\",\"description\":\"Showcasing breakthrough ideas, inventions, and creative solutions.\"},{\"img\":\"galleries\\/4.png\",\"description\":\"Moments of achievement and triumph in various business contexts.\"},{\"img\":\"galleries\\/5.png\",\"description\":\"Celebrating the spirit of startups, innovation, and risk-taking.\"},{\"img\":\"galleries\\/6.png\",\"description\":\"Capturing the essence of corporate endeavors and entrepreneurial spirit.\"}]',6,'Botble\\Gallery\\Models\\Gallery','2023-12-08 09:13:43','2023-12-08 09:13:43'),(7,'[{\"img\":\"galleries\\/1.png\",\"description\":\"King hastily said, and went on eagerly: \'There is such a long and a bright idea came into her head. \'If I eat or drink something or other; but the Hatter and the pair of boots every Christmas.\' And.\"},{\"img\":\"galleries\\/2.png\",\"description\":\"Alice was more and more sounds of broken glass, from which she had been looking over their shoulders, that all the arches are gone from this morning,\' said Alice indignantly. \'Let me alone!\'.\"},{\"img\":\"galleries\\/3.png\",\"description\":\"Alice. \'That\'s the most interesting, and perhaps as this is May it won\'t be raving mad--at least not so mad as it didn\'t sound at all the things being alive; for instance, there\'s the arch I\'ve got.\"},{\"img\":\"galleries\\/4.png\",\"description\":\"Beautiful, beauti--FUL SOUP!\' \'Chorus again!\' cried the Mouse, frowning, but very politely: \'Did you speak?\' \'Not I!\' he replied. \'We quarrelled last March--just before HE went mad, you know--\'.\"},{\"img\":\"galleries\\/5.png\",\"description\":\"Dormouse go on for some time after the rest were quite dry again, the cook and the sound of many footsteps, and Alice was more hopeless than ever: she sat still and said \'No, never\') \'--so you can.\"},{\"img\":\"galleries\\/6.png\",\"description\":\"Mock Turtle drew a long way back, and see what I could shut up like a stalk out of this rope--Will the roof of the trees behind him. \'--or next day, maybe,\' the Footman continued in the night? Let.\"}]',6,'Botble\\Gallery\\Models\\Gallery','2023-12-08 09:13:43','2023-12-08 09:13:43');

--
-- Table structure for table `gallery_meta_translations`
--

CREATE TABLE `gallery_meta_translations` (
  `lang_code` varchar(20) COLLATE utf8mb4_unicode_ci NOT NULL,
  `gallery_meta_id` bigint unsigned NOT NULL,
  `images` text COLLATE utf8mb4_unicode_ci,
  PRIMARY KEY (`lang_code`,`gallery_meta_id`)
) ENGINE=InnoDB DEFAULT CHARSET=utf8mb4 COLLATE=utf8mb4_unicode_ci;

--
-- Dumping data for table `gallery_meta_translations`
--


--
-- Table structure for table `jobs`
--

CREATE TABLE `jobs` (
  `id` bigint unsigned NOT NULL AUTO_INCREMENT,
  `queue` varchar(191) COLLATE utf8mb4_unicode_ci NOT NULL,
  `payload` longtext COLLATE utf8mb4_unicode_ci NOT NULL,
  `attempts` tinyint unsigned NOT NULL,
  `reserved_at` int unsigned DEFAULT NULL,
  `available_at` int unsigned NOT NULL,
  `created_at` int unsigned NOT NULL,
  PRIMARY KEY (`id`),
  KEY `jobs_queue_index` (`queue`)
) ENGINE=InnoDB DEFAULT CHARSET=utf8mb4 COLLATE=utf8mb4_unicode_ci;

--
-- Dumping data for table `jobs`
--


--
-- Table structure for table `language_meta`
--

CREATE TABLE `language_meta` (
  `lang_meta_id` bigint unsigned NOT NULL AUTO_INCREMENT,
  `lang_meta_code` varchar(20) COLLATE utf8mb4_unicode_ci DEFAULT NULL,
  `lang_meta_origin` varchar(32) COLLATE utf8mb4_unicode_ci NOT NULL,
  `reference_id` bigint unsigned NOT NULL,
  `reference_type` varchar(120) COLLATE utf8mb4_unicode_ci NOT NULL,
  PRIMARY KEY (`lang_meta_id`),
  KEY `language_meta_reference_id_index` (`reference_id`),
  KEY `meta_code_index` (`lang_meta_code`),
  KEY `meta_origin_index` (`lang_meta_origin`),
  KEY `meta_reference_type_index` (`reference_type`)
) ENGINE=InnoDB AUTO_INCREMENT=9 DEFAULT CHARSET=utf8mb4 COLLATE=utf8mb4_unicode_ci;

--
-- Dumping data for table `language_meta`
--

INSERT INTO `language_meta` VALUES (1,'en_US','f8249036e2c08c308cd9f2b5ffcf9321',1,'Botble\\Menu\\Models\\MenuLocation'),(2,'en_US','37b6fb6a7218a51766043560b8b5b951',1,'Botble\\Menu\\Models\\Menu'),(3,'en_US','73986771009115436d8404e9668a7a3f',2,'Botble\\Menu\\Models\\Menu'),(4,'en_US','ca65fd1a6408a0594b5fe540cb5d6c6c',3,'Botble\\Menu\\Models\\Menu'),(5,'en_US','44ccd3eece0b23cd14e3b2e58191c2cd',4,'Botble\\Menu\\Models\\Menu'),(6,'en_US','08d2fc396a61ff383929c8cb9d037049',5,'Botble\\Menu\\Models\\Menu'),(7,'en_US','cfb578bf7b8f80d6aa1432dec9f8a947',2,'Botble\\Menu\\Models\\MenuLocation'),(8,'en_US','6c23b07a429b51fe0986b4205cd976b8',6,'Botble\\Menu\\Models\\Menu');

--
-- Table structure for table `languages`
--

CREATE TABLE `languages` (
  `lang_id` bigint unsigned NOT NULL AUTO_INCREMENT,
  `lang_name` varchar(120) COLLATE utf8mb4_unicode_ci NOT NULL,
  `lang_locale` varchar(20) COLLATE utf8mb4_unicode_ci NOT NULL,
  `lang_code` varchar(20) COLLATE utf8mb4_unicode_ci NOT NULL,
  `lang_flag` varchar(20) COLLATE utf8mb4_unicode_ci DEFAULT NULL,
  `lang_is_default` tinyint unsigned NOT NULL DEFAULT '0',
  `lang_order` int NOT NULL DEFAULT '0',
  `lang_is_rtl` tinyint unsigned NOT NULL DEFAULT '0',
  PRIMARY KEY (`lang_id`),
  KEY `lang_locale_index` (`lang_locale`),
  KEY `lang_code_index` (`lang_code`),
  KEY `lang_is_default_index` (`lang_is_default`)
) ENGINE=InnoDB AUTO_INCREMENT=2 DEFAULT CHARSET=utf8mb4 COLLATE=utf8mb4_unicode_ci;

--
-- Dumping data for table `languages`
--

INSERT INTO `languages` VALUES (1,'English','en','en_US','us',1,0,0);

--
-- Table structure for table `media_files`
--

CREATE TABLE `media_files` (
  `id` bigint unsigned NOT NULL AUTO_INCREMENT,
  `user_id` bigint unsigned NOT NULL,
  `name` varchar(255) COLLATE utf8mb4_unicode_ci NOT NULL,
  `alt` varchar(255) COLLATE utf8mb4_unicode_ci DEFAULT NULL,
  `folder_id` bigint unsigned NOT NULL DEFAULT '0',
  `mime_type` varchar(120) COLLATE utf8mb4_unicode_ci NOT NULL,
  `size` int NOT NULL,
  `url` varchar(255) COLLATE utf8mb4_unicode_ci NOT NULL,
  `options` text COLLATE utf8mb4_unicode_ci,
  `created_at` timestamp NULL DEFAULT NULL,
  `updated_at` timestamp NULL DEFAULT NULL,
  `deleted_at` timestamp NULL DEFAULT NULL,
  PRIMARY KEY (`id`),
  KEY `media_files_user_id_index` (`user_id`),
  KEY `media_files_index` (`folder_id`,`user_id`,`created_at`)
) ENGINE=InnoDB AUTO_INCREMENT=160 DEFAULT CHARSET=utf8mb4 COLLATE=utf8mb4_unicode_ci;

--
-- Dumping data for table `media_files`
--

INSERT INTO `media_files` VALUES (1,0,'about-bg','about-bg',1,'image/jpeg',21884,'backgrounds/about-bg.jpg','[]','2023-12-08 09:13:38','2023-12-08 09:13:38',NULL),(2,0,'about-img-shape01','about-img-shape01',1,'image/png',6919,'backgrounds/about-img-shape01.png','[]','2023-12-08 09:13:38','2023-12-08 09:13:38',NULL),(3,0,'about-shape01','about-shape01',1,'image/png',879,'backgrounds/about-shape01.png','[]','2023-12-08 09:13:38','2023-12-08 09:13:38',NULL),(4,0,'about-shape02','about-shape02',1,'image/png',1917,'backgrounds/about-shape02.png','[]','2023-12-08 09:13:38','2023-12-08 09:13:38',NULL),(5,0,'about-shape03','about-shape03',1,'image/png',18059,'backgrounds/about-shape03.png','[]','2023-12-08 09:13:38','2023-12-08 09:13:38',NULL),(6,0,'about-shape04','about-shape04',1,'image/png',75597,'backgrounds/about-shape04.png','[]','2023-12-08 09:13:38','2023-12-08 09:13:38',NULL),(7,0,'about-shape06','about-shape06',1,'image/png',7786,'backgrounds/about-shape06.png','[]','2023-12-08 09:13:38','2023-12-08 09:13:38',NULL),(8,0,'about-shape07','about-shape07',1,'image/png',10209,'backgrounds/about-shape07.png','[]','2023-12-08 09:13:38','2023-12-08 09:13:38',NULL),(9,0,'about-shape08','about-shape08',1,'image/png',9716,'backgrounds/about-shape08.png','[]','2023-12-08 09:13:38','2023-12-08 09:13:38',NULL),(10,0,'banner-shape','banner-shape',1,'image/png',743,'backgrounds/banner-shape.png','[]','2023-12-08 09:13:38','2023-12-08 09:13:38',NULL),(11,0,'banner-shape01','banner-shape01',1,'image/png',1825,'backgrounds/banner-shape01.png','[]','2023-12-08 09:13:38','2023-12-08 09:13:38',NULL),(12,0,'banner-shape02','banner-shape02',1,'image/png',1178,'backgrounds/banner-shape02.png','[]','2023-12-08 09:13:38','2023-12-08 09:13:38',NULL),(13,0,'banner-shape03','banner-shape03',1,'image/png',5724,'backgrounds/banner-shape03.png','[]','2023-12-08 09:13:39','2023-12-08 09:13:39',NULL),(14,0,'banner-shape05','banner-shape05',1,'image/png',330,'backgrounds/banner-shape05.png','[]','2023-12-08 09:13:39','2023-12-08 09:13:39',NULL),(15,0,'bg-footer-dark','bg-footer-dark',1,'image/png',67915,'backgrounds/bg-footer-dark.png','[]','2023-12-08 09:13:39','2023-12-08 09:13:39',NULL),(16,0,'bg-footer','bg-footer',1,'image/png',77395,'backgrounds/bg-footer.png','[]','2023-12-08 09:13:39','2023-12-08 09:13:39',NULL),(17,0,'blog-bg','blog-bg',1,'image/jpeg',38356,'backgrounds/blog-bg.jpg','[]','2023-12-08 09:13:39','2023-12-08 09:13:39',NULL),(18,0,'blog-bg-1','blog-bg-1',1,'image/png',14723,'backgrounds/blog-bg-1.png','[]','2023-12-08 09:13:39','2023-12-08 09:13:39',NULL),(19,0,'breadcrumb-shape01','breadcrumb-shape01',1,'image/png',10139,'backgrounds/breadcrumb-shape01.png','[]','2023-12-08 09:13:39','2023-12-08 09:13:39',NULL),(20,0,'breadcrumb-shape02','breadcrumb-shape02',1,'image/png',1663,'backgrounds/breadcrumb-shape02.png','[]','2023-12-08 09:13:39','2023-12-08 09:13:39',NULL),(21,0,'choose-img-shape01','choose-img-shape01',1,'image/png',10369,'backgrounds/choose-img-shape01.png','[]','2023-12-08 09:13:39','2023-12-08 09:13:39',NULL),(22,0,'choose-img-shape02','choose-img-shape02',1,'image/png',2009,'backgrounds/choose-img-shape02.png','[]','2023-12-08 09:13:39','2023-12-08 09:13:39',NULL),(23,0,'choose-shape','choose-shape',1,'image/png',16445,'backgrounds/choose-shape.png','[]','2023-12-08 09:13:39','2023-12-08 09:13:39',NULL),(24,0,'consulting-about-img02','consulting-about-img02',1,'image/png',12937,'backgrounds/consulting-about-img02.png','[]','2023-12-08 09:13:39','2023-12-08 09:13:39',NULL),(25,0,'consulting-about-shape01','consulting-about-shape01',1,'image/png',11079,'backgrounds/consulting-about-shape01.png','[]','2023-12-08 09:13:39','2023-12-08 09:13:39',NULL),(26,0,'consulting-about-shape02','consulting-about-shape02',1,'image/png',12937,'backgrounds/consulting-about-shape02.png','[]','2023-12-08 09:13:39','2023-12-08 09:13:39',NULL),(27,0,'consulting-about-shape03','consulting-about-shape03',1,'image/png',469,'backgrounds/consulting-about-shape03.png','[]','2023-12-08 09:13:39','2023-12-08 09:13:39',NULL),(28,0,'consulting-banner-img02','consulting-banner-img02',1,'image/png',13434,'backgrounds/consulting-banner-img02.png','[]','2023-12-08 09:13:39','2023-12-08 09:13:39',NULL),(29,0,'consulting-banner-shape01','consulting-banner-shape01',1,'image/png',2363,'backgrounds/consulting-banner-shape01.png','[]','2023-12-08 09:13:39','2023-12-08 09:13:39',NULL),(30,0,'contact-bg','contact-bg',1,'image/jpeg',21641,'backgrounds/contact-bg.jpg','[]','2023-12-08 09:13:39','2023-12-08 09:13:39',NULL),(31,0,'contact-shape','contact-shape',1,'image/png',3351,'backgrounds/contact-shape.png','[]','2023-12-08 09:13:39','2023-12-08 09:13:39',NULL),(32,0,'counter-bg','counter-bg',1,'image/jpeg',38490,'backgrounds/counter-bg.jpg','[]','2023-12-08 09:13:39','2023-12-08 09:13:39',NULL),(33,0,'counter-shape01','counter-shape01',1,'image/png',1100,'backgrounds/counter-shape01.png','[]','2023-12-08 09:13:39','2023-12-08 09:13:39',NULL),(34,0,'cta-bg','cta-bg',1,'image/png',22427,'backgrounds/cta-bg.png','[]','2023-12-08 09:13:39','2023-12-08 09:13:39',NULL),(35,0,'cta-bg02','cta-bg02',1,'image/png',26436,'backgrounds/cta-bg02.png','[]','2023-12-08 09:13:39','2023-12-08 09:13:39',NULL),(36,0,'cta-bg03','cta-bg03',1,'image/png',8581,'backgrounds/cta-bg03.png','[]','2023-12-08 09:13:39','2023-12-08 09:13:39',NULL),(37,0,'faq-img02','faq-img02',1,'image/jpeg',23861,'backgrounds/faq-img02.jpg','[]','2023-12-08 09:13:39','2023-12-08 09:13:39',NULL),(38,0,'faq-shape01','faq-shape01',1,'image/png',6612,'backgrounds/faq-shape01.png','[]','2023-12-08 09:13:39','2023-12-08 09:13:39',NULL),(39,0,'faq-shape02','faq-shape02',1,'image/png',35873,'backgrounds/faq-shape02.png','[]','2023-12-08 09:13:39','2023-12-08 09:13:39',NULL),(40,0,'features-bg','features-bg',1,'image/png',18207,'backgrounds/features-bg.png','[]','2023-12-08 09:13:39','2023-12-08 09:13:39',NULL),(41,0,'features-shape02','features-shape02',1,'image/png',1796,'backgrounds/features-shape02.png','[]','2023-12-08 09:13:40','2023-12-08 09:13:40',NULL),(42,0,'finance-banner-bg','finance-banner-bg',1,'image/png',94740,'backgrounds/finance-banner-bg.png','[]','2023-12-08 09:13:40','2023-12-08 09:13:40',NULL),(43,0,'inner-about-img04','inner-about-img04',1,'image/png',23859,'backgrounds/inner-about-img04.png','[]','2023-12-08 09:13:40','2023-12-08 09:13:40',NULL),(44,0,'inner-services-bg','inner-services-bg',1,'image/jpeg',90007,'backgrounds/inner-services-bg.jpg','[]','2023-12-08 09:13:40','2023-12-08 09:13:40',NULL),(45,0,'insurance-banner-bg','insurance-banner-bg',1,'image/png',47886,'backgrounds/insurance-banner-bg.png','[]','2023-12-08 09:13:40','2023-12-08 09:13:40',NULL),(46,0,'insurance-banner-shape02','insurance-banner-shape02',1,'image/png',2437,'backgrounds/insurance-banner-shape02.png','[]','2023-12-08 09:13:40','2023-12-08 09:13:40',NULL),(47,0,'insurance-banner-shape03','insurance-banner-shape03',1,'image/png',14829,'backgrounds/insurance-banner-shape03.png','[]','2023-12-08 09:13:40','2023-12-08 09:13:40',NULL),(48,0,'mask-img','mask-img',1,'image/png',15297,'backgrounds/mask-img.png','[]','2023-12-08 09:13:40','2023-12-08 09:13:40',NULL),(49,0,'mask-img02','mask-img02',1,'image/png',10525,'backgrounds/mask-img02.png','[]','2023-12-08 09:13:40','2023-12-08 09:13:40',NULL),(50,0,'overview-img-shape','overview-img-shape',1,'image/png',4787,'backgrounds/overview-img-shape.png','[]','2023-12-08 09:13:40','2023-12-08 09:13:40',NULL),(51,0,'overview-img02','overview-img02',1,'image/png',23861,'backgrounds/overview-img02.png','[]','2023-12-08 09:13:40','2023-12-08 09:13:40',NULL),(52,0,'overview-img04','overview-img04',1,'image/png',21063,'backgrounds/overview-img04.png','[]','2023-12-08 09:13:40','2023-12-08 09:13:40',NULL),(53,0,'overview-shape','overview-shape',1,'image/png',12859,'backgrounds/overview-shape.png','[]','2023-12-08 09:13:40','2023-12-08 09:13:40',NULL),(54,0,'overview-shape01','overview-shape01',1,'image/png',1597,'backgrounds/overview-shape01.png','[]','2023-12-08 09:13:40','2023-12-08 09:13:40',NULL),(55,0,'overview-shape02','overview-shape02',1,'image/png',4462,'backgrounds/overview-shape02.png','[]','2023-12-08 09:13:40','2023-12-08 09:13:40',NULL),(56,0,'pricing-shape','pricing-shape',1,'image/png',13753,'backgrounds/pricing-shape.png','[]','2023-12-08 09:13:40','2023-12-08 09:13:40',NULL),(57,0,'project-bg','project-bg',1,'image/jpeg',37974,'backgrounds/project-bg.jpg','[]','2023-12-08 09:13:40','2023-12-08 09:13:40',NULL),(58,0,'project-bg02','project-bg02',1,'image/png',16444,'backgrounds/project-bg02.png','[]','2023-12-08 09:13:40','2023-12-08 09:13:40',NULL),(59,0,'request-bg','request-bg',1,'image/png',45744,'backgrounds/request-bg.png','[]','2023-12-08 09:13:40','2023-12-08 09:13:40',NULL),(60,0,'services-bg','services-bg',1,'image/jpeg',92357,'backgrounds/services-bg.jpg','[]','2023-12-08 09:13:40','2023-12-08 09:13:40',NULL),(61,0,'services-bg02','services-bg02',1,'image/png',152576,'backgrounds/services-bg02.png','[]','2023-12-08 09:13:41','2023-12-08 09:13:41',NULL),(62,0,'services-item-shape','services-item-shape',1,'image/png',1136,'backgrounds/services-item-shape.png','[]','2023-12-08 09:13:41','2023-12-08 09:13:41',NULL),(63,0,'shape01','shape01',1,'image/png',3131,'backgrounds/shape01.png','[]','2023-12-08 09:13:41','2023-12-08 09:13:41',NULL),(64,0,'shape02','shape02',1,'image/png',14295,'backgrounds/shape02.png','[]','2023-12-08 09:13:41','2023-12-08 09:13:41',NULL),(65,0,'team-bg','team-bg',1,'image/png',29766,'backgrounds/team-bg.png','[]','2023-12-08 09:13:41','2023-12-08 09:13:41',NULL),(66,0,'team-shape','team-shape',1,'image/png',12983,'backgrounds/team-shape.png','[]','2023-12-08 09:13:41','2023-12-08 09:13:41',NULL),(67,0,'testimonial-bg','testimonial-bg',1,'image/png',68959,'backgrounds/testimonial-bg.png','[]','2023-12-08 09:13:41','2023-12-08 09:13:41',NULL),(68,0,'testimonial-bg1','testimonial-bg1',1,'image/png',94815,'backgrounds/testimonial-bg1.png','[]','2023-12-08 09:13:41','2023-12-08 09:13:41',NULL),(69,0,'about-author','about-author',2,'image/png',806,'general/about-author.png','[]','2023-12-08 09:13:41','2023-12-08 09:13:41',NULL),(70,0,'about-img','about-img',2,'image/png',9646,'general/about-img.png','[]','2023-12-08 09:13:41','2023-12-08 09:13:41',NULL),(71,0,'about-img01','about-img01',2,'image/png',10978,'general/about-img01.png','[]','2023-12-08 09:13:41','2023-12-08 09:13:41',NULL),(72,0,'about-img02','about-img02',2,'image/png',3353,'general/about-img02.png','[]','2023-12-08 09:13:41','2023-12-08 09:13:41',NULL),(73,0,'about-img04','about-img04',2,'image/png',2141,'general/about-img04.png','[]','2023-12-08 09:13:41','2023-12-08 09:13:41',NULL),(74,0,'banner-main-img','banner-main-img',2,'image/png',11865,'general/banner-main-img.png','[]','2023-12-08 09:13:41','2023-12-08 09:13:41',NULL),(75,0,'banner-shape01','banner-shape01',2,'image/png',5777,'general/banner-shape01.png','[]','2023-12-08 09:13:41','2023-12-08 09:13:41',NULL),(76,0,'breadcrumb-bg','breadcrumb-bg',2,'image/png',10237,'general/breadcrumb-bg.png','[]','2023-12-08 09:13:41','2023-12-08 09:13:41',NULL),(77,0,'choose-bg','choose-bg',2,'image/png',24793,'general/choose-bg.png','[]','2023-12-08 09:13:41','2023-12-08 09:13:41',NULL),(78,0,'choose-img','choose-img',2,'image/png',8511,'general/choose-img.png','[]','2023-12-08 09:13:41','2023-12-08 09:13:41',NULL),(79,0,'consulting-banner-img03','consulting-banner-img03',2,'image/png',1783,'general/consulting-banner-img03.png','[]','2023-12-08 09:13:41','2023-12-08 09:13:41',NULL),(80,0,'contact-img','contact-img',2,'image/jpeg',13045,'general/contact-img.jpg','[]','2023-12-08 09:13:41','2023-12-08 09:13:41',NULL),(81,0,'estimate-img','estimate-img',2,'image/png',10009,'general/estimate-img.png','[]','2023-12-08 09:13:41','2023-12-08 09:13:41',NULL),(82,0,'favicon','favicon',2,'image/png',1535,'general/favicon.png','[]','2023-12-08 09:13:41','2023-12-08 09:13:41',NULL),(83,0,'finance-banner-img','finance-banner-img',2,'image/png',8925,'general/finance-banner-img.png','[]','2023-12-08 09:13:41','2023-12-08 09:13:41',NULL),(84,0,'inner-about-img05','inner-about-img05',2,'image/png',9633,'general/inner-about-img05.png','[]','2023-12-08 09:13:41','2023-12-08 09:13:41',NULL),(85,0,'inner-choose-img','inner-choose-img',2,'image/png',21174,'general/inner-choose-img.png','[]','2023-12-08 09:13:41','2023-12-08 09:13:41',NULL),(86,0,'insurance-banner-img','insurance-banner-img',2,'image/png',11767,'general/insurance-banner-img.png','[]','2023-12-08 09:13:41','2023-12-08 09:13:41',NULL),(87,0,'logo-white','logo-white',2,'image/png',3149,'general/logo-white.png','[]','2023-12-08 09:13:42','2023-12-08 09:13:42',NULL),(88,0,'logo','logo',2,'image/png',3758,'general/logo.png','[]','2023-12-08 09:13:42','2023-12-08 09:13:42',NULL),(89,0,'overview-img01','overview-img01',2,'image/png',8560,'general/overview-img01.png','[]','2023-12-08 09:13:42','2023-12-08 09:13:42',NULL),(90,0,'signature','signature',2,'image/png',2995,'general/signature.png','[]','2023-12-08 09:13:42','2023-12-08 09:13:42',NULL),(91,0,'testimonial-img','testimonial-img',2,'image/png',8576,'general/testimonial-img.png','[]','2023-12-08 09:13:42','2023-12-08 09:13:42',NULL),(92,0,'testimonial-img01','testimonial-img01',2,'image/png',7807,'general/testimonial-img01.png','[]','2023-12-08 09:13:42','2023-12-08 09:13:42',NULL),(93,0,'testimonial-img03','testimonial-img03',2,'image/png',8300,'general/testimonial-img03.png','[]','2023-12-08 09:13:42','2023-12-08 09:13:42',NULL),(94,0,'brand-img01','brand-img01',3,'image/png',880,'brands/brand-img01.png','[]','2023-12-08 09:13:42','2023-12-08 09:13:42',NULL),(95,0,'brand-img02','brand-img02',3,'image/png',880,'brands/brand-img02.png','[]','2023-12-08 09:13:42','2023-12-08 09:13:42',NULL),(96,0,'brand-img03','brand-img03',3,'image/png',880,'brands/brand-img03.png','[]','2023-12-08 09:13:42','2023-12-08 09:13:42',NULL),(97,0,'brand-img04','brand-img04',3,'image/png',880,'brands/brand-img04.png','[]','2023-12-08 09:13:42','2023-12-08 09:13:42',NULL),(98,0,'brand-img05','brand-img05',3,'image/png',880,'brands/brand-img05.png','[]','2023-12-08 09:13:42','2023-12-08 09:13:42',NULL),(99,0,'quote','quote',4,'image/png',1088,'icons/quote.png','[]','2023-12-08 09:13:42','2023-12-08 09:13:42',NULL),(100,0,'rating','rating',4,'image/png',1294,'icons/rating.png','[]','2023-12-08 09:13:42','2023-12-08 09:13:42',NULL),(101,0,'testimonial-shape04','testimonial-shape04',4,'image/png',1119,'icons/testimonial-shape04.png','[]','2023-12-08 09:13:42','2023-12-08 09:13:42',NULL),(102,0,'banner-bg','banner-bg',5,'image/jpeg',24409,'sliders/banner-bg.jpg','[]','2023-12-08 09:13:42','2023-12-08 09:13:42',NULL),(103,0,'banner-bg02','banner-bg02',5,'image/jpeg',24409,'sliders/banner-bg02.jpg','[]','2023-12-08 09:13:42','2023-12-08 09:13:42',NULL),(104,0,'1','1',6,'image/png',12991,'galleries/1.png','[]','2023-12-08 09:13:42','2023-12-08 09:13:42',NULL),(105,0,'2','2',6,'image/png',3131,'galleries/2.png','[]','2023-12-08 09:13:43','2023-12-08 09:13:43',NULL),(106,0,'3','3',6,'image/png',11021,'galleries/3.png','[]','2023-12-08 09:13:43','2023-12-08 09:13:43',NULL),(107,0,'4','4',6,'image/png',8004,'galleries/4.png','[]','2023-12-08 09:13:43','2023-12-08 09:13:43',NULL),(108,0,'5','5',6,'image/png',10321,'galleries/5.png','[]','2023-12-08 09:13:43','2023-12-08 09:13:43',NULL),(109,0,'6','6',6,'image/png',9634,'galleries/6.png','[]','2023-12-08 09:13:43','2023-12-08 09:13:43',NULL),(110,0,'1','1',7,'image/png',10563,'news/1.png','[]','2023-12-08 09:13:43','2023-12-08 09:13:43',NULL),(111,0,'10','10',7,'image/png',10563,'news/10.png','[]','2023-12-08 09:13:43','2023-12-08 09:13:43',NULL),(112,0,'11','11',7,'image/png',10563,'news/11.png','[]','2023-12-08 09:13:43','2023-12-08 09:13:43',NULL),(113,0,'12','12',7,'image/png',10563,'news/12.png','[]','2023-12-08 09:13:43','2023-12-08 09:13:43',NULL),(114,0,'2','2',7,'image/png',10563,'news/2.png','[]','2023-12-08 09:13:43','2023-12-08 09:13:43',NULL),(115,0,'3','3',7,'image/png',10563,'news/3.png','[]','2023-12-08 09:13:43','2023-12-08 09:13:43',NULL),(116,0,'4','4',7,'image/png',10563,'news/4.png','[]','2023-12-08 09:13:43','2023-12-08 09:13:43',NULL),(117,0,'5','5',7,'image/png',10563,'news/5.png','[]','2023-12-08 09:13:43','2023-12-08 09:13:43',NULL),(118,0,'6','6',7,'image/png',10563,'news/6.png','[]','2023-12-08 09:13:43','2023-12-08 09:13:43',NULL),(119,0,'7','7',7,'image/png',10563,'news/7.png','[]','2023-12-08 09:13:43','2023-12-08 09:13:43',NULL),(120,0,'8','8',7,'image/png',10563,'news/8.png','[]','2023-12-08 09:13:43','2023-12-08 09:13:43',NULL),(121,0,'9','9',7,'image/png',10563,'news/9.png','[]','2023-12-08 09:13:43','2023-12-08 09:13:43',NULL),(122,0,'1','1',8,'image/png',2516,'testimonials/1.png','[]','2023-12-08 09:13:44','2023-12-08 09:13:44',NULL),(123,0,'2','2',8,'image/png',2516,'testimonials/2.png','[]','2023-12-08 09:13:44','2023-12-08 09:13:44',NULL),(124,0,'3','3',8,'image/png',2516,'testimonials/3.png','[]','2023-12-08 09:13:44','2023-12-08 09:13:44',NULL),(125,0,'4','4',8,'image/png',2516,'testimonials/4.png','[]','2023-12-08 09:13:44','2023-12-08 09:13:44',NULL),(126,0,'1-1','1-1',9,'image/png',6744,'teams/1-1.png','[]','2023-12-08 09:13:44','2023-12-08 09:13:44',NULL),(127,0,'1-2','1-2',9,'image/png',6744,'teams/1-2.png','[]','2023-12-08 09:13:44','2023-12-08 09:13:44',NULL),(128,0,'1-3','1-3',9,'image/png',6744,'teams/1-3.png','[]','2023-12-08 09:13:44','2023-12-08 09:13:44',NULL),(129,0,'1-4','1-4',9,'image/png',6744,'teams/1-4.png','[]','2023-12-08 09:13:44','2023-12-08 09:13:44',NULL),(130,0,'2-1','2-1',9,'image/png',6402,'teams/2-1.png','[]','2023-12-08 09:13:44','2023-12-08 09:13:44',NULL),(131,0,'2-2','2-2',9,'image/png',6402,'teams/2-2.png','[]','2023-12-08 09:13:44','2023-12-08 09:13:44',NULL),(132,0,'2-3','2-3',9,'image/png',6402,'teams/2-3.png','[]','2023-12-08 09:13:44','2023-12-08 09:13:44',NULL),(133,0,'2-4','2-4',9,'image/png',6402,'teams/2-4.png','[]','2023-12-08 09:13:44','2023-12-08 09:13:44',NULL),(134,0,'3-1','3-1',9,'image/png',6136,'teams/3-1.png','[]','2023-12-08 09:13:44','2023-12-08 09:13:44',NULL),(135,0,'3-2','3-2',9,'image/png',6136,'teams/3-2.png','[]','2023-12-08 09:13:44','2023-12-08 09:13:44',NULL),(136,0,'3-3','3-3',9,'image/png',6136,'teams/3-3.png','[]','2023-12-08 09:13:44','2023-12-08 09:13:44',NULL),(137,0,'3-4','3-4',9,'image/png',6136,'teams/3-4.png','[]','2023-12-08 09:13:44','2023-12-08 09:13:44',NULL),(138,0,'4-1','4-1',9,'image/png',2303,'teams/4-1.png','[]','2023-12-08 09:13:44','2023-12-08 09:13:44',NULL),(139,0,'4-2','4-2',9,'image/png',2303,'teams/4-2.png','[]','2023-12-08 09:13:44','2023-12-08 09:13:44',NULL),(140,0,'4-3','4-3',9,'image/png',2303,'teams/4-3.png','[]','2023-12-08 09:13:44','2023-12-08 09:13:44',NULL),(141,0,'4-4','4-4',9,'image/png',2303,'teams/4-4.png','[]','2023-12-08 09:13:44','2023-12-08 09:13:44',NULL),(142,0,'5-1','5-1',9,'image/png',4984,'teams/5-1.png','[]','2023-12-08 09:13:44','2023-12-08 09:13:44',NULL),(143,0,'5-2','5-2',9,'image/png',4984,'teams/5-2.png','[]','2023-12-08 09:13:44','2023-12-08 09:13:44',NULL),(144,0,'5-3','5-3',9,'image/png',4984,'teams/5-3.png','[]','2023-12-08 09:13:44','2023-12-08 09:13:44',NULL),(145,0,'5-4','5-4',9,'image/png',4984,'teams/5-4.png','[]','2023-12-08 09:13:44','2023-12-08 09:13:44',NULL),(146,0,'1','1',10,'image/png',8691,'projects/1.png','[]','2023-12-08 09:13:44','2023-12-08 09:13:44',NULL),(147,0,'2','2',10,'image/png',8691,'projects/2.png','[]','2023-12-08 09:13:44','2023-12-08 09:13:44',NULL),(148,0,'3','3',10,'image/png',8691,'projects/3.png','[]','2023-12-08 09:13:44','2023-12-08 09:13:44',NULL),(149,0,'4','4',10,'image/png',8691,'projects/4.png','[]','2023-12-08 09:13:44','2023-12-08 09:13:44',NULL),(150,0,'5','5',10,'image/png',7254,'projects/5.png','[]','2023-12-08 09:13:44','2023-12-08 09:13:44',NULL),(151,0,'6','6',10,'image/png',7254,'projects/6.png','[]','2023-12-08 09:13:44','2023-12-08 09:13:44',NULL),(152,0,'7','7',10,'image/png',7191,'projects/7.png','[]','2023-12-08 09:13:45','2023-12-08 09:13:45',NULL),(153,0,'8','8',10,'image/png',7191,'projects/8.png','[]','2023-12-08 09:13:45','2023-12-08 09:13:45',NULL),(154,0,'9','9',10,'image/png',7191,'projects/9.png','[]','2023-12-08 09:13:45','2023-12-08 09:13:45',NULL),(155,0,'1','1',11,'image/png',17355,'services/1.png','[]','2023-12-08 09:13:45','2023-12-08 09:13:45',NULL),(156,0,'2','2',11,'image/png',17355,'services/2.png','[]','2023-12-08 09:13:45','2023-12-08 09:13:45',NULL),(157,0,'3','3',11,'image/png',17355,'services/3.png','[]','2023-12-08 09:13:45','2023-12-08 09:13:45',NULL),(158,0,'4','4',11,'image/png',17355,'services/4.png','[]','2023-12-08 09:13:45','2023-12-08 09:13:45',NULL),(159,0,'5','5',11,'image/jpeg',17355,'services/5.jpg','[]','2023-12-08 09:13:45','2023-12-08 09:13:45',NULL);

--
-- Table structure for table `media_folders`
--

CREATE TABLE `media_folders` (
  `id` bigint unsigned NOT NULL AUTO_INCREMENT,
  `user_id` bigint unsigned NOT NULL,
  `name` varchar(255) COLLATE utf8mb4_unicode_ci DEFAULT NULL,
  `color` varchar(191) COLLATE utf8mb4_unicode_ci DEFAULT NULL,
  `slug` varchar(255) COLLATE utf8mb4_unicode_ci DEFAULT NULL,
  `parent_id` bigint unsigned NOT NULL DEFAULT '0',
  `created_at` timestamp NULL DEFAULT NULL,
  `updated_at` timestamp NULL DEFAULT NULL,
  `deleted_at` timestamp NULL DEFAULT NULL,
  PRIMARY KEY (`id`),
  KEY `media_folders_user_id_index` (`user_id`),
  KEY `media_folders_index` (`parent_id`,`user_id`,`created_at`)
) ENGINE=InnoDB AUTO_INCREMENT=12 DEFAULT CHARSET=utf8mb4 COLLATE=utf8mb4_unicode_ci;

--
-- Dumping data for table `media_folders`
--

INSERT INTO `media_folders` VALUES (1,0,'backgrounds',NULL,'backgrounds',0,'2023-12-08 09:13:38','2023-12-08 09:13:38',NULL),(2,0,'general',NULL,'general',0,'2023-12-08 09:13:41','2023-12-08 09:13:41',NULL),(3,0,'brands',NULL,'brands',0,'2023-12-08 09:13:42','2023-12-08 09:13:42',NULL),(4,0,'icons',NULL,'icons',0,'2023-12-08 09:13:42','2023-12-08 09:13:42',NULL),(5,0,'sliders',NULL,'sliders',0,'2023-12-08 09:13:42','2023-12-08 09:13:42',NULL),(6,0,'galleries',NULL,'galleries',0,'2023-12-08 09:13:42','2023-12-08 09:13:42',NULL),(7,0,'news',NULL,'news',0,'2023-12-08 09:13:43','2023-12-08 09:13:43',NULL),(8,0,'testimonials',NULL,'testimonials',0,'2023-12-08 09:13:44','2023-12-08 09:13:44',NULL),(9,0,'teams',NULL,'teams',0,'2023-12-08 09:13:44','2023-12-08 09:13:44',NULL),(10,0,'projects',NULL,'projects',0,'2023-12-08 09:13:44','2023-12-08 09:13:44',NULL),(11,0,'services',NULL,'services',0,'2023-12-08 09:13:45','2023-12-08 09:13:45',NULL);

--
-- Table structure for table `media_settings`
--

CREATE TABLE `media_settings` (
  `id` bigint unsigned NOT NULL AUTO_INCREMENT,
  `key` varchar(120) COLLATE utf8mb4_unicode_ci NOT NULL,
  `value` text COLLATE utf8mb4_unicode_ci,
  `media_id` bigint unsigned DEFAULT NULL,
  `user_id` bigint unsigned DEFAULT NULL,
  `created_at` timestamp NULL DEFAULT NULL,
  `updated_at` timestamp NULL DEFAULT NULL,
  PRIMARY KEY (`id`)
) ENGINE=InnoDB DEFAULT CHARSET=utf8mb4 COLLATE=utf8mb4_unicode_ci;

--
-- Dumping data for table `media_settings`
--


--
-- Table structure for table `menu_locations`
--

CREATE TABLE `menu_locations` (
  `id` bigint unsigned NOT NULL AUTO_INCREMENT,
  `menu_id` bigint unsigned NOT NULL,
  `location` varchar(120) COLLATE utf8mb4_unicode_ci NOT NULL,
  `created_at` timestamp NULL DEFAULT NULL,
  `updated_at` timestamp NULL DEFAULT NULL,
  PRIMARY KEY (`id`),
  KEY `menu_locations_menu_id_created_at_index` (`menu_id`,`created_at`)
) ENGINE=InnoDB AUTO_INCREMENT=3 DEFAULT CHARSET=utf8mb4 COLLATE=utf8mb4_unicode_ci;

--
-- Dumping data for table `menu_locations`
--

INSERT INTO `menu_locations` VALUES (1,1,'main-menu','2023-12-08 09:13:45','2023-12-08 09:13:45'),(2,6,'footer-menu','2023-12-08 09:13:45','2023-12-08 09:13:45');

--
-- Table structure for table `menu_nodes`
--

CREATE TABLE `menu_nodes` (
  `id` bigint unsigned NOT NULL AUTO_INCREMENT,
  `menu_id` bigint unsigned NOT NULL,
  `parent_id` bigint unsigned NOT NULL DEFAULT '0',
  `reference_id` bigint unsigned DEFAULT NULL,
  `reference_type` varchar(255) COLLATE utf8mb4_unicode_ci DEFAULT NULL,
  `url` varchar(120) COLLATE utf8mb4_unicode_ci DEFAULT NULL,
  `icon_font` varchar(50) COLLATE utf8mb4_unicode_ci DEFAULT NULL,
  `position` tinyint unsigned NOT NULL DEFAULT '0',
  `title` varchar(120) COLLATE utf8mb4_unicode_ci DEFAULT NULL,
  `css_class` varchar(120) COLLATE utf8mb4_unicode_ci DEFAULT NULL,
  `target` varchar(20) COLLATE utf8mb4_unicode_ci NOT NULL DEFAULT '_self',
  `has_child` tinyint unsigned NOT NULL DEFAULT '0',
  `created_at` timestamp NULL DEFAULT NULL,
  `updated_at` timestamp NULL DEFAULT NULL,
  PRIMARY KEY (`id`),
  KEY `menu_nodes_menu_id_index` (`menu_id`),
  KEY `menu_nodes_parent_id_index` (`parent_id`),
  KEY `reference_id` (`reference_id`),
  KEY `reference_type` (`reference_type`)
) ENGINE=InnoDB AUTO_INCREMENT=53 DEFAULT CHARSET=utf8mb4 COLLATE=utf8mb4_unicode_ci;

--
-- Dumping data for table `menu_nodes`
--

INSERT INTO `menu_nodes` VALUES (1,1,0,NULL,NULL,NULL,NULL,0,'Home',NULL,'_self',1,'2023-12-08 09:13:45','2023-12-08 09:13:45'),(2,1,1,NULL,NULL,'',NULL,0,'Finance',NULL,'_self',0,'2023-12-08 09:13:45','2023-12-08 09:13:45'),(3,1,1,NULL,NULL,'/consulting',NULL,0,'Consulting',NULL,'_self',0,'2023-12-08 09:13:45','2023-12-08 09:13:45'),(4,1,1,NULL,NULL,'/insurance',NULL,0,'Insurance',NULL,'_self',0,'2023-12-08 09:13:45','2023-12-08 09:13:45'),(5,1,1,NULL,NULL,'/digital-agency',NULL,0,'Digital Agency',NULL,'_self',0,'2023-12-08 09:13:45','2023-12-08 09:13:45'),(6,1,1,NULL,NULL,'/business',NULL,0,'Business',NULL,'_self',0,'2023-12-08 09:13:45','2023-12-08 09:13:45'),(7,1,0,NULL,NULL,'/about',NULL,0,'About Us',NULL,'_self',1,'2023-12-08 09:13:45','2023-12-08 09:13:45'),(8,1,7,NULL,NULL,'/about',NULL,0,'About One',NULL,'_self',0,'2023-12-08 09:13:45','2023-12-08 09:13:45'),(9,1,7,NULL,NULL,'/about-2',NULL,0,'About Two',NULL,'_self',0,'2023-12-08 09:13:45','2023-12-08 09:13:45'),(10,1,7,NULL,NULL,'/about-3',NULL,0,'About Three',NULL,'_self',0,'2023-12-08 09:13:45','2023-12-08 09:13:45'),(11,1,7,NULL,NULL,'/about-4',NULL,0,'About Four',NULL,'_self',0,'2023-12-08 09:13:45','2023-12-08 09:13:45'),(12,1,7,NULL,NULL,'/about-5',NULL,0,'About Five',NULL,'_self',0,'2023-12-08 09:13:45','2023-12-08 09:13:45'),(13,1,0,NULL,NULL,'#',NULL,0,'Page',NULL,'_self',1,'2023-12-08 09:13:45','2023-12-08 09:13:45'),(14,1,13,NULL,NULL,'/services',NULL,0,'Services One',NULL,'_self',1,'2023-12-08 09:13:45','2023-12-08 09:13:45'),(15,1,14,NULL,NULL,'/services',NULL,0,'Services',NULL,'_self',0,'2023-12-08 09:13:45','2023-12-08 09:13:45'),(16,1,14,NULL,NULL,'/services-2',NULL,0,'Services Two',NULL,'_self',0,'2023-12-08 09:13:45','2023-12-08 09:13:45'),(17,1,14,NULL,NULL,'/services-3',NULL,0,'Services Three',NULL,'_self',0,'2023-12-08 09:13:45','2023-12-08 09:13:45'),(18,1,14,NULL,NULL,'/services-4',NULL,0,'Services Four',NULL,'_self',0,'2023-12-08 09:13:45','2023-12-08 09:13:45'),(19,1,14,NULL,NULL,'/services-5',NULL,0,'Services Five',NULL,'_self',0,'2023-12-08 09:13:45','2023-12-08 09:13:45'),(20,1,13,NULL,NULL,'/services/risk-manager',NULL,0,'Service Details',NULL,'_self',0,'2023-12-08 09:13:45','2023-12-08 09:13:45'),(21,1,13,NULL,NULL,'/teams/brooklyn-simmons',NULL,0,'Team Details',NULL,'_self',0,'2023-12-08 09:13:45','2023-12-08 09:13:45'),(22,1,13,NULL,NULL,'/projects/leadership-excellence-initiative',NULL,0,'Project Details',NULL,'_self',0,'2023-12-08 09:13:45','2023-12-08 09:13:45'),(23,1,13,NULL,NULL,'/404',NULL,0,'404 Error',NULL,'_self',0,'2023-12-08 09:13:45','2023-12-08 09:13:45'),(24,1,0,NULL,NULL,'/blog',NULL,0,'Blog',NULL,'_self',1,'2023-12-08 09:13:45','2023-12-08 09:13:45'),(25,1,24,NULL,NULL,'/blog',NULL,0,'Our Blog',NULL,'_self',0,'2023-12-08 09:13:45','2023-12-08 09:13:45'),(26,1,24,NULL,NULL,'/blog/balancing-act-work-life-integration-for-business-owners',NULL,0,'Blog Details',NULL,'_self',0,'2023-12-08 09:13:45','2023-12-08 09:13:45'),(27,1,0,NULL,NULL,'/contact',NULL,0,'Contact',NULL,'_self',0,'2023-12-08 09:13:45','2023-12-08 09:13:45'),(28,2,0,NULL,NULL,'/contact-us',NULL,0,'Mission & Vision',NULL,'_self',0,'2023-12-08 09:13:45','2023-12-08 09:13:45'),(29,2,0,NULL,NULL,'/our-team',NULL,0,'Our Team',NULL,'_self',0,'2023-12-08 09:13:45','2023-12-08 09:13:45'),(30,2,0,NULL,NULL,'/contact-us',NULL,0,'Careers',NULL,'_self',0,'2023-12-08 09:13:45','2023-12-08 09:13:45'),(31,2,0,NULL,NULL,'/services',NULL,0,'Press & Media',NULL,'_self',0,'2023-12-08 09:13:45','2023-12-08 09:13:45'),(32,2,0,NULL,NULL,'/contact-us',NULL,0,'Advertising',NULL,'_self',0,'2023-12-08 09:13:45','2023-12-08 09:13:45'),(33,2,0,NULL,NULL,'/contact-us',NULL,0,'Testimonials',NULL,'_self',0,'2023-12-08 09:13:45','2023-12-08 09:13:45'),(34,3,0,NULL,NULL,'/contact-us',NULL,0,'Global coverage',NULL,'_self',0,'2023-12-08 09:13:45','2023-12-08 09:13:45'),(35,3,0,NULL,NULL,'/contact-us',NULL,0,'Distribution',NULL,'_self',0,'2023-12-08 09:13:45','2023-12-08 09:13:45'),(36,3,0,NULL,NULL,'/contact-us',NULL,0,'Accounting Tools',NULL,'_self',0,'2023-12-08 09:13:45','2023-12-08 09:13:45'),(37,3,0,NULL,NULL,'/contact-us',NULL,0,'Freight Recovery',NULL,'_self',0,'2023-12-08 09:13:45','2023-12-08 09:13:45'),(38,3,0,NULL,NULL,'/contact-us',NULL,0,'Supply Chain',NULL,'_self',0,'2023-12-08 09:13:45','2023-12-08 09:13:45'),(39,3,0,NULL,NULL,'/contact-us',NULL,0,'Warehousing',NULL,'_self',0,'2023-12-08 09:13:45','2023-12-08 09:13:45'),(40,4,0,NULL,NULL,'/company',NULL,0,'Company',NULL,'_self',0,'2023-12-08 09:13:45','2023-12-08 09:13:45'),(41,4,0,NULL,NULL,'/careers',NULL,0,'Careers',NULL,'_self',0,'2023-12-08 09:13:45','2023-12-08 09:13:45'),(42,4,0,NULL,NULL,'/galleries',NULL,0,'Press Media',NULL,'_self',0,'2023-12-08 09:13:45','2023-12-08 09:13:45'),(43,4,0,NULL,NULL,'/blog',NULL,0,'Our Blog',NULL,'_self',0,'2023-12-08 09:13:45','2023-12-08 09:13:45'),(44,4,0,NULL,NULL,'/privacy-policy',NULL,0,'Privacy Policy',NULL,'_self',0,'2023-12-08 09:13:45','2023-12-08 09:13:45'),(45,5,0,NULL,NULL,'how-it-work',NULL,0,'How it work',NULL,'_self',0,'2023-12-08 09:13:45','2023-12-08 09:13:45'),(46,5,0,NULL,NULL,'partners',NULL,0,'Partners',NULL,'_self',0,'2023-12-08 09:13:45','2023-12-08 09:13:45'),(47,5,0,NULL,NULL,'testimonials',NULL,0,'Testimonials',NULL,'_self',0,'2023-12-08 09:13:45','2023-12-08 09:13:45'),(48,5,0,NULL,NULL,'case-studies',NULL,0,'Case Studies',NULL,'_self',0,'2023-12-08 09:13:45','2023-12-08 09:13:45'),(49,5,0,NULL,NULL,'pricing',NULL,0,'Pricing',NULL,'_self',0,'2023-12-08 09:13:45','2023-12-08 09:13:45'),(50,6,0,18,'Botble\\Page\\Models\\Page','/privacy-policy',NULL,0,'Privacy Policy',NULL,'_self',0,'2023-12-08 09:13:45','2023-12-08 09:13:45'),(51,6,0,16,'Botble\\Page\\Models\\Page','/cookies',NULL,0,'Cookies',NULL,'_self',0,'2023-12-08 09:13:45','2023-12-08 09:13:45'),(52,6,0,17,'Botble\\Page\\Models\\Page','/terms-of-service',NULL,0,'Terms of service',NULL,'_self',0,'2023-12-08 09:13:45','2023-12-08 09:13:45');

--
-- Table structure for table `menus`
--

CREATE TABLE `menus` (
  `id` bigint unsigned NOT NULL AUTO_INCREMENT,
  `name` varchar(120) COLLATE utf8mb4_unicode_ci NOT NULL,
  `slug` varchar(120) COLLATE utf8mb4_unicode_ci DEFAULT NULL,
  `status` varchar(60) COLLATE utf8mb4_unicode_ci NOT NULL DEFAULT 'published',
  `created_at` timestamp NULL DEFAULT NULL,
  `updated_at` timestamp NULL DEFAULT NULL,
  PRIMARY KEY (`id`),
  UNIQUE KEY `menus_slug_unique` (`slug`)
) ENGINE=InnoDB AUTO_INCREMENT=7 DEFAULT CHARSET=utf8mb4 COLLATE=utf8mb4_unicode_ci;

--
-- Dumping data for table `menus`
--

INSERT INTO `menus` VALUES (1,'Main menu','main-menu','published','2023-12-08 09:13:45','2023-12-08 09:13:45'),(2,'Company','company','published','2023-12-08 09:13:45','2023-12-08 09:13:45'),(3,'Industries','industries','published','2023-12-08 09:13:45','2023-12-08 09:13:45'),(4,'Menu','menu','published','2023-12-08 09:13:45','2023-12-08 09:13:45'),(5,'Quick links','quick-links','published','2023-12-08 09:13:45','2023-12-08 09:13:45'),(6,'Footer menu','footer-menu','published','2023-12-08 09:13:45','2023-12-08 09:13:45');

--
-- Table structure for table `meta_boxes`
--

CREATE TABLE `meta_boxes` (
  `id` bigint unsigned NOT NULL AUTO_INCREMENT,
  `meta_key` varchar(255) COLLATE utf8mb4_unicode_ci NOT NULL,
  `meta_value` text COLLATE utf8mb4_unicode_ci,
  `reference_id` bigint unsigned NOT NULL,
  `reference_type` varchar(120) COLLATE utf8mb4_unicode_ci NOT NULL,
  `created_at` timestamp NULL DEFAULT NULL,
  `updated_at` timestamp NULL DEFAULT NULL,
  PRIMARY KEY (`id`),
  KEY `meta_boxes_reference_id_index` (`reference_id`)
) ENGINE=InnoDB AUTO_INCREMENT=133 DEFAULT CHARSET=utf8mb4 COLLATE=utf8mb4_unicode_ci;

--
-- Dumping data for table `meta_boxes`
--

INSERT INTO `meta_boxes` VALUES (1,'header_style','[\"style-2\"]',2,'Botble\\Page\\Models\\Page','2023-12-08 09:13:42','2023-12-08 09:13:42'),(2,'header_top_sidebar_style','[\"style-2\"]',2,'Botble\\Page\\Models\\Page','2023-12-08 09:13:42','2023-12-08 09:13:42'),(3,'footer_style','[\"style-1\"]',2,'Botble\\Page\\Models\\Page','2023-12-08 09:13:42','2023-12-08 09:13:42'),(4,'bottom_footer_style','[\"style-1\"]',2,'Botble\\Page\\Models\\Page','2023-12-08 09:13:42','2023-12-08 09:13:42'),(5,'customize_footer','[\"custom\"]',2,'Botble\\Page\\Models\\Page','2023-12-08 09:13:42','2023-12-08 09:13:42'),(6,'footer_background_color','[\"#FFFFFF\"]',2,'Botble\\Page\\Models\\Page','2023-12-08 09:13:42','2023-12-08 09:13:42'),(7,'footer_text_color','[\"#ffffff\"]',2,'Botble\\Page\\Models\\Page','2023-12-08 09:13:42','2023-12-08 09:13:42'),(8,'footer_border_color','[\"#0055FF\"]',2,'Botble\\Page\\Models\\Page','2023-12-08 09:13:42','2023-12-08 09:13:42'),(9,'footer_text_muted_color','[\"#96A1B8\"]',2,'Botble\\Page\\Models\\Page','2023-12-08 09:13:42','2023-12-08 09:13:42'),(10,'footer_background_image','[\"backgrounds\\/bg-footer-dark.png\"]',2,'Botble\\Page\\Models\\Page','2023-12-08 09:13:42','2023-12-08 09:13:42'),(11,'header_style','[\"style-3\"]',3,'Botble\\Page\\Models\\Page','2023-12-08 09:13:42','2023-12-08 09:13:42'),(12,'header_top_sidebar_style','[\"style-1\"]',3,'Botble\\Page\\Models\\Page','2023-12-08 09:13:42','2023-12-08 09:13:42'),(13,'footer_style','[\"style-1\"]',3,'Botble\\Page\\Models\\Page','2023-12-08 09:13:42','2023-12-08 09:13:42'),(14,'bottom_footer_style','[\"style-1\"]',3,'Botble\\Page\\Models\\Page','2023-12-08 09:13:42','2023-12-08 09:13:42'),(15,'customize_footer','[\"custom\"]',3,'Botble\\Page\\Models\\Page','2023-12-08 09:13:42','2023-12-08 09:13:42'),(16,'footer_background_color','[\"#FFFFFF\"]',3,'Botble\\Page\\Models\\Page','2023-12-08 09:13:42','2023-12-08 09:13:42'),(17,'footer_text_color','[\"#ffffff\"]',3,'Botble\\Page\\Models\\Page','2023-12-08 09:13:42','2023-12-08 09:13:42'),(18,'footer_border_color','[\"#0055FF\"]',3,'Botble\\Page\\Models\\Page','2023-12-08 09:13:42','2023-12-08 09:13:42'),(19,'footer_text_muted_color','[\"#96A1B8\"]',3,'Botble\\Page\\Models\\Page','2023-12-08 09:13:42','2023-12-08 09:13:42'),(20,'footer_background_image','[\"backgrounds\\/bg-footer-dark.png\"]',3,'Botble\\Page\\Models\\Page','2023-12-08 09:13:42','2023-12-08 09:13:42'),(21,'header_style','[\"style-3\"]',4,'Botble\\Page\\Models\\Page','2023-12-08 09:13:42','2023-12-08 09:13:42'),(22,'header_top_sidebar_style','[\"style-1\"]',4,'Botble\\Page\\Models\\Page','2023-12-08 09:13:42','2023-12-08 09:13:42'),(23,'header_style','[\"style-2\"]',5,'Botble\\Page\\Models\\Page','2023-12-08 09:13:42','2023-12-08 09:13:42'),(24,'header_top_sidebar_style','[\"style-1\"]',5,'Botble\\Page\\Models\\Page','2023-12-08 09:13:42','2023-12-08 09:13:42'),(25,'header_style','[\"style-3\"]',6,'Botble\\Page\\Models\\Page','2023-12-08 09:13:42','2023-12-08 09:13:42'),(26,'header_top_sidebar_style','[\"style-2\"]',6,'Botble\\Page\\Models\\Page','2023-12-08 09:13:42','2023-12-08 09:13:42'),(27,'footer_style','[\"style-1\"]',6,'Botble\\Page\\Models\\Page','2023-12-08 09:13:42','2023-12-08 09:13:42'),(28,'bottom_footer_style','[\"style-1\"]',6,'Botble\\Page\\Models\\Page','2023-12-08 09:13:42','2023-12-08 09:13:42'),(29,'customize_footer','[\"custom\"]',6,'Botble\\Page\\Models\\Page','2023-12-08 09:13:42','2023-12-08 09:13:42'),(30,'footer_background_color','[\"#FFFFFF\"]',6,'Botble\\Page\\Models\\Page','2023-12-08 09:13:42','2023-12-08 09:13:42'),(31,'footer_text_color','[\"#ffffff\"]',6,'Botble\\Page\\Models\\Page','2023-12-08 09:13:42','2023-12-08 09:13:42'),(32,'footer_border_color','[\"#0055FF\"]',6,'Botble\\Page\\Models\\Page','2023-12-08 09:13:42','2023-12-08 09:13:42'),(33,'footer_text_muted_color','[\"#96A1B8\"]',6,'Botble\\Page\\Models\\Page','2023-12-08 09:13:42','2023-12-08 09:13:42'),(34,'footer_background_image','[\"backgrounds\\/bg-footer-dark.png\"]',6,'Botble\\Page\\Models\\Page','2023-12-08 09:13:42','2023-12-08 09:13:42'),(35,'header_style','[\"style-3\"]',7,'Botble\\Page\\Models\\Page','2023-12-08 09:13:42','2023-12-08 09:13:42'),(36,'header_top_sidebar_style','[\"style-2\"]',7,'Botble\\Page\\Models\\Page','2023-12-08 09:13:42','2023-12-08 09:13:42'),(37,'footer_style','[\"style-1\"]',7,'Botble\\Page\\Models\\Page','2023-12-08 09:13:42','2023-12-08 09:13:42'),(38,'bottom_footer_style','[\"style-1\"]',7,'Botble\\Page\\Models\\Page','2023-12-08 09:13:42','2023-12-08 09:13:42'),(39,'customize_footer','[\"custom\"]',7,'Botble\\Page\\Models\\Page','2023-12-08 09:13:42','2023-12-08 09:13:42'),(40,'footer_background_color','[\"#FFFFFF\"]',7,'Botble\\Page\\Models\\Page','2023-12-08 09:13:42','2023-12-08 09:13:42'),(41,'footer_text_color','[\"#ffffff\"]',7,'Botble\\Page\\Models\\Page','2023-12-08 09:13:42','2023-12-08 09:13:42'),(42,'footer_border_color','[\"#0055FF\"]',7,'Botble\\Page\\Models\\Page','2023-12-08 09:13:42','2023-12-08 09:13:42'),(43,'footer_text_muted_color','[\"#96A1B8\"]',7,'Botble\\Page\\Models\\Page','2023-12-08 09:13:42','2023-12-08 09:13:42'),(44,'footer_background_image','[\"backgrounds\\/bg-footer-dark.png\"]',7,'Botble\\Page\\Models\\Page','2023-12-08 09:13:42','2023-12-08 09:13:42'),(45,'pre_footer_sidebar_style','[\"style-1\"]',7,'Botble\\Page\\Models\\Page','2023-12-08 09:13:42','2023-12-08 09:13:42'),(46,'header_style','[\"style-3\"]',8,'Botble\\Page\\Models\\Page','2023-12-08 09:13:42','2023-12-08 09:13:42'),(47,'header_top_sidebar_style','[\"style-2\"]',8,'Botble\\Page\\Models\\Page','2023-12-08 09:13:42','2023-12-08 09:13:42'),(48,'footer_style','[\"style-1\"]',8,'Botble\\Page\\Models\\Page','2023-12-08 09:13:42','2023-12-08 09:13:42'),(49,'bottom_footer_style','[\"style-1\"]',8,'Botble\\Page\\Models\\Page','2023-12-08 09:13:42','2023-12-08 09:13:42'),(50,'customize_footer','[\"custom\"]',8,'Botble\\Page\\Models\\Page','2023-12-08 09:13:42','2023-12-08 09:13:42'),(51,'footer_background_color','[\"#FFFFFF\"]',8,'Botble\\Page\\Models\\Page','2023-12-08 09:13:42','2023-12-08 09:13:42'),(52,'footer_text_color','[\"#ffffff\"]',8,'Botble\\Page\\Models\\Page','2023-12-08 09:13:42','2023-12-08 09:13:42'),(53,'footer_border_color','[\"#0055FF\"]',8,'Botble\\Page\\Models\\Page','2023-12-08 09:13:42','2023-12-08 09:13:42'),(54,'footer_text_muted_color','[\"#96A1B8\"]',8,'Botble\\Page\\Models\\Page','2023-12-08 09:13:42','2023-12-08 09:13:42'),(55,'footer_background_image','[\"backgrounds\\/bg-footer-dark.png\"]',8,'Botble\\Page\\Models\\Page','2023-12-08 09:13:42','2023-12-08 09:13:42'),(56,'pre_footer_sidebar_style','[\"style-2\"]',9,'Botble\\Page\\Models\\Page','2023-12-08 09:13:42','2023-12-08 09:13:42'),(57,'header_style','[\"style-3\"]',9,'Botble\\Page\\Models\\Page','2023-12-08 09:13:42','2023-12-08 09:13:42'),(58,'header_top_sidebar_style','[\"style-2\"]',9,'Botble\\Page\\Models\\Page','2023-12-08 09:13:42','2023-12-08 09:13:42'),(59,'footer_style','[\"style-1\"]',9,'Botble\\Page\\Models\\Page','2023-12-08 09:13:42','2023-12-08 09:13:42'),(60,'bottom_footer_style','[\"style-1\"]',9,'Botble\\Page\\Models\\Page','2023-12-08 09:13:42','2023-12-08 09:13:42'),(61,'customize_footer','[\"custom\"]',9,'Botble\\Page\\Models\\Page','2023-12-08 09:13:42','2023-12-08 09:13:42'),(62,'footer_background_color','[\"#FFFFFF\"]',9,'Botble\\Page\\Models\\Page','2023-12-08 09:13:42','2023-12-08 09:13:42'),(63,'footer_text_color','[\"#ffffff\"]',9,'Botble\\Page\\Models\\Page','2023-12-08 09:13:42','2023-12-08 09:13:42'),(64,'footer_border_color','[\"#0055FF\"]',9,'Botble\\Page\\Models\\Page','2023-12-08 09:13:42','2023-12-08 09:13:42'),(65,'footer_text_muted_color','[\"#96A1B8\"]',9,'Botble\\Page\\Models\\Page','2023-12-08 09:13:42','2023-12-08 09:13:42'),(66,'footer_background_image','[\"backgrounds\\/bg-footer-dark.png\"]',9,'Botble\\Page\\Models\\Page','2023-12-08 09:13:42','2023-12-08 09:13:42'),(67,'pre_footer_sidebar_style','[\"none\"]',10,'Botble\\Page\\Models\\Page','2023-12-08 09:13:42','2023-12-08 09:13:42'),(68,'header_style','[\"style-3\"]',10,'Botble\\Page\\Models\\Page','2023-12-08 09:13:42','2023-12-08 09:13:42'),(69,'header_top_sidebar_style','[\"style-2\"]',10,'Botble\\Page\\Models\\Page','2023-12-08 09:13:42','2023-12-08 09:13:42'),(70,'header_style','[\"style-3\"]',11,'Botble\\Page\\Models\\Page','2023-12-08 09:13:42','2023-12-08 09:13:42'),(71,'header_top_sidebar_style','[\"style-2\"]',11,'Botble\\Page\\Models\\Page','2023-12-08 09:13:42','2023-12-08 09:13:42'),(72,'header_style','[\"style-3\"]',12,'Botble\\Page\\Models\\Page','2023-12-08 09:13:42','2023-12-08 09:13:42'),(73,'header_top_sidebar_style','[\"style-2\"]',12,'Botble\\Page\\Models\\Page','2023-12-08 09:13:42','2023-12-08 09:13:42'),(74,'header_style','[\"style-3\"]',13,'Botble\\Page\\Models\\Page','2023-12-08 09:13:42','2023-12-08 09:13:42'),(75,'header_top_sidebar_style','[\"style-2\"]',13,'Botble\\Page\\Models\\Page','2023-12-08 09:13:42','2023-12-08 09:13:42'),(76,'header_style','[\"style-3\"]',14,'Botble\\Page\\Models\\Page','2023-12-08 09:13:42','2023-12-08 09:13:42'),(77,'header_top_sidebar_style','[\"style-2\"]',14,'Botble\\Page\\Models\\Page','2023-12-08 09:13:42','2023-12-08 09:13:42'),(78,'header_style','[\"style-3\"]',15,'Botble\\Page\\Models\\Page','2023-12-08 09:13:42','2023-12-08 09:13:42'),(79,'header_top_sidebar_style','[\"style-2\"]',15,'Botble\\Page\\Models\\Page','2023-12-08 09:13:42','2023-12-08 09:13:42'),(80,'header_style','[\"style-2\"]',16,'Botble\\Page\\Models\\Page','2023-12-08 09:13:42','2023-12-08 09:13:42'),(81,'header_style','[\"style-2\"]',17,'Botble\\Page\\Models\\Page','2023-12-08 09:13:42','2023-12-08 09:13:42'),(82,'header_style','[\"style-2\"]',18,'Botble\\Page\\Models\\Page','2023-12-08 09:13:42','2023-12-08 09:13:42'),(83,'header_style','[\"style-3\"]',19,'Botble\\Page\\Models\\Page','2023-12-08 09:13:42','2023-12-08 09:13:42'),(84,'header_top_sidebar_style','[\"style-2\"]',19,'Botble\\Page\\Models\\Page','2023-12-08 09:13:42','2023-12-08 09:13:42'),(85,'pre_footer_sidebar_style','[\"none\"]',20,'Botble\\Page\\Models\\Page','2023-12-08 09:13:42','2023-12-08 09:13:42'),(86,'header_style','[\"style-3\"]',20,'Botble\\Page\\Models\\Page','2023-12-08 09:13:42','2023-12-08 09:13:42'),(87,'header_top_sidebar_style','[\"style-2\"]',20,'Botble\\Page\\Models\\Page','2023-12-08 09:13:42','2023-12-08 09:13:42'),(88,'header_style','[\"style-2\"]',21,'Botble\\Page\\Models\\Page','2023-12-08 09:13:42','2023-12-08 09:13:42'),(89,'header_style','[\"style-2\"]',22,'Botble\\Page\\Models\\Page','2023-12-08 09:13:42','2023-12-08 09:13:42'),(90,'header_style','[\"style-2\"]',23,'Botble\\Page\\Models\\Page','2023-12-08 09:13:42','2023-12-08 09:13:42'),(91,'header_style','[\"style-2\"]',24,'Botble\\Page\\Models\\Page','2023-12-08 09:13:42','2023-12-08 09:13:42'),(92,'header_style','[\"style-2\"]',25,'Botble\\Page\\Models\\Page','2023-12-08 09:13:42','2023-12-08 09:13:42'),(93,'header_style','[\"style-2\"]',26,'Botble\\Page\\Models\\Page','2023-12-08 09:13:42','2023-12-08 09:13:42'),(94,'header_style','[\"style-2\"]',27,'Botble\\Page\\Models\\Page','2023-12-08 09:13:42','2023-12-08 09:13:42'),(95,'header_style','[\"style-2\"]',28,'Botble\\Page\\Models\\Page','2023-12-08 09:13:42','2023-12-08 09:13:42'),(96,'header_style','[\"style-2\"]',29,'Botble\\Page\\Models\\Page','2023-12-08 09:13:42','2023-12-08 09:13:42'),(97,'title','[\"Satisfied client testimonial\"]',1,'Botble\\Testimonial\\Models\\Testimonial','2023-12-08 09:13:44','2023-12-08 09:13:44'),(98,'star','[5]',1,'Botble\\Testimonial\\Models\\Testimonial','2023-12-08 09:13:44','2023-12-08 09:13:44'),(99,'title','[\"Impressed Customer\"]',2,'Botble\\Testimonial\\Models\\Testimonial','2023-12-08 09:13:44','2023-12-08 09:13:44'),(100,'star','[5]',2,'Botble\\Testimonial\\Models\\Testimonial','2023-12-08 09:13:44','2023-12-08 09:13:44'),(101,'title','[\"Our success stories\"]',3,'Botble\\Testimonial\\Models\\Testimonial','2023-12-08 09:13:44','2023-12-08 09:13:44'),(102,'star','[5]',3,'Botble\\Testimonial\\Models\\Testimonial','2023-12-08 09:13:44','2023-12-08 09:13:44'),(103,'title','[\"Preferred Partner\"]',4,'Botble\\Testimonial\\Models\\Testimonial','2023-12-08 09:13:44','2023-12-08 09:13:44'),(104,'star','[5]',4,'Botble\\Testimonial\\Models\\Testimonial','2023-12-08 09:13:44','2023-12-08 09:13:44'),(105,'icon','[\"flaticon-briefcase\"]',1,'Botble\\Portfolio\\Models\\ServiceCategory','2023-12-08 09:13:45','2023-12-08 09:13:45'),(106,'icon','[\"flaticon-taxes\"]',2,'Botble\\Portfolio\\Models\\ServiceCategory','2023-12-08 09:13:45','2023-12-08 09:13:45'),(107,'icon','[\"flaticon-layers\"]',3,'Botble\\Portfolio\\Models\\ServiceCategory','2023-12-08 09:13:45','2023-12-08 09:13:45'),(108,'icon','[\"flaticon-investment\"]',4,'Botble\\Portfolio\\Models\\ServiceCategory','2023-12-08 09:13:45','2023-12-08 09:13:45'),(109,'icon','[\"flaticon-briefcase\"]',1,'Botble\\Portfolio\\Models\\Service','2023-12-08 09:13:45','2023-12-08 09:13:45'),(110,'icon','[\"flaticon-taxes\"]',2,'Botble\\Portfolio\\Models\\Service','2023-12-08 09:13:45','2023-12-08 09:13:45'),(111,'icon','[\"flaticon-money\"]',3,'Botble\\Portfolio\\Models\\Service','2023-12-08 09:13:45','2023-12-08 09:13:45'),(112,'icon','[\"flaticon-investment\"]',4,'Botble\\Portfolio\\Models\\Service','2023-12-08 09:13:45','2023-12-08 09:13:45'),(113,'icon','[\"flaticon-data-management\"]',5,'Botble\\Portfolio\\Models\\Service','2023-12-08 09:13:45','2023-12-08 09:13:45'),(114,'icon','[\"flaticon-calculator\"]',6,'Botble\\Portfolio\\Models\\Service','2023-12-08 09:13:45','2023-12-08 09:13:45'),(115,'icon','[\"flaticon-piggy-bank\"]',7,'Botble\\Portfolio\\Models\\Service','2023-12-08 09:13:45','2023-12-08 09:13:45'),(116,'icon','[\"flaticon-layers\"]',8,'Botble\\Portfolio\\Models\\Service','2023-12-08 09:13:45','2023-12-08 09:13:45'),(117,'icon','[\"flaticon-money\"]',9,'Botble\\Portfolio\\Models\\Service','2023-12-08 09:13:45','2023-12-08 09:13:45'),(118,'icon','[\"flaticon-handshake\"]',10,'Botble\\Portfolio\\Models\\Service','2023-12-08 09:13:45','2023-12-08 09:13:45'),(119,'icon','[\"flaticon-development\"]',11,'Botble\\Portfolio\\Models\\Service','2023-12-08 09:13:45','2023-12-08 09:13:45'),(120,'icon','[\"flaticon-business-presentation\"]',12,'Botble\\Portfolio\\Models\\Service','2023-12-08 09:13:45','2023-12-08 09:13:45'),(121,'icon','[\"flaticon-inspiration\"]',13,'Botble\\Portfolio\\Models\\Service','2023-12-08 09:13:45','2023-12-08 09:13:45'),(122,'icon','[\"flaticon-rocket\"]',1,'Botble\\Portfolio\\Models\\Package','2023-12-08 09:13:45','2023-12-08 09:13:45'),(123,'action_label','[\"Get The Plan Now\"]',1,'Botble\\Portfolio\\Models\\Package','2023-12-08 09:13:45','2023-12-08 09:13:45'),(124,'action_url','[\"\\/contact\"]',1,'Botble\\Portfolio\\Models\\Package','2023-12-08 09:13:45','2023-12-08 09:13:45'),(125,'icon','[\"flaticon-inspiration\"]',2,'Botble\\Portfolio\\Models\\Package','2023-12-08 09:13:45','2023-12-08 09:13:45'),(126,'action_label','[\"Get The Plan Now\"]',2,'Botble\\Portfolio\\Models\\Package','2023-12-08 09:13:45','2023-12-08 09:13:45'),(127,'action_url','[\"\\/contact\"]',2,'Botble\\Portfolio\\Models\\Package','2023-12-08 09:13:45','2023-12-08 09:13:45'),(128,'icon','[\"flaticon-briefcase\"]',3,'Botble\\Portfolio\\Models\\Package','2023-12-08 09:13:45','2023-12-08 09:13:45'),(129,'action_label','[\"Get The Plan Now\"]',3,'Botble\\Portfolio\\Models\\Package','2023-12-08 09:13:45','2023-12-08 09:13:45'),(130,'action_url','[\"\\/contact\"]',3,'Botble\\Portfolio\\Models\\Package','2023-12-08 09:13:45','2023-12-08 09:13:45'),(131,'display_name','[\"Rosalina William\"]',1,'Botble\\ACL\\Models\\User','2023-12-08 09:13:45','2023-12-08 09:13:45'),(132,'display_name','[\"Josh De Bryn\"]',2,'Botble\\ACL\\Models\\User','2023-12-08 09:13:45','2023-12-08 09:13:45');

--
-- Table structure for table `migrations`
--

CREATE TABLE `migrations` (
  `id` int unsigned NOT NULL AUTO_INCREMENT,
  `migration` varchar(191) COLLATE utf8mb4_unicode_ci NOT NULL,
  `batch` int NOT NULL,
  PRIMARY KEY (`id`)
) ENGINE=InnoDB AUTO_INCREMENT=68 DEFAULT CHARSET=utf8mb4 COLLATE=utf8mb4_unicode_ci;

--
-- Dumping data for table `migrations`
--

INSERT INTO `migrations` VALUES (1,'2013_04_09_032329_create_base_tables',1),(2,'2013_04_09_062329_create_revisions_table',1),(3,'2014_10_12_000000_create_users_table',1),(4,'2014_10_12_100000_create_password_reset_tokens_table',1),(5,'2016_06_10_230148_create_acl_tables',1),(6,'2016_06_14_230857_create_menus_table',1),(7,'2016_06_28_221418_create_pages_table',1),(8,'2016_10_05_074239_create_setting_table',1),(9,'2016_11_28_032840_create_dashboard_widget_tables',1),(10,'2016_12_16_084601_create_widgets_table',1),(11,'2017_05_09_070343_create_media_tables',1),(12,'2017_11_03_070450_create_slug_table',1),(13,'2019_01_05_053554_create_jobs_table',1),(14,'2019_08_19_000000_create_failed_jobs_table',1),(15,'2019_12_14_000001_create_personal_access_tokens_table',1),(16,'2022_04_20_100851_add_index_to_media_table',1),(17,'2022_04_20_101046_add_index_to_menu_table',1),(18,'2022_07_10_034813_move_lang_folder_to_root',1),(19,'2022_08_04_051940_add_missing_column_expires_at',1),(20,'2022_09_01_000001_create_admin_notifications_tables',1),(21,'2022_10_14_024629_drop_column_is_featured',1),(22,'2022_11_18_063357_add_missing_timestamp_in_table_settings',1),(23,'2022_12_02_093615_update_slug_index_columns',1),(24,'2023_01_30_024431_add_alt_to_media_table',1),(25,'2023_02_16_042611_drop_table_password_resets',1),(26,'2023_04_23_005903_add_column_permissions_to_admin_notifications',1),(27,'2023_05_10_075124_drop_column_id_in_role_users_table',1),(28,'2023_08_21_090810_make_page_content_nullable',1),(29,'2023_09_14_021936_update_index_for_slugs_table',1),(30,'2023_10_22_092312_remove_unused_plugins',1),(31,'2023_12_06_100448_change_random_hash_for_media',1),(32,'2023_12_07_095130_add_color_column_to_media_folders_table',1),(33,'2015_06_29_025744_create_audit_history',2),(34,'2023_11_14_033417_change_request_column_in_table_audit_histories',2),(35,'2015_06_18_033822_create_blog_table',3),(36,'2021_02_16_092633_remove_default_value_for_author_type',3),(37,'2021_12_03_030600_create_blog_translations',3),(38,'2022_04_19_113923_add_index_to_table_posts',3),(39,'2023_08_29_074620_make_column_author_id_nullable',3),(40,'2016_06_17_091537_create_contacts_table',4),(41,'2023_11_10_080225_migrate_contact_blacklist_email_domains_to_core',4),(42,'2018_07_09_221238_create_faq_table',5),(43,'2021_12_03_082134_create_faq_translations',5),(44,'2023_11_17_063408_add_description_column_to_faq_categories_table',5),(45,'2016_10_13_150201_create_galleries_table',6),(46,'2021_12_03_082953_create_gallery_translations',6),(47,'2022_04_30_034048_create_gallery_meta_translations_table',6),(48,'2023_08_29_075308_make_column_user_id_nullable',6),(49,'2016_10_03_032336_create_languages_table',7),(50,'2023_09_14_022423_add_index_for_language_table',7),(51,'2021_10_25_021023_fix-priority-load-for-language-advanced',8),(52,'2021_12_03_075608_create_page_translations',8),(53,'2023_07_06_011444_create_slug_translations_table',8),(54,'2017_10_24_154832_create_newsletter_table',9),(55,'2023_07_25_072632_create_portfolio_tables',10),(56,'2023_09_11_023233_create_pf_custom_fields_table',10),(57,'2023_09_13_042633_add_columns_to_pf_projects_table',10),(58,'2023_09_13_044041_create_pf_project_categories_table',10),(59,'2023_09_22_061723_create_custom_fields_translations_table',10),(60,'2023_09_22_343531_remove_project_categories_table',10),(61,'2023_11_05_081701_fix_projects_table',10),(62,'2022_11_02_092723_team_create_team_table',11),(63,'2023_08_11_094574_update_team_table',11),(64,'2023_11_30_085354_add_missing_description_to_team',11),(65,'2018_07_09_214610_create_testimonial_table',12),(66,'2021_12_03_083642_create_testimonials_translations',12),(67,'2016_10_07_193005_create_translations_table',13);

--
-- Table structure for table `newsletters`
--

CREATE TABLE `newsletters` (
  `id` bigint unsigned NOT NULL AUTO_INCREMENT,
  `email` varchar(120) COLLATE utf8mb4_unicode_ci NOT NULL,
  `name` varchar(120) COLLATE utf8mb4_unicode_ci DEFAULT NULL,
  `status` varchar(60) COLLATE utf8mb4_unicode_ci NOT NULL DEFAULT 'subscribed',
  `created_at` timestamp NULL DEFAULT NULL,
  `updated_at` timestamp NULL DEFAULT NULL,
  PRIMARY KEY (`id`)
) ENGINE=InnoDB DEFAULT CHARSET=utf8mb4 COLLATE=utf8mb4_unicode_ci;

--
-- Dumping data for table `newsletters`
--


--
-- Table structure for table `pages`
--

CREATE TABLE `pages` (
  `id` bigint unsigned NOT NULL AUTO_INCREMENT,
  `name` varchar(120) COLLATE utf8mb4_unicode_ci NOT NULL,
  `content` longtext COLLATE utf8mb4_unicode_ci,
  `user_id` bigint unsigned DEFAULT NULL,
  `image` varchar(255) COLLATE utf8mb4_unicode_ci DEFAULT NULL,
  `template` varchar(60) COLLATE utf8mb4_unicode_ci DEFAULT NULL,
  `description` varchar(400) COLLATE utf8mb4_unicode_ci DEFAULT NULL,
  `status` varchar(60) COLLATE utf8mb4_unicode_ci NOT NULL DEFAULT 'published',
  `created_at` timestamp NULL DEFAULT NULL,
  `updated_at` timestamp NULL DEFAULT NULL,
  PRIMARY KEY (`id`),
  KEY `pages_user_id_index` (`user_id`)
) ENGINE=InnoDB AUTO_INCREMENT=30 DEFAULT CHARSET=utf8mb4 COLLATE=utf8mb4_unicode_ci;

--
-- Dumping data for table `pages`
--

INSERT INTO `pages` VALUES (1,'Home','<div>[hero-banner title=\"Get a Smart Way For Your Business\" subtitle=\"WE ARE EXPERT IN THIS FIELD\" description=\"Agilos Helps You To Convert Your Data Into A Strategic Asset And Get Top-Notch Business Insights.\" button_label=\"Our Services\" button_url=\"/services\" button_play_video_label=\"Watch  The Video\" youtube_url=\"https://www.youtube.com/watch?v=c8aOBRC3tvs\" image=\"general/finance-banner-img.png\" background_image=\"backgrounds/finance-banner-bg.png\" background_image_1=\"backgrounds/banner-shape01.png\" background_image_2=\"backgrounds/banner-shape02.png\" background_image_3=\"backgrounds/banner-shape03.png\" style=\"style-1\"][/hero-banner]</div><div>[featured-service-categories category_ids=\"1,2,3\"][/featured-service-categories]</div><div>[about-us-information title=\" 25 Years Of Experience In This Finance Advisory Company\" subtitle=\"GET TO KNOW US\" description=\"Morem Ipsum Dolor Sit Amet, Consectetur Adipiscing Elita Florai Psum Dolor Sit Amet, Consecteture.Borem Ipsum Dolor Sit Amet, Consectetur Adipiscing Elita Florai Psum.\" founded_year=\"1993\" company_description=\"Of Experience in This Finance Advisory Company.\" quantity=\"4\" title_1=\"100% Better Results\" title_2=\"Suspe Ndisse Suscipit Sagittis\" title_3=\"Promis Specific TimelineI Guarantee\" title_4=\"Review Credit Reports\" sub_description=\"Morem Ipsum Dolor Sit Amet, Consectetur Adipiscing Elita Florai Psum Dolor Sit Amet, Consecteture\" author_name=\"Mark Stranger,CEO, Gerow Finance\" author_bio=\"CEO, Gerow Finance\" author_avatar=\"general/about-author.png\" author_signature=\"general/signature.png\" image=\"general/about-img01.png\" image_1=\"general/about-img02.png\" background_image_1=\"backgrounds/about-shape01.png\" background_image_2=\"backgrounds/about-shape02.png\" background_image_3=\"backgrounds/about-shape03.png\"][/about-us-information]</div><div>[brands quantity=\"5\" name_1=\"Zelus\" image_1=\"brands/brand-img04.png\" link_1=\"https://zelus.com\" name_2=\"The bird\" image_2=\"brands/brand-img05.png\" link_2=\"https://thebird.com\" name_3=\"Nature Wave\" image_3=\"brands/brand-img03.png\" link_3=\"https://naturewave.com\" name_4=\"Start\" image_4=\"brands/brand-img01.png\" link_4=\"https://start.com\" name_5=\"Finance\" image_5=\"brands/brand-img02.png\" link_5=\"https://finance.com\"][/brands]</div><br></br><br></br><br></br><div>[featured-services title=\"We can inspire and Offer Different Services\" subtitle=\"WHAT WE DO FOR YOU\" service_ids=\"1,2,3,4\" button_label=\"See All Services\" button_url=\"/services\" background_image=\"backgrounds/services-bg02.png\"][/featured-services]</div><div>[company-overview title=\"Plan your business strategy with Our Experts\" subtitle=\"COMPANY OVERVIEW\" description=\"Morem Ipsum Dolor Sit Amet, Consectetur Adipiscing Elita Florai Psum Dolor Sit Amet, Consecteture.Borem Ipsum Dolor Sit Amet, Consectetur Adipiscing Elita Florai Psum. Morem Ipsum Dolor Sit Amet, Consectetur Adipiscing Elita Florai Psum Dolor Sit Amet, Consecteture.Borem.\" image=\"general/overview-img01.png\" image_1=\"backgrounds/overview-img02.png\" background_image=\"backgrounds/overview-shape.png\" background_image_1=\"backgrounds/overview-img-shape.png\" quantity=\"2\" title_1=\"Best Award\" logo_1=\"flaticon-trophy\" data_1=\"235\" unit_1=\"+\" title_2=\"Happy Clients\" logo_2=\"flaticon-rating\" data_2=\"98\" unit_2=\"K\" style=\"style-1\"][/company-overview]</div><div>[intro-video title=\"We’ll Ensure You Always Get the Best Guidance.\" description=\"Morem Ipsum Dolor Sit Amet, Consectetur Adipiscing Elita Florai Psum Dolor Sit Amet, Consecteture.Borem.\" button_label=\"Watch Video\" youtube_video_url=\"https://www.youtube.com/watch?v=c8aOBRC3tvs\" background_image=\"general/choose-bg.png\" background_image_1=\"backgrounds/choose-shape.png\" box_title=\"Smart & Great Finance For you Solutions\" box_subtitle=\"WHY WE ARE THE BEST\" box_description=\"Morem Ipsum Dolor Sit Amet Consectedipiscing Elita Florai Psum Dolor Sit Amonsectet Borem Ipsum Consectetur.\" quantity=\"3\" title_1=\"Consulting\" percent_1=\"85\" title_2=\"Investment\" percent_2=\"76\" title_3=\"Business\" percent_3=\"90\"][/intro-video]</div><br></br><br></br><br></br><div>[featured-projects title=\"Our recently completed projects list\" subtitle=\"COMPLETE PROJECTS\" description=\"Ever Find Yourself Staring At Your Computer Screen A Good Consulting Slogan To Come To Mind? Oftentimes.\" background_image=\"backgrounds/project-bg02.png\" project_ids=\"1,2,3\"][/featured-projects]</div><br></br><br></br><br></br><div>[contact-block title=\"Let’s Request a Schedule For Free Consultation\" hotline=\"1238989444\" subtitle=\"Call For More Info\" button_label=\"Contact Us\" button_url=\"/contact\" background_image=\"backgrounds/cta-bg.png\"][/contact-block]</div><div>[teams title=\"Our Dedicated Team Members\" subtitle=\"EXPERT PEOPLE\" description=\"Ever Find Yourself Staring At Your Computer Screen A Good Consulting Slogan To Come To Mind? Oftentimes.\" background_image=\"/backgrounds/team-shape.png\" quantity=\"4\" team_id_1=\"1\" image_1=\"teams/1-1.png\" team_id_2=\"2\" image_2=\"teams/1-2.png\" team_id_3=\"3\" image_3=\"teams/1-3.png\" team_id_4=\"4\" image_4=\"teams/1-4.png\" team_id_5=\"1\" team_id_6=\"1\" style=\"style-1\"][/teams]</div><div>[testimonials title=\"What Customers Say’s About Our Gerow Services\" subtitle=\"OUR TESTIMONIALS\"  testimonial_ids=\"1,2,3,4\" background_image=\"backgrounds/testimonial-bg.png\"][/testimonials]</div><div>[pricing title=\"We’ve offered the best pricing for you\" subtitle=\"FLEXIBLE PRICING PLAN\" description=\"Ever Find Yourself Staring At Your Computer Screen A Good Consulting Slogan To Come To Mind? Oftentimes.\" package_ids=\"1,2,3\" background_image=\"backgrounds/pricing-shape.png\"][/pricing]</div><div>[news title=\"Read Our Latest Updates\" subtitle=\"NEWS & BLOGS\" description=\"Ever Find Yourself Staring At Your Computer Screen A Good Consulting Slogan To Come To Mind? Oftentimes.\" type=\"featured\" limit=\"3\" background_image=\"backgrounds/blog-bg-1.png\" style=\"style-1\" post_style=\"style-1\"][/news]</div>',2,NULL,'homepage',NULL,'published','2023-12-08 09:13:42','2023-12-08 09:13:42'),(2,'Consulting','<div>[hero-banner title=\"Need Business Consultation Today\" description=\"Agilos Helps You To Convert Your Data Into A Strategic Asset And Get Top-Notch Business Insights.\" image=\"galleries/5.png\" image_1=\"backgrounds/consulting-banner-img02.png\" image_2=\"general/consulting-banner-img03.png\" background_image_1=\"backgrounds/consulting-banner-shape01.png\" background_image_2=\"backgrounds/about-shape01.png\" style=\"style-2\"][/hero-banner]</div><div>[brands title=\"Trusted by 10,000+ companies around the world\" quantity=\"5\" name_1=\"Zelus\" image_1=\"brands/brand-img04.png\" link_1=\"https://zelus.com\" name_2=\"The bird\" image_2=\"brands/brand-img05.png\" link_2=\"https://thebird.com\" name_3=\"Nature Wave\" image_3=\"brands/brand-img03.png\" link_3=\"https://naturewave.com\" name_4=\"Start\" image_4=\"brands/brand-img01.png\" link_4=\"https://start.com\" name_5=\"Finance\" image_5=\"brands/brand-img02.png\" link_5=\"https://finance.com\" style=\"style-2\"][/brands]</div><div>[featured-service-categories title=\"The features that make our Service unique\" subtitle=\"WHAT WE DO FOR YOU\" category_ids=\"1,2,3,4\" style=\"style-2\"][/featured-service-categories]</div><div>[about-us-information title=\"We are the next gen Business experience\" subtitle=\"GET TO KNOW US\" description=\"With Over 25 Years Of Experience, We Have Crafted Thousands Of Strategic Discovery Process That Enables Us To Peel Back Which Enable Us To Understand.\" quantity=\"2\" title_1=\"Business Growth\" description_1=\"Eiusmod Temporincididunt Ut Labore Magna Aliqua Quisery.\" icon_1=\"flaticon-profit\" title_2=\"Target Audience\" description_2=\"Eiusmod Temporincididunt Ut Labore Magna Aliqua Quisery.\" icon_2=\"flaticon-mission\" image=\"galleries/1.png\" image_1=\"backgrounds/consulting-about-img02.png\" background_image_1=\"backgrounds/mask-img.png\" background_image_2=\"backgrounds/consulting-about-shape01.png\" background_image_3=\"backgrounds/about-shape01.png\" background_image_4=\"backgrounds/consulting-about-shape03.png\" style=\"style-2\"][/about-us-information]</div><div>[company-overview title=\"We Prepare An Effective Strategy For Companies\" subtitle=\"COMPANY OVERVIEW\" description=\"Morem Ipsum Dolor Sit Amet, Consectetur Adipiscing Elita Florai Psum Dolor Sit Amet, Consecteture.\" image=\"galleries/3.png\" image_1=\"backgrounds/overview-img04.png\" background_image=\"backgrounds/mask-img02.png\" background_image_1=\"backgrounds/overview-shape01.png\" background_image_2=\"backgrounds/overview-shape02.png\" quantity=\"3\" title_1=\"Consulting\" data_1=\"85\" title_2=\"Investment\" data_2=\"76\" title_3=\"Investment\" data_3=\"90\" style=\"style-2\"][/company-overview]</div><div>[site-statistics quantity=\"4\" title_1=\"Success Rate\" data_1=\"95\" unit_1=\"%\" title_2=\"Complete Projects\" data_2=\"55\" unit_2=\"K\" title_3=\"Satisfied Clients\" data_3=\"25\" unit_3=\"K\" title_4=\"Trade In The World\" data_4=\"15\" unit_4=\"K\"][/site-statistics]</div><div>[teams title=\"Dedicated Team Members\" subtitle=\"EXPERT PEOPLE\" description=\"Ever Find Yourself Staring At Your Computer Screen A Good Consulting Slogan To Come To Mind? Oftentimes.\" quantity=\"4\" team_id_1=\"1\" image_1=\"teams/2-1.png\" team_id_2=\"2\" image_2=\"teams/2-2.png\" team_id_3=\"3\" image_3=\"teams/2-3.png\" team_id_4=\"4\" image_4=\"teams/2-4.png\" team_id_5=\"1\" team_id_6=\"1\" style=\"style-2\"][/teams]</div><div>[testimonials  testimonial_ids=\"1,2,3,4\" image=\"general/testimonial-img.png\" background_image=\"backgrounds/testimonial-bg1.png\" style=\"style-2\"][/testimonials]</div><div>[contact-block title=\"Let’s Request a Schedule For Free Consultation\" hotline=\"1238989444\" subtitle=\"Call For More Info\" button_label=\"Contact Us\" button_url=\"/contact\" background_image=\"backgrounds/cta-bg02.png\" style=\"style-2\"][/contact-block]</div><div>[news title=\"Read Our Latest Updates\" subtitle=\"NEWS & BLOGS\" description=\"Ever Find Yourself Staring At Your Computer Screen A Good Consulting Slogan To Come To Mind? Oftentimes.\" type=\"featured\" limit=\"3\" post_style=\"style-2\"][/news]</div>',2,NULL,'homepage',NULL,'published','2023-12-08 09:13:42','2023-12-08 09:13:42'),(3,'Insurance','<div>[hero-banner title=\"Enjoy Life With Safety Insurance\" subtitle=\"INSURANCE AGENCY\" description=\"Agilos Helps You To Convert Your Data Into Rategic Asset Emand Get Top-Notch Business Insights.\" button_label=\"Discover More\" button_url=\"/contact\" image=\"general/insurance-banner-img.png\" background_image=\"backgrounds/insurance-banner-bg.png\" background_image_1=\"backgrounds/about-shape01.png\" background_image_2=\"backgrounds/insurance-banner-shape02.png\" background_image_3=\"backgrounds/insurance-banner-shape03.png\" style=\"style-3\"][/hero-banner]</div><div>[featured-service-categories category_ids=\"1,2,3\" style=\"style-3\"][/featured-service-categories]</div><div>[about-us-information title=\"Today, any health insurance deductible can feel like\" subtitle=\"INSURANCE AGENCY\" description=\"When An Unknown Printer Took A Galley Of Type And Scrambled It To Make A Type Specimen Book. It Has Survived Not Only Five Centuries, But Also The Leap Into Electronic.\" founded_year=\"2015\" company_description=\"Years Of Experience\" quantity=\"6\" title_1=\"100% Better Results\" title_2=\"Suspe Ndisse Suscipit Sagittis\" title_3=\"Promis TimelineI Guarantee\" title_4=\"Review Credit Reports\" title_5=\"Insured Customers\" icon_5=\"flaticon-trophy.png\" data_5=\"63\" unit_5=\"%\" title_6=\"Satisfied Award\" icon_6=\"flaticon-family.png\" data_6=\"95\" unit_6=\"%\" image=\"galleries/4.png\" image_1=\"general/about-img04.png\" style=\"style-3\"][/about-us-information]</div><div>[featured-services title=\"We can inspire and Offer Different Services\" subtitle=\"WHAT WE DO FOR YOU\" service_ids=\"1,2,3,4\" button_label=\"See All Services\" button_url=\"/services\" background_image=\"backgrounds/about-shape03.png\" style=\"style-3\"][/featured-services]</div><div>[why-choose-us title=\"We’ll Ensure You Always Get the Best Guidance.\" subtitle=\"WHY CHOOSE US\" description=\"Morem Ipsum Dolor Sit Amet, Consectetur Adipiscing Elita Florai Psum Dolor Sit Amet, Consecteture.Borem.\" image=\"general/choose-img.png\" background_image_1=\"backgrounds/choose-img-shape01.png\" background_image_2=\"backgrounds/choose-img-shape02.png\" background_image_3=\"backgrounds/choose-shape.png\" background_color=\"#001641\" quantity=\"3\" title_1=\"Business Growth\" data_1=\"55\" unit_1=\"%\" title_2=\"Trusted Clients\" data_2=\"80\" unit_2=\"%\" title_3=\"Complete Insurance\" data_3=\"98\" unit_3=\"%\"][/why-choose-us]</div><div>[contact-block title=\"Let’s Request a Schedule For Free Consultation\" hotline=\"1238989444\" subtitle=\"Call For More Info\" button_label=\"Contact Us\" button_url=\"/contact\" background_image=\"backgrounds/cta-bg03.png\" style=\"style-3\"][/contact-block]</div><div>[request-quote title=\"Get an insurance quote From Our Expertise\" subtitle=\"GET A FREE ESTIMATE\" image=\"general/estimate-img.png\" background_image=\"backgrounds/about-shape03.png\"][/request-quote]</div><div>[teams title=\"Dedicated Team Members\" subtitle=\"EXPERT PEOPLE\" description=\"Ever Find Yourself Staring At Your Computer Screen A Good Consulting Slogan To Come To Mind? Oftentimes.\" quantity=\"4\" team_id_1=\"1\" image_1=\"teams/3-1.png\" team_id_2=\"2\" image_2=\"teams/3-2.png\" team_id_3=\"3\" image_3=\"teams/3-3.png\" team_id_4=\"4\" image_4=\"teams/3-4.png\" team_id_5=\"1\" team_id_6=\"1\" style=\"style-3\"][/teams]</div><div>[pricing title=\"We’ve offered the best pricing for you\" subtitle=\"FLEXIBLE PRICING PLAN\" description=\"Ever Find Yourself Staring At Your Computer Screen A Good Consulting Slogan To Come To Mind? Oftentimes.\" package_ids=\"1,2,3\" background_image=\"backgrounds/pricing-shape.png\" style=\"style-2\"][/pricing]</div><div>[news title=\"Read Our Latest Updates\" subtitle=\"NEWS & BLOGS\" description=\"Ever Find Yourself Staring At Your Computer Screen A Good Consulting Slogan To Come To Mind? Oftentimes.\" type=\"featured\" limit=\"3\" post_style=\"style-2\"][/news]</div>',2,NULL,'homepage',NULL,'published','2023-12-08 09:13:42','2023-12-08 09:13:42'),(4,'Digital Agency','<div>[hero-banner title=\"Get Digital Products For your Business\" highlight_text=\"Products\" description=\"When An Unknown Printer Took A Galley Type And Scramble Make A Type Specimen Book. It Has Survived Not Only Five Centuries But Also Leap.\" button_label=\"Our Services\" button_url=\"/services\" image=\"general/banner-main-img.png\" image_1=\"general/banner-shape01.png\" background_image=\"backgrounds/banner-shape02.png\" background_image_1=\"backgrounds/banner-shape05.png\" style=\"style-4\"][/hero-banner]</div><br></br><br></br><br></br><div>[brands quantity=\"5\" name_1=\"Zelus\" image_1=\"brands/brand-img04.png\" link_1=\"https://zelus.com\" name_2=\"The bird\" image_2=\"brands/brand-img05.png\" link_2=\"https://thebird.com\" name_3=\"Nature Wave\" image_3=\"brands/brand-img03.png\" link_3=\"https://naturewave.com\" name_4=\"Start\" image_4=\"brands/brand-img01.png\" link_4=\"https://start.com\" name_5=\"Finance\" image_5=\"brands/brand-img02.png\" link_5=\"https://finance.com\" style=\"style-1\"][/brands]</div><div>[services-list title=\"Provide Best Services\" badge=\"OUR EXPERTISE\" description=\"Morem Ipsum Dolor Sit Amet Consectetur Adipiscingelita Florai PsumBoremipsum Dolor Sit Amet.\" background_color=\"#FFFFFF\" service_ids=\"1,2,4\" style=\"style-5\"][/services-list]</div><div>[about-us-information title=\"We’re The Best Digital Marketing Company\" subtitle=\"INSURANCE AGENCY\" description=\"When An Unknown Printer Took A Galley Of Type And Scrambled It Ake A Type Specimen Book. When An Unknown Printer Took A Galley Of Type And Scrambled It Ake.\" button_label=\"Take our Service\" button_url=\"/services\" quantity=\"4\" title_1=\"100% Better Results\" title_2=\"Promis TimelineI\" title_3=\"Ndisse Suscipit Sagittis\" title_4=\"Review Credit Reports\" image=\"general/about-img.png\" image_1=\"backgrounds/about-shape01.png\" background_image_1=\"backgrounds/about-shape02.png\" style=\"style-5\"][/about-us-information]</div><div>[site-statistics quantity=\"6\" title_1=\"Best Awards\" icon_1=\"flaticon-trophy\" data_1=\"25\" unit_1=\"K\" title_2=\"Happy Clients\" icon_2=\"flaticon-rating\" data_2=\"223\" unit_2=\"K\" title_3=\"Projects Done\" icon_3=\"flaticon-folder-1\" data_3=\"98\" unit_3=\"K\" title_4=\"Expert People\" icon_4=\"flaticon-round-table\" data_4=\"22\" unit_4=\"K\" style=\"style-2\"][/site-statistics]</div><div>[teams title=\"Experience Team Members\" subtitle=\"MEET OUR TEAM\" description=\"Ever Find Yourself Staring At Your Computer Screen A Good Consulting Slogan To Come To Minddestmentor Area\" quantity=\"4\" team_id_1=\"1\" image_1=\"teams/4-1.png\" team_id_2=\"2\" image_2=\"teams/4-2.png\" team_id_3=\"3\" image_3=\"teams/4-3.png\" team_id_4=\"4\" image_4=\"teams/4-4.png\" team_id_5=\"1\" team_id_6=\"1\" style=\"style-5\"][/teams]</div><br></br><br></br><br></br><div>[featured-projects title=\"We’ve Done Lot’s Of Work, Let’s Check Some From Here\" subtitle=\"CASE STUDIES\" button_label=\"See All Projects\" button_url=\"/projects\" project_ids=\"5,6,7,8,9\" style=\"style-2\"][/featured-projects]</div><br></br><br></br><br></br><div>[contact-block title=\"Let’s Request a Schedule For Free Consultation\" hotline=\"1238989444\" subtitle=\"Call For More Info\" button_label=\"Contact Us\" button_url=\"/contact\" background_image=\"backgrounds/cta-bg02.png\" style=\"style-2\"][/contact-block]</div><div>[testimonials title=\"What our awesome customers say\" subtitle=\"What our awesome customers say\" testimonial_ids=\"1,2,3,4\" image=\"general/testimonial-img03.png\" background_image=\"backgrounds/about-shape06.png\" background_image_1=\"backgrounds/banner-shape02.png\" background_image_2=\"icons/testimonial-shape04.png\" background_image_3=\"icons/quote.png\" style=\"style-5\"][/testimonials]</div><div>[news title=\"Read Our Latest Updates\" subtitle=\"NEWS & BLOGS\" description=\"Ever Find Yourself Staring At Your Computer Screen A Good Consulting Slogan To Come To Mind? Oftentimes.\" type=\"featured\" limit=\"3\" post_style=\"style-4\"][/news]</div>',2,NULL,'homepage',NULL,'published','2023-12-08 09:13:42','2023-12-08 09:13:42'),(5,'Business','<div>[hero-banner-slider title_1=\"Grow Your Business More Efficiently\" title_2=\"Grow Your Start Up Now\" subtitle_1=\"We Are Expert In This Field\" subtitle_2=\"We Are Gerow\" description_1=\"Agilos helps you to convert your data into a strategic asset and get top-notch business insights.\" description_2=\"Gerow helps you to convert your data into a strategic asset and get top-notch business insights.\" button_label_1=\"Our Services\" button_url_1=\"/services-one\" button_label_2=\"Contact Us\" button_url_2=\"/contact\" image_1=\"sliders/banner-bg.jpg\" background_image_1=\"backgrounds/banner-shape.png\" image_2=\"sliders/banner-bg02.jpg\" background_image_2=\"backgrounds/banner-shape.png\"][/hero-banner-slider]</div><div>[company-overview title=\"Changing The Way To Do Best Business Solutions\" subtitle=\"WHAT WE ARE DOING\" description=\"Revolutionizing the Business Landscape: A Journey Towards Unprecedented Success and Sustainable Growth Through Innovative Solutions and Visionary Leadership.\" image=\"general/about-img01.png\" background_image=\"backgrounds/about-bg.jpg\" background_image_1=\"backgrounds/about-img-shape01.png\" background_image_2=\"backgrounds/about-shape02.png\" quantity=\"2\" title_1=\"Growing Business\" description_1=\"Finance Helps You To Convert Into A Strategic Asset Get.\" title_2=\"Finance Investment\" description_2=\"Finance Helps You To Convert Into A Strategic Asset Get\" style=\"style-6\"][/company-overview]</div><div>[featured-service-categories category_ids=\"1,2,3\" style=\"style-5\"][/featured-service-categories]</div><div>[about-us-information title=\"Building Your Own Startup Has Been Simpler\" subtitle=\"Who We are\" description=\"Transforming the Business Landscape: Leading a New Era of Excellence, Innovation, and Sustainability in Solutions and Leadership for Unprecedented Success and Global Impact.\" button_label=\"Get Started With Us\" button_url=\"/contact\" quantity=\"6\" title_1=\"100% Better results\" title_2=\"Valuable Ideas\" title_3=\"Budget Friendly Theme\" title_4=\"Happy Customers\" title_5=\"Total revenue in 1 year\" data_5=\"+150,000\" title_6=\"Increase in sales\" data_6=\"90%\" sub_description=\"Lorem Ipsum Dolor Sit Amet, Consectetur Adipiscing Elita Florai Psum Dolor Sit Amet, Consecteture. Consecteture.Borem Ipsum Dolor Sit Amectetur Adipiscing.\" image=\"general/choose-bg.png\" youtube_url=\"https://www.youtube.com/watch?v=j4dPPWKsxFs\" button_play_video_icon=\"fa fa-play\" image_1=\"general/breadcrumb-bg.png\" background_image=\"backgrounds/finance-banner-bg.png\" background_image_1=\"backgrounds/about-shape02.png\" background_image_2=\"backgrounds/about-shape04.png\" style=\"style-8\"][/about-us-information]</div><div>[featured-services title=&quot;Spotlight Some Most &lt;br&gt; Important Features We Have&quot; subtitle=&quot;Our Dedicated Services&quot; description=&quot;Unveiling Our Remarkable Features: Shining a Spotlight on the Cornerstones That Define Our Distinctiveness and Excellence.&quot; service_ids=&quot;1,2,3,4&quot; background_image=&quot;backgrounds/services-bg.jpg&quot; style=&quot;style-4&quot;][/featured-services]</div><div>[site-statistics background_image=\"backgrounds/counter-bg.jpg\" background_image_1=\"backgrounds/counter-shape01.png\" background_image_2=\"backgrounds/counter-shape01.png\" quantity=\"4\" title_1=\"Success Rate\" data_1=\"95\" unit_1=\"%\" title_2=\"Complete Projects\" data_2=\"55\" unit_2=\"K\" title_3=\"Satisfied Clients\" data_3=\"25\" unit_3=\"K\" title_4=\"Trade In The World\" data_4=\"12\" unit_4=\"K\" style=\"style-4\"][/site-statistics]</div><br></br><br></br><br></br><div>[featured-projects title=\"Keep Your Business Safe & Ensure High Availability.\" subtitle=\"COMPLETE PROJECTS\" description=\"Ever Find Yourself Staring At Your Computer Screen A Good Consulting Slogan To Come To Mind? Oftentimes.\" background_image=\"backgrounds/project-bg.jpg\" project_ids=\"1,2,3,4\" style=\"style-3\"][/featured-projects]</div><br></br><br></br><br></br><div>[featured-specialty title=\"Keep Your Business Safe & Ensure High Availability.\" subtitle=\"OUR SERVICE BENIFITS\" description=\"Ever Find Yourself Staring At Your Computer S Good Consulting Slogan To Come To Mind? Oftentimes.\" image=\"projects/4.png\" image_1=\"backgrounds/overview-img02.png\" background_image=\"backgrounds/faq-shape01.png\" background_image_1=\"backgrounds/faq-shape02.png\" background_image_2=\"backgrounds/banner-shape02.png\" background_color=\"#00194C\" quantity=\"3\" title_1=\"Interdum et malesuada fames ac ante ipsum\" description_1=\"Ever Find Yourself Staring At Your Computer Screen A Good Consulting Slogan To Coind Yourself Sta Your Computer Screen A Good Consulting Slogan.\" title_2=\"Interdum et malesuada ante ipsum\" description_2=\"Ever Find Yourself Staring At Your Computer Screen A Good Consulting Slogan To Coind Yourself Sta Your Computer Screen A Good Consulting Slogan.\" title_3=\"Ente ipsumerdum et malesuada fames\" description_3=\"Ever Find Yourself Staring At Your Computer Screen A Good Consulting Slogan To Coind Yourself Sta Your Computer Screen A Good Consulting Slogan.\" style=\"style-2\"][/featured-specialty]</div><div>[contact-block title=\"Let’s Request a Schedule For Free Consultation\" hotline=\"1238989444\" subtitle=\"Call For More Info\" button_label=\"Contact Us\" button_url=\"/contact\" background_image=\"backgrounds/cta-bg02.png\" style=\"style-2\"][/contact-block]</div><div>[teams title=\"Meet Our Dedicated Team\" subtitle=\"SKILLED TEAM MEMBERS\" description=\"Ever Find Yourself Staring At Your Computer Screen A Good Consulting Slogan To Come To Mind? Oftentimes.\" background_image=\"backgrounds/team-bg.png\" quantity=\"4\" team_id_1=\"1\" image_1=\"teams/5-1.png\" team_id_2=\"2\" image_2=\"teams/5-2.png\" team_id_3=\"3\" image_3=\"teams/5-3.png\" team_id_4=\"4\" image_4=\"teams/5-4.png\" style=\"style-4\"][/teams]</div><div>[testimonials  testimonial_ids=\"1,2,3,4\" image=\"general/testimonial-img01.png\" background_image=\"backgrounds/testimonial-bg.png\" background_image_1=\"icons/quote.png\" box_title=\"15K\" box_image=\"icons/rating.png\" box_description=\"Positive Review\" style=\"style-4\"][/testimonials]</div><div>[pricing title=\"We’ve offered the best pricing for you\" subtitle=\"FLEXIBLE PRICING PLAN\" description=\"Ever Find Yourself Staring At Your Computer Screen A Good Consulting Slogan To Come To Mind? Oftentimes.\" package_ids=\"1,2,3\" background_image=\"backgrounds/pricing-shape.png\" style=\"style-3\"][/pricing]</div><div>[contact-form title=\"We Are Connected To Help Your Business!\" subtitle=\"GET IN TOUCH\" description=\"Ever Find Yourself Staring At Your Computer Screen A Good Consulting Slogan To Come To Mind? Oftentimes.\" button_label=\"SUBMIT NOW\" background_image=\"backgrounds/contact-bg.jpg\" background_image_1=\"backgrounds/contact-shape.png\"][/contact-form]</div><div>[news title=\"Read Our Latest Updates\" subtitle=\"NEWS & BLOGS\" description=\"Ever Find Yourself Staring At Your Computer Screen A Good Consulting Slogan To Come To Mind? Oftentimes.\" type=\"featured\" limit=\"3\" style=\"style-2\" post_style=\"style-5\"][/news]</div><div>[brands title=\"Trusted by 10,000+ companies around the world\" quantity=\"5\" name_1=\"Zelus\" image_1=\"brands/brand-img04.png\" link_1=\"https://zelus.com\" name_2=\"The bird\" image_2=\"brands/brand-img05.png\" link_2=\"https://thebird.com\" name_3=\"Nature Wave\" image_3=\"brands/brand-img03.png\" link_3=\"https://naturewave.com\" name_4=\"Start\" image_4=\"brands/brand-img01.png\" link_4=\"https://start.com\" name_5=\"Finance\" image_5=\"brands/brand-img02.png\" link_5=\"https://finance.com\" style=\"style-3\"][/brands]</div>',2,NULL,'homepage',NULL,'published','2023-12-08 09:13:42','2023-12-08 09:13:42'),(6,'About','<div>[about-us-information title=\"Innovative Business Solutions For Success Company\" subtitle=\"WHO WE ARE\" description=\"Morem Ipsum Dolor Sit Amet, Consectetur Adipiscing Elita Florai Psum Dolor Sit Amet Consecteture Borem Ipsum Dolor Sitter Consectetur Adipiscing Elita Florai Psum.\" founded_year=\"2015\" company_description=\"Years Of Experience\" button_label=\"Contact Us\" button_url=\"/contact\" quantity=\"2\" title_1=\"Total Revenue\" data_1=\"152\" unit_1=\"K\" icon_1=\"flaticon-investment\" title_2=\"Increase In Sales\" data_2=\"95\" unit_2=\"%\" icon_2=\"flaticon-profit\" sub_description=\"Morem Ipsum Dolor Sit Amet, Consectetur Adipiscing Elita Florai Psum Dolor Sit Amet, Consecteture. Consecteture.Borem Ipsum Dolor Sit Amectetur Adipiscing.\" image=\"galleries/6.png\" image_1=\"galleries/2.png\" background_image_1=\"backgrounds/about-shape01.png\" style=\"style-4\"][/about-us-information]</div><div>[featured-service-categories title=\"Amazing Features For Business Solutions\" subtitle=\"CORE FEATURES\" category_ids=\"1,2,3\" background_image=\"backgrounds/services-bg02.png\" background_image_1=\"backgrounds/features-shape02.png\" background_image_2=\"backgrounds/features-shape02.png\" style=\"style-4\"][/featured-service-categories]</div><div>[teams title=\"Dedicated Team Members\" subtitle=\"EXPERT PEOPLE\" description=\"Ever Find Yourself Staring At Your Computer Screen A Good Consulting Slogan To Come To Mind? Oftentimes.\" quantity=\"4\" team_id_1=\"1\" image_1=\"teams/2-1.png\" team_id_2=\"2\" image_2=\"teams/2-2.png\" team_id_3=\"3\" image_3=\"teams/2-3.png\" team_id_4=\"4\" image_4=\"teams/2-4.png\" team_id_5=\"1\" team_id_6=\"1\" style=\"style-2\"][/teams]</div><div>[testimonials  testimonial_ids=\"1,2,3,4\" image=\"general/testimonial-img01.png\" background_image=\"backgrounds/testimonial-bg.png\" background_image_1=\"icons/quote.png\" box_title=\"15K\" box_image=\"icons/rating.png\" box_description=\"Positive Review\" style=\"style-4\"][/testimonials]</div><br></br><br></br><br></br><div>[brands quantity=\"5\" name_1=\"Zelus\" image_1=\"brands/brand-img04.png\" link_1=\"https://zelus.com\" name_2=\"The bird\" image_2=\"brands/brand-img05.png\" link_2=\"https://thebird.com\" name_3=\"Nature Wave\" image_3=\"brands/brand-img03.png\" link_3=\"https://naturewave.com\" name_4=\"Start\" image_4=\"brands/brand-img01.png\" link_4=\"https://start.com\" name_5=\"Finance\" image_5=\"brands/brand-img02.png\" link_5=\"https://finance.com\" style=\"style-1\"][/brands]</div><br></br><br></br><br></br>',2,NULL,'page-detail',NULL,'published','2023-12-08 09:13:42','2023-12-08 09:13:42'),(7,'About 2','<div>[company-overview title=\"We Have More Than 20+ Years Of Practical Finance Industries\" subtitle=\"GET TO KNOW MORE\" description=\"Morem Ipsum Dolor Sit Amet Consectetur Adipiscing Elita Florai Psum Dolor Sit Amet Consecteture Borem Ipsum Dolor Sitter Consectetur Adipiscing Elita Florai Rem Ipsum Dolor Sit Amet Consectetu.\" image=\"general/overview-img01.png\" image_1=\"backgrounds/inner-about-img04.png\" button_label=\"Our Services\" button_url=\"/services\" author_name=\"Mark Stranger\" author_bio=\"CEO, Gerow Finance\" author_avatar=\"general/about-author.png\" quantity=\"2\" title_1=\"Growing Business\" description_1=\"Finance Helps You To Convert Into A Strategic Asset Get.\" logo_1=\"flaticon-business-presentation\" title_2=\"Finance Investment\" description_2=\"Finance Helps You To Convert Into A Strategic Asset Get\" logo_2=\"flaticon-investment\" style=\"style-3\"][/company-overview]</div><div>[featured-specialty title=\"Keep Your Business Safe & Ensure High Availability.\" subtitle=\"WHAT SPECIALTY\" description=\"Ever Find Yourself Staring At Your Computer S Good Consulting Slogan To Come To Mind? Oftentimes.\" image=\"general/inner-choose-img.png\" background_color=\"#00194C\" quantity=\"3\" title_1=\"Interdum et malesuada fames ac ante ipsum\" description_1=\"Ever Find Yourself Staring At Your Computer Screen A Good Consulting Slogan To Coind Yourself Sta Your Computer Screen A Good Consulting Slogan.\" title_2=\"Interdum et malesuada ante ipsum\" description_2=\"Ever Find Yourself Staring At Your Computer Screen A Good Consulting Slogan To Coind Yourself Sta Your Computer Screen A Good Consulting Slogan.\" title_3=\"Ente ipsumerdum et malesuada fames\" description_3=\"Ever Find Yourself Staring At Your Computer Screen A Good Consulting Slogan To Coind Yourself Sta Your Computer Screen A Good Consulting Slogan.\"][/featured-specialty]</div><div>[teams title=\"Meet Our Dedicated Team\" subtitle=\"SKILLED TEAM MEMBERS\" description=\"Ever Find Yourself Staring At Your Computer Screen A Good Consulting Slogan To Come To Mind? Oftentimes.\" background_image=\"backgrounds/team-bg.png\" quantity=\"4\" team_id_1=\"1\" image_1=\"teams/5-1.png\" team_id_2=\"2\" image_2=\"teams/5-2.png\" team_id_3=\"3\" image_3=\"teams/5-3.png\" team_id_4=\"4\" image_4=\"teams/5-4.png\" style=\"style-4\"][/teams]</div><div>[testimonials  testimonial_ids=\"1,2,3,4\" image=\"general/testimonial-img.png\" background_image=\"backgrounds/testimonial-bg1.png\" style=\"style-2\"][/testimonials]</div><br></br><br></br><br></br><div>[brands quantity=\"5\" name_1=\"Zelus\" image_1=\"brands/brand-img04.png\" link_1=\"https://zelus.com\" name_2=\"The bird\" image_2=\"brands/brand-img05.png\" link_2=\"https://thebird.com\" name_3=\"Nature Wave\" image_3=\"brands/brand-img03.png\" link_3=\"https://naturewave.com\" name_4=\"Start\" image_4=\"brands/brand-img01.png\" link_4=\"https://start.com\" name_5=\"Finance\" image_5=\"brands/brand-img02.png\" link_5=\"https://finance.com\" style=\"style-1\"][/brands]</div><br></br><br></br><br></br>',2,NULL,'page-detail',NULL,'published','2023-12-08 09:13:42','2023-12-08 09:13:42'),(8,'About 3','<br></br><br></br><br></br><div>[about-us-information title=\"We are the next gen Business experience\" subtitle=\"GET TO KNOW US\" description=\"With Over 25 Years Of Experience, We Have Crafted Thousands Of Strategic Discovery Process That Enables Us To Peel Back Which Enable Us To Understand.\" quantity=\"2\" title_1=\"Business Growth\" description_1=\"Eiusmod Temporincididunt Ut Labore Magna Aliqua Quisery.\" icon_1=\"flaticon-profit\" title_2=\"Target Audience\" description_2=\"Eiusmod Temporincididunt Ut Labore Magna Aliqua Quisery.\" icon_2=\"flaticon-mission\" image=\"galleries/1.png\" image_1=\"backgrounds/consulting-about-img02.png\" background_image_1=\"backgrounds/mask-img.png\" background_image_2=\"backgrounds/consulting-about-shape01.png\" background_image_3=\"backgrounds/about-shape01.png\" background_image_4=\"backgrounds/consulting-about-shape03.png\" style=\"style-2\"][/about-us-information]</div><div>[contact-block title=\"Let’s Request a Schedule For Free Consultation\" hotline=\"1238989444\" subtitle=\"Call For More Info\" button_label=\"Contact Us\" button_url=\"/contact\" background_image=\"backgrounds/cta-bg03.png\" style=\"style-4\"][/contact-block]</div><div>[site-statistics title=\"Consulting is a law firm specializing in corporate finance work\" subtitle=\"TOP FEATURES\" description=\"Advice On Comprehensive Legal Solutions And Legal Planning On All Aspects Of Business, Including: Issues Under Company Law & Exchange Control Regulations\" quantity=\"4\" title_1=\"Best Awards\" icon_1=\"flaticon-trophy\" data_1=\"23\" unit_1=\"K\" title_2=\"Happy Clients\" icon_2=\"flaticon-rating\" data_2=\"223\" unit_2=\"K\" title_3=\"Projects Done\" icon_3=\"flaticon-folder-1\" data_3=\"98\" unit_3=\"K\" title_4=\"Expert People\" icon_4=\"flaticon-round-table\" data_4=\"22\" unit_4=\"K\" background_image=\"backgrounds/overview-shape.png\" style=\"style-3\"][/site-statistics]</div><div>[teams title=\"Dedicated Team Members\" subtitle=\"EXPERT PEOPLE\" description=\"Ever Find Yourself Staring At Your Computer Screen A Good Consulting Slogan To Come To Mind? Oftentimes.\" quantity=\"4\" team_id_1=\"1\" image_1=\"teams/3-1.png\" team_id_2=\"2\" image_2=\"teams/3-2.png\" team_id_3=\"3\" image_3=\"teams/3-3.png\" team_id_4=\"4\" image_4=\"teams/3-4.png\" team_id_5=\"1\" team_id_6=\"1\" style=\"style-3\"][/teams]</div><div>[pricing title=\"We’ve offered the best pricing for you\" subtitle=\"FLEXIBLE PRICING PLAN\" description=\"Ever Find Yourself Staring At Your Computer Screen A Good Consulting Slogan To Come To Mind? Oftentimes.\" package_ids=\"1,2,3\" background_image=\"backgrounds/pricing-shape.png\" style=\"style-2\"][/pricing]</div>',2,NULL,'page-detail',NULL,'published','2023-12-08 09:13:42','2023-12-08 09:13:42'),(9,'About 4','<div>[about-us-information title=\"We are the next gen Business experience\" subtitle=\"GET TO KNOW US\" description=\"With Over 25 Years Of Experience, We Have Crafted Thousands Of Strategic Discovery Process That Enables Us To Peel Back Which Enable Us To Understand. When An Unknown Printer Took A Galley Of Type And Scrambled It To Make A Type Specimen Book. It Has Survived Not Only Five Centurieswhen An Unknown Printer Took A Galley Of Type And Scrambled It To Make Specimen Book\" founded_year=\"2010\" company_description=\"Years Of Experience\" quantity=\"2\" title_1=\"Insured Customers\" icon_1=\"flaticon-family\" data_1=\"63\" unit_1=\"%\" title_2=\"Satisfied Award\" icon_2=\"flaticon-trophy\" data_2=\"95\" unit_2=\"%\" image=\"galleries/4.png\" image_1=\"general/consulting-banner-img03.png\" background_image_1=\"backgrounds/banner-shape02.png\" style=\"style-6\"][/about-us-information]</div><div>[company-overview title=\"Consulting Insurance firm specializing in This Field\" subtitle=\"TOP FEATURES\" description=\"Advice On Comprehensive Legal Solutions And Legal Planning On All Aspects Of Business, Including: Issues Under Company Law & Exchange Control Regulations\" background_image=\"backgrounds/pricing-shape.png\" quantity=\"3\" title_1=\"Child Insurance\" data_1=\"55\" title_2=\"Insurance Claim\" data_2=\"76\" title_3=\"Investment\" data_3=\"90\" style=\"style-4\"][/company-overview]</div><div>[teams title=\"Our Dedicated Team Members\" subtitle=\"EXPERT PEOPLE\" description=\"Ever Find Yourself Staring At Your Computer Screen A Good Consulting Slogan To Come To Mind? Oftentimes.\" background_image=\"/backgrounds/team-shape.png\" quantity=\"4\" team_id_1=\"1\" image_1=\"teams/1-1.png\" team_id_2=\"2\" image_2=\"teams/1-2.png\" team_id_3=\"3\" image_3=\"teams/1-3.png\" team_id_4=\"4\" image_4=\"teams/1-4.png\" team_id_5=\"1\" team_id_6=\"1\" style=\"style-1\"][/teams]</div>',2,NULL,'page-detail',NULL,'published','2023-12-08 09:13:42','2023-12-08 09:13:42'),(10,'About 5','<div>[about-us-information title=\"Best Digital Solution Provider Agency\" subtitle=\"WHO WE ARE\" description=\"When An Unknown Printer Took A Galley Of Type And Scrambled It Ake A Type Specimen Book. When An Unknown Printer Took A Galley Of Type And Scrambled It Ake.\" button_label=\"Take Our Service\" button_url=\"/services\" quantity=\"3\" title_1=\"Digital Creative Agency\" title_2=\"Professional Problem Solutions\" title_3=\"Web Design & Development\" image=\"general/inner-about-img05.png\" image_1=\"backgrounds/about-shape07.png\" background_image_1=\"backgrounds/banner-shape02.png\" style=\"style-7\"][/about-us-information]</div><div>[company-overview title=\"Consulting Digital Agency specializing in This Field\" subtitle=\"EXPERTISE AREAS\" description=\"Advice On Comprehensive Legal Solutions And Legal Planning On All Aspects Of Business, Including Issues\" image=\"general/about-img.png\" background_image=\"backgrounds/about-shape08.png\" background_image_1=\"backgrounds/about-shape02.png\" quantity=\"3\" title_1=\"Child Insurance\" data_1=\"55\" title_2=\"Insurance Claim\" data_2=\"76\" title_3=\"Investment\" data_3=\"90\" style=\"style-5\"][/company-overview]</div><div>[contact-block title=\"Let’s Request a Schedule For Free Consultation\" hotline=\"1238989444\" subtitle=\"Call For More Info\" button_label=\"Contact Us\" button_url=\"/contact\" background_image=\"backgrounds/cta-bg03.png\" style=\"style-4\"][/contact-block]</div><br></br><br></br><br></br><div>[teams title=\"Experience Team Members\" subtitle=\"MEET OUR TEAM\" description=\"Ever Find Yourself Staring At Your Computer Screen A Good Consulting Slogan To Come To Minddestmentor Area\" quantity=\"4\" team_id_1=\"1\" image_1=\"teams/4-1.png\" team_id_2=\"2\" image_2=\"teams/4-2.png\" team_id_3=\"3\" image_3=\"teams/4-3.png\" team_id_4=\"4\" image_4=\"teams/4-4.png\" team_id_5=\"1\" team_id_6=\"1\" style=\"style-5\"][/teams]</div><div>[contact-block title=\"Let’s Request A Schedule For Free Consultation\" hotline=\"1238989444\" subtitle=\"Hotline 24/7\" button_label=\"Request a Schedule\" button_url=\"/contact\" background_image=\"backgrounds/request-bg.png\" background_image_1=\"backgrounds/features-shape02.png\" style=\"style-5\"][/contact-block]</div>',2,NULL,'page-detail',NULL,'published','2023-12-08 09:13:42','2023-12-08 09:13:42'),(11,'Services','<div>[services-list title=\"Spotlight some most important features We have\" description=\"Our comprehensive suite of services includes expert Business Analysis, Tax Strategy, and Financial Advice. We partner with you to optimize your financial decisions, ensuring long-term success and prosperity for your business and personal finances.\" background_image=\"backgrounds/inner-services-bg.jpg\" background_color=\"#E0F0F6\" service_ids=\"1,2,3,4,5,6\" style=\"style-1\"][/services-list]</div>',2,NULL,'page-detail',NULL,'published','2023-12-08 09:13:42','2023-12-08 09:13:42'),(12,'Services 2','<div>[services-list title=\"We can inspire and Offer Different Services\" badge=\"WHAT WE DO FOR YOU\" description=\"Our comprehensive suite of services includes expert Business Analysis, Tax Strategy, and Financial Advice. We partner with you to optimize your financial decisions, ensuring long-term success and prosperity for your business and personal finances.\" background_image=\"backgrounds/inner-services-bg.jpg\" background_color=\"#E0F0F6\" service_ids=\"1,2,4,5,6,11,12,13\" shape_image=\"backgrounds/services-item-shape.png\" style=\"style-2\"][/services-list]</div><br></br><br></br><br></br><div>[brands quantity=\"5\" name_1=\"Zelus\" image_1=\"brands/brand-img04.png\" link_1=\"https://zelus.com\" name_2=\"The bird\" image_2=\"brands/brand-img05.png\" link_2=\"https://thebird.com\" name_3=\"Nature Wave\" image_3=\"brands/brand-img03.png\" link_3=\"https://naturewave.com\" name_4=\"Start\" image_4=\"brands/brand-img01.png\" link_4=\"https://start.com\" name_5=\"Finance\" image_5=\"brands/brand-img02.png\" link_5=\"https://finance.com\" style=\"style-1\"][/brands]</div><br></br><br></br><br></br>',2,NULL,'page-detail',NULL,'published','2023-12-08 09:13:42','2023-12-08 09:13:42'),(13,'Services 3','<div>[services-list title=\"The features that make our Service unique\" badge=\"WHAT WE DO FOR YOU\" description=\" Our comprehensive suite of services includes expert Business Analysis, Tax Strategy, and Financial Advice. We partner with you to optimize your financial decisions, ensuring long-term success and prosperity for your business and personal finances.\" background_color=\"#F8FAFF\" service_ids=\"1,2,4,5,6,7,8,9\" style=\"style-3\"][/services-list]</div><div>[contact-block title=\"Let’s Request a Schedule For Free Consultation\" hotline=\"1238989444\" subtitle=\"Call For More Info\" button_label=\"Contact Us\" button_url=\"/contact\" background_image=\"backgrounds/cta-bg02.png\" style=\"style-2\"][/contact-block]</div><br></br><br></br><br></br><div>[brands quantity=\"5\" name_1=\"Zelus\" image_1=\"brands/brand-img04.png\" link_1=\"https://zelus.com\" name_2=\"The bird\" image_2=\"brands/brand-img05.png\" link_2=\"https://thebird.com\" name_3=\"Nature Wave\" image_3=\"brands/brand-img03.png\" link_3=\"https://naturewave.com\" name_4=\"Start\" image_4=\"brands/brand-img01.png\" link_4=\"https://start.com\" name_5=\"Finance\" image_5=\"brands/brand-img02.png\" link_5=\"https://finance.com\" style=\"style-1\"][/brands]</div><br></br><br></br><br></br>',2,NULL,'page-detail',NULL,'published','2023-12-08 09:13:42','2023-12-08 09:13:42'),(14,'Services 4','<div>[services-list title=\"We Make Better Insurance For Everyone\" badge=\"OUR EXPERTISE AREAS\" button_label=\"See All Service\" link=\"/services\" background_image=\"backgrounds/about-shape03.png\" background_color=\"#E0F0F6\" service_ids=\"1,2,3,4,5,6,8,9\" style=\"style-4\"][/services-list]</div><br></br><br></br><br></br><div>[brands quantity=\"5\" name_1=\"Zelus\" image_1=\"brands/brand-img04.png\" link_1=\"https://zelus.com\" name_2=\"The bird\" image_2=\"brands/brand-img05.png\" link_2=\"https://thebird.com\" name_3=\"Nature Wave\" image_3=\"brands/brand-img03.png\" link_3=\"https://naturewave.com\" name_4=\"Start\" image_4=\"brands/brand-img01.png\" link_4=\"https://start.com\" name_5=\"Finance\" image_5=\"brands/brand-img02.png\" link_5=\"https://finance.com\" style=\"style-1\"][/brands]</div><br></br><br></br><br></br>',2,NULL,'page-detail',NULL,'published','2023-12-08 09:13:42','2023-12-08 09:13:42'),(15,'Services 5','<div>[services-list title=\"We Make Better Insurance For Everyone\" badge=\"OUR EXPERTISE AREAS\" description=\" Our comprehensive suite of services includes expert Business Analysis, Tax Strategy, and Financial Advice. We partner with you to optimize your financial decisions, ensuring long-term success and prosperity for your business and personal finances.\" button_label=\"See All Service\" link=\"/services\" limit=\"6\" service_ids=\"1,2,4,6,8,9\" style=\"style-5\"][/services-list]</div><br></br><br></br><br></br><div>[brands quantity=\"5\" name_1=\"Zelus\" image_1=\"brands/brand-img04.png\" link_1=\"https://zelus.com\" name_2=\"The bird\" image_2=\"brands/brand-img05.png\" link_2=\"https://thebird.com\" name_3=\"Nature Wave\" image_3=\"brands/brand-img03.png\" link_3=\"https://naturewave.com\" name_4=\"Start\" image_4=\"brands/brand-img01.png\" link_4=\"https://start.com\" name_5=\"Finance\" image_5=\"brands/brand-img02.png\" link_5=\"https://finance.com\" style=\"style-1\"][/brands]</div><br></br><br></br><br></br>',2,NULL,'page-detail',NULL,'published','2023-12-08 09:13:42','2023-12-08 09:13:42'),(16,'Cookies','<section class=\"section\">\n    <div class=\"container\">\n        <div class=\"content-detail\">\n            <h3 class=\"color-brand-2\">EU Cookie Consent</h3>\n            <p class=\"font-md color-grey-900\">To use this website we are using Cookies and collecting some Data. To be compliant with the EU GDPR we give you to choose if you allow us to use certain Cookies and to collect some Data. .</p>\n            <p>There are two primary modes of sea freight transportation: Full Container Load (FCL) and Less than Container Load (LCL). FCL is used when the shipment is large enough to fill an entire container. On the other hand, LCL is used when the shipment does not require a full container. In this case, the goods are combined with other shipments to fill a container. Both modes have their advantages and disadvantages.</p>\n            <p>There are two primary modes of sea freight transportation: Full Container Load (FCL) and Less than Container Load (LCL). FCL is used when the shipment is large enough to fill an entire container. On the other hand, LCL is used when the shipment does not require a full container. In this case, the goods are combined with other shipments to fill a container. Both modes have their advantages and disadvantages.</p>\n            <h3>Essential Data</h3>\n            <div class=\"row align-items-center\">\n                <div class=\"col-lg-12\">\n                    <p>The Essential Data is needed to run the Site you are visiting technically. You can not deactivate them.</p>\n                    <p>Session Cookie: PHP uses a Cookie to identify user sessions. Without this Cookie the Website is not working.</p>\n                    <p>XSRF-Token Cookie: Laravel automatically generates a CSRF \"token\" for each active user session managed by the application. This token is used to verify that the authenticated user is the one actually making the requests to the application.</p>\n                </div>\n            </div>\n        </div>\n    </div>\n</section>\n',2,NULL,NULL,NULL,'published','2023-12-08 09:13:42','2023-12-08 09:13:42'),(17,'Terms of service','<section class=\"section\">\n    <div class=\"container\">\n        <div class=\"content-detail\">\n            <h3 class=\"color-brand-2\">EU Cookie Consent</h3>\n            <p class=\"font-md color-grey-900\">To use this website we are using Cookies and collecting some Data. To be compliant with the EU GDPR we give you to choose if you allow us to use certain Cookies and to collect some Data. .</p>\n            <p>There are two primary modes of sea freight transportation: Full Container Load (FCL) and Less than Container Load (LCL). FCL is used when the shipment is large enough to fill an entire container. On the other hand, LCL is used when the shipment does not require a full container. In this case, the goods are combined with other shipments to fill a container. Both modes have their advantages and disadvantages.</p>\n            <p>There are two primary modes of sea freight transportation: Full Container Load (FCL) and Less than Container Load (LCL). FCL is used when the shipment is large enough to fill an entire container. On the other hand, LCL is used when the shipment does not require a full container. In this case, the goods are combined with other shipments to fill a container. Both modes have their advantages and disadvantages.</p>\n            <h3>Essential Data</h3>\n            <div class=\"row align-items-center\">\n                <div class=\"col-lg-12\">\n                    <p>The Essential Data is needed to run the Site you are visiting technically. You can not deactivate them.</p>\n                    <p>Session Cookie: PHP uses a Cookie to identify user sessions. Without this Cookie the Website is not working.</p>\n                    <p>XSRF-Token Cookie: Laravel automatically generates a CSRF \"token\" for each active user session managed by the application. This token is used to verify that the authenticated user is the one actually making the requests to the application.</p>\n                </div>\n            </div>\n        </div>\n    </div>\n</section>\n',2,NULL,NULL,NULL,'published','2023-12-08 09:13:42','2023-12-08 09:13:42'),(18,'Privacy Policy','<section class=\"section\">\n    <div class=\"container\">\n        <div class=\"content-detail\">\n            <h3 class=\"color-brand-2\">EU Cookie Consent</h3>\n            <p class=\"font-md color-grey-900\">To use this website we are using Cookies and collecting some Data. To be compliant with the EU GDPR we give you to choose if you allow us to use certain Cookies and to collect some Data. .</p>\n            <p>There are two primary modes of sea freight transportation: Full Container Load (FCL) and Less than Container Load (LCL). FCL is used when the shipment is large enough to fill an entire container. On the other hand, LCL is used when the shipment does not require a full container. In this case, the goods are combined with other shipments to fill a container. Both modes have their advantages and disadvantages.</p>\n            <p>There are two primary modes of sea freight transportation: Full Container Load (FCL) and Less than Container Load (LCL). FCL is used when the shipment is large enough to fill an entire container. On the other hand, LCL is used when the shipment does not require a full container. In this case, the goods are combined with other shipments to fill a container. Both modes have their advantages and disadvantages.</p>\n            <h3>Essential Data</h3>\n            <div class=\"row align-items-center\">\n                <div class=\"col-lg-12\">\n                    <p>The Essential Data is needed to run the Site you are visiting technically. You can not deactivate them.</p>\n                    <p>Session Cookie: PHP uses a Cookie to identify user sessions. Without this Cookie the Website is not working.</p>\n                    <p>XSRF-Token Cookie: Laravel automatically generates a CSRF \"token\" for each active user session managed by the application. This token is used to verify that the authenticated user is the one actually making the requests to the application.</p>\n                </div>\n            </div>\n        </div>\n    </div>\n</section>\n',2,NULL,NULL,NULL,'published','2023-12-08 09:13:42','2023-12-08 09:13:42'),(19,'Blog','',2,NULL,'blog-sidebar',NULL,'published','2023-12-08 09:13:42','2023-12-08 09:13:42'),(20,'Contact','<div>[branch-offices title=&quot;Our Office Address&quot; image=&quot;general/contact-img.jpg&quot; quantity=&quot;2&quot; title_1=&quot;USA Office&quot; address_1=&quot;100 Wilshire Blvd, Suite 700 Santa&lt;br&gt;Monica, CA 90401, USA&quot; phone_1=&quot;+1 (310) 620-8565&quot; email_1=&quot;info@gmail.com&quot; title_2=&quot;Australia Office&quot; address_2=&quot;100 Wilshire Blvd, Suite 700 Santa&lt;br&gt;Monica, CA 90401, USA&quot; phone_2=&quot;+1 (310) 620-8565&quot; email_2=&quot;info@gmail.com&quot;][/branch-offices]</div><div>[contact-form title=\"We Are Connected To Help Your Business!\" subtitle=\"GET IN TOUCH\" description=\"Ever Find Yourself Staring At Your Computer Screen A Good Consulting Slogan To Come To Mind? Oftentimes.\" button_label=\"SUBMIT NOW\" background_image=\"backgrounds/contact-bg.jpg\" background_image_1=\"backgrounds/contact-shape.png\"][/contact-form]</div><div>[google-map address=\"Envato Level 3/551 Swanston St, Carlton VIC 3053, Australia\"][/google-map]</div>',2,NULL,'page-detail',NULL,'published','2023-12-08 09:13:42','2023-12-08 09:13:42'),(21,'Careers','<div>[featured-projects title=\"We’ve Done Lot’s Of Work, Let’s Check Some From Here\" subtitle=\"CASE STUDIES\" button_label=\"See All Projects\" button_url=\"/projects\" project_ids=\"5,6,7,8,9\" style=\"style-2\"][/featured-projects]</div>',2,NULL,'page-detail',NULL,'published','2023-12-08 09:13:42','2023-12-08 09:13:42'),(22,'Company','<div>[about-us-information title=\" 25 Years Of Experience In This Finance Advisory Company\" subtitle=\"GET TO KNOW US\" description=\"Morem Ipsum Dolor Sit Amet, Consectetur Adipiscing Elita Florai Psum Dolor Sit Amet, Consecteture.Borem Ipsum Dolor Sit Amet, Consectetur Adipiscing Elita Florai Psum.\" founded_year=\"1993\" company_description=\"Of Experience in This Finance Advisory Company.\" quantity=\"4\" title_1=\"100% Better Results\" title_2=\"Suspe Ndisse Suscipit Sagittis\" title_3=\"Promis Specific TimelineI Guarantee\" title_4=\"Review Credit Reports\" sub_description=\"Morem Ipsum Dolor Sit Amet, Consectetur Adipiscing Elita Florai Psum Dolor Sit Amet, Consecteture\" author_name=\"Mark Stranger,CEO, Gerow Finance\" author_bio=\"CEO, Gerow Finance\" author_avatar=\"general/about-author.png\" author_signature=\"general/signature.png\" image=\"general/about-img01.png\" image_1=\"general/about-img02.png\" background_image_1=\"backgrounds/about-shape01.png\" background_image_2=\"backgrounds/about-shape02.png\" background_image_3=\"backgrounds/about-shape03.png\"][/about-us-information]</div><div>[company-overview title=\"We Prepare An Effective Strategy For Companies\" subtitle=\"COMPANY OVERVIEW\" description=\"Morem Ipsum Dolor Sit Amet, Consectetur Adipiscing Elita Florai Psum Dolor Sit Amet, Consecteture.\" image=\"galleries/3.png\" image_1=\"backgrounds/overview-img04.png\" background_image=\"backgrounds/mask-img02.png\" background_image_1=\"backgrounds/overview-shape01.png\" background_image_2=\"backgrounds/overview-shape02.png\" quantity=\"3\" title_1=\"Consulting\" data_1=\"85\" title_2=\"Investment\" data_2=\"76\" title_3=\"Investment\" data_3=\"90\" style=\"style-2\"][/company-overview]</div>',2,NULL,NULL,NULL,'published','2023-12-08 09:13:42','2023-12-08 09:13:42'),(23,'Case Studies','<div>[featured-services title=\"We can inspire and Offer Different Services\" subtitle=\"WHAT WE DO FOR YOU\" service_ids=\"1,2,3,4\" button_label=\"See All Services\" button_url=\"/services\" background_image=\"backgrounds/about-shape03.png\" style=\"style-3\"][/featured-services]</div>',2,NULL,'page-detail',NULL,'published','2023-12-08 09:13:42','2023-12-08 09:13:42'),(24,'How It Work','<div>[about-us-information title=\"Best Digital Solution Provider Agency\" subtitle=\"WHO WE ARE\" description=\"When An Unknown Printer Took A Galley Of Type And Scrambled It Ake A Type Specimen Book. When An Unknown Printer Took A Galley Of Type And Scrambled It Ake.\" button_label=\"Take Our Service\" button_url=\"/services\" quantity=\"3\" title_1=\"Digital Creative Agency\" title_2=\"Professional Problem Solutions\" title_3=\"Web Design & Development\" image=\"general/inner-about-img05.png\" image_1=\"backgrounds/about-shape07.png\" background_image_1=\"backgrounds/banner-shape02.png\" style=\"style-7\"][/about-us-information]</div><br></br><br></br>',2,NULL,'page-detail',NULL,'published','2023-12-08 09:13:42','2023-12-08 09:13:42'),(25,'Partners','<div>[about-us-information title=\"We are the next gen Business experience\" subtitle=\"GET TO KNOW US\" description=\"With Over 25 Years Of Experience, We Have Crafted Thousands Of Strategic Discovery Process That Enables Us To Peel Back Which Enable Us To Understand.\" quantity=\"2\" title_1=\"Business Growth\" description_1=\"Eiusmod Temporincididunt Ut Labore Magna Aliqua Quisery.\" icon_1=\"flaticon-profit\" title_2=\"Target Audience\" description_2=\"Eiusmod Temporincididunt Ut Labore Magna Aliqua Quisery.\" icon_2=\"flaticon-mission\" image=\"galleries/1.png\" image_1=\"backgrounds/consulting-about-img02.png\" background_image_1=\"backgrounds/mask-img.png\" background_image_2=\"backgrounds/consulting-about-shape01.png\" background_image_3=\"backgrounds/about-shape01.png\" background_image_4=\"backgrounds/consulting-about-shape03.png\" style=\"style-2\"][/about-us-information]</div>',2,NULL,NULL,NULL,'published','2023-12-08 09:13:42','2023-12-08 09:13:42'),(26,'Pricing','<div>[pricing title=\"We’ve offered the best pricing for you\" subtitle=\"FLEXIBLE PRICING PLAN\" description=\"Ever Find Yourself Staring At Your Computer Screen A Good Consulting Slogan To Come To Mind? Oftentimes.\" package_ids=\"1,2,3\" background_image=\"backgrounds/pricing-shape.png\"][/pricing]</div>',2,NULL,'page-detail',NULL,'published','2023-12-08 09:13:42','2023-12-08 09:13:42'),(27,'Testimonials','<div>[testimonials testimonial_ids=\"1,2,3,4\" image=\"general/testimonial-img.png\" background_image=\"backgrounds/testimonial-bg1.png\" style=\"style-2\"][/testimonials]</div>',2,NULL,NULL,NULL,'published','2023-12-08 09:13:42','2023-12-08 09:13:42'),(28,'Projects','<div>[featured-projects style=\"style-1\" project_ids=\"1,2,3,4,5,6,7,8,9\"][/featured-projects]</div>',2,NULL,NULL,NULL,'published','2023-12-08 09:13:42','2023-12-08 09:13:42'),(29,'FAQs','<div>[faqs category_ids=\"1,2,3\"][/faqs]</div><div>[contact-form title=\"We Are Connected To Help Your Business!\" subtitle=\"GET IN TOUCH\" description=\"Ever Find Yourself Staring At Your Computer Screen A Good Consulting Slogan To Come To Mind? Oftentimes.\" button_label=\"SUBMIT NOW\" background_image=\"backgrounds/contact-bg.jpg\" background_image_1=\"backgrounds/contact-shape.png\"][/contact-form]</div>',2,NULL,'page-detail',NULL,'published','2023-12-08 09:13:42','2023-12-08 09:13:42');

--
-- Table structure for table `pages_translations`
--

CREATE TABLE `pages_translations` (
  `lang_code` varchar(20) COLLATE utf8mb4_unicode_ci NOT NULL,
  `pages_id` bigint unsigned NOT NULL,
  `name` varchar(255) COLLATE utf8mb4_unicode_ci DEFAULT NULL,
  `description` varchar(400) COLLATE utf8mb4_unicode_ci DEFAULT NULL,
  `content` longtext COLLATE utf8mb4_unicode_ci,
  PRIMARY KEY (`lang_code`,`pages_id`)
) ENGINE=InnoDB DEFAULT CHARSET=utf8mb4 COLLATE=utf8mb4_unicode_ci;

--
-- Dumping data for table `pages_translations`
--


--
-- Table structure for table `password_reset_tokens`
--

CREATE TABLE `password_reset_tokens` (
  `email` varchar(191) COLLATE utf8mb4_unicode_ci NOT NULL,
  `token` varchar(191) COLLATE utf8mb4_unicode_ci NOT NULL,
  `created_at` timestamp NULL DEFAULT NULL,
  PRIMARY KEY (`email`)
) ENGINE=InnoDB DEFAULT CHARSET=utf8mb4 COLLATE=utf8mb4_unicode_ci;

--
-- Dumping data for table `password_reset_tokens`
--


--
-- Table structure for table `personal_access_tokens`
--

CREATE TABLE `personal_access_tokens` (
  `id` bigint unsigned NOT NULL AUTO_INCREMENT,
  `tokenable_type` varchar(191) COLLATE utf8mb4_unicode_ci NOT NULL,
  `tokenable_id` bigint unsigned NOT NULL,
  `name` varchar(191) COLLATE utf8mb4_unicode_ci NOT NULL,
  `token` varchar(64) COLLATE utf8mb4_unicode_ci NOT NULL,
  `abilities` text COLLATE utf8mb4_unicode_ci,
  `last_used_at` timestamp NULL DEFAULT NULL,
  `expires_at` timestamp NULL DEFAULT NULL,
  `created_at` timestamp NULL DEFAULT NULL,
  `updated_at` timestamp NULL DEFAULT NULL,
  PRIMARY KEY (`id`),
  UNIQUE KEY `personal_access_tokens_token_unique` (`token`),
  KEY `personal_access_tokens_tokenable_type_tokenable_id_index` (`tokenable_type`,`tokenable_id`)
) ENGINE=InnoDB DEFAULT CHARSET=utf8mb4 COLLATE=utf8mb4_unicode_ci;

--
-- Dumping data for table `personal_access_tokens`
--


--
-- Table structure for table `pf_custom_field_options`
--

CREATE TABLE `pf_custom_field_options` (
  `id` bigint unsigned NOT NULL AUTO_INCREMENT,
  `custom_field_id` bigint unsigned NOT NULL,
  `label` varchar(191) COLLATE utf8mb4_unicode_ci DEFAULT NULL,
  `value` varchar(191) COLLATE utf8mb4_unicode_ci NOT NULL,
  `order` int NOT NULL DEFAULT '999',
  `created_at` timestamp NULL DEFAULT NULL,
  `updated_at` timestamp NULL DEFAULT NULL,
  PRIMARY KEY (`id`),
  KEY `pf_custom_field_options_custom_field_id_index` (`custom_field_id`)
) ENGINE=InnoDB AUTO_INCREMENT=5 DEFAULT CHARSET=utf8mb4 COLLATE=utf8mb4_unicode_ci;

--
-- Dumping data for table `pf_custom_field_options`
--

INSERT INTO `pf_custom_field_options` VALUES (1,1,'Home','Home',999,'2023-12-08 09:13:45','2023-12-08 09:13:45'),(2,1,'Vehicles','Vehicles',999,'2023-12-08 09:13:45','2023-12-08 09:13:45'),(3,1,'Health','Health',999,'2023-12-08 09:13:45','2023-12-08 09:13:45'),(4,1,'Life','Life',999,'2023-12-08 09:13:45','2023-12-08 09:13:45');

--
-- Table structure for table `pf_custom_field_options_translations`
--

CREATE TABLE `pf_custom_field_options_translations` (
  `lang_code` varchar(191) COLLATE utf8mb4_unicode_ci NOT NULL,
  `label` varchar(191) COLLATE utf8mb4_unicode_ci DEFAULT NULL,
  `value` varchar(191) COLLATE utf8mb4_unicode_ci DEFAULT NULL,
  `pf_custom_field_options_id` bigint unsigned NOT NULL,
  PRIMARY KEY (`lang_code`,`pf_custom_field_options_id`)
) ENGINE=InnoDB DEFAULT CHARSET=utf8mb4 COLLATE=utf8mb4_unicode_ci;

--
-- Dumping data for table `pf_custom_field_options_translations`
--


--
-- Table structure for table `pf_custom_fields`
--

CREATE TABLE `pf_custom_fields` (
  `id` bigint unsigned NOT NULL AUTO_INCREMENT,
  `author_type` varchar(191) COLLATE utf8mb4_unicode_ci NOT NULL,
  `author_id` bigint unsigned NOT NULL,
  `name` varchar(255) COLLATE utf8mb4_unicode_ci NOT NULL,
  `placeholder` varchar(191) COLLATE utf8mb4_unicode_ci DEFAULT NULL,
  `required` tinyint(1) NOT NULL DEFAULT '0',
  `type` varchar(60) COLLATE utf8mb4_unicode_ci NOT NULL,
  `order` int NOT NULL DEFAULT '999',
  `status` varchar(191) COLLATE utf8mb4_unicode_ci NOT NULL DEFAULT 'published',
  `created_at` timestamp NULL DEFAULT NULL,
  `updated_at` timestamp NULL DEFAULT NULL,
  PRIMARY KEY (`id`),
  KEY `pf_custom_fields_author_type_author_id_index` (`author_type`,`author_id`)
) ENGINE=InnoDB AUTO_INCREMENT=3 DEFAULT CHARSET=utf8mb4 COLLATE=utf8mb4_unicode_ci;

--
-- Dumping data for table `pf_custom_fields`
--

INSERT INTO `pf_custom_fields` VALUES (1,'Botble\\ACL\\Models\\User',1,'Type',NULL,1,'dropdown',999,'published','2023-12-08 09:13:45','2023-12-08 09:13:45'),(2,'Botble\\ACL\\Models\\User',1,'Price','Enter price',0,'number',999,'published','2023-12-08 09:13:45','2023-12-08 09:13:45');

--
-- Table structure for table `pf_custom_fields_translations`
--

CREATE TABLE `pf_custom_fields_translations` (
  `lang_code` varchar(191) COLLATE utf8mb4_unicode_ci NOT NULL,
  `name` varchar(191) COLLATE utf8mb4_unicode_ci DEFAULT NULL,
  `placeholder` varchar(191) COLLATE utf8mb4_unicode_ci DEFAULT NULL,
  `type` varchar(60) COLLATE utf8mb4_unicode_ci DEFAULT NULL,
  `pf_custom_fields_id` bigint unsigned NOT NULL,
  PRIMARY KEY (`lang_code`,`pf_custom_fields_id`)
) ENGINE=InnoDB DEFAULT CHARSET=utf8mb4 COLLATE=utf8mb4_unicode_ci;

--
-- Dumping data for table `pf_custom_fields_translations`
--


--
-- Table structure for table `pf_packages`
--

CREATE TABLE `pf_packages` (
  `id` bigint unsigned NOT NULL AUTO_INCREMENT,
  `name` varchar(191) COLLATE utf8mb4_unicode_ci NOT NULL,
  `description` varchar(400) COLLATE utf8mb4_unicode_ci DEFAULT NULL,
  `content` text COLLATE utf8mb4_unicode_ci NOT NULL,
  `price` varchar(191) COLLATE utf8mb4_unicode_ci NOT NULL,
  `annual_price` varchar(191) COLLATE utf8mb4_unicode_ci DEFAULT NULL,
  `duration` varchar(191) COLLATE utf8mb4_unicode_ci NOT NULL DEFAULT 'monthly',
  `features` text COLLATE utf8mb4_unicode_ci,
  `status` varchar(191) COLLATE utf8mb4_unicode_ci NOT NULL DEFAULT 'published',
  `is_popular` tinyint(1) NOT NULL DEFAULT '0',
  `created_at` timestamp NULL DEFAULT NULL,
  `updated_at` timestamp NULL DEFAULT NULL,
  PRIMARY KEY (`id`)
) ENGINE=InnoDB AUTO_INCREMENT=4 DEFAULT CHARSET=utf8mb4 COLLATE=utf8mb4_unicode_ci;

--
-- Dumping data for table `pf_packages`
--

INSERT INTO `pf_packages` VALUES (1,'Basic Plan','Advanced features for pros who need more customization.','<h4>Basic Plan</h4>\n<p>Our Basic Plan is designed for startups and small businesses looking to establish a strong foundation. With this plan, you\'ll get:</p>\n<ul>\n    <li>Essential Tools: Access to fundamental business tools and resources.</li>\n    <li>Cost-Effective: Affordable pricing tailored to smaller budgets.</li>\n    <li>24/7 Support: Assistance whenever you need it to kickstart your journey.</li>\n    <li>Scalability: Option to upgrade as your business grows.</li>\n</ul>\n<p>The Basic Plan is the perfect choice for those taking their first steps in the business world.</p>\n<h4>Team Plan</h4>\n<p>Our Team Plan is ideal for growing businesses that require collaboration and efficiency. With this plan, you\'ll enjoy:</p>\n<ul>\n    <li>Collaborative Tools: Enhanced features for seamless team collaboration.</li>\n    <li>Customization: Tailor the plan to fit your team\'s specific needs.</li>\n    <li>Dedicated Support: Priority assistance to keep your team productive.</li>\n    <li>Scalability: Flexibility to accommodate expanding teams.</li>\n</ul>\n<p>Choose the Team Plan to empower your growing business with the tools it needs to succeed.</p>\n<h4>Enterprise Plan</h4>\n<p>Our Enterprise Plan is designed for established businesses seeking advanced solutions and scalability. With this plan, you\'ll receive:</p>\n<ul>\n    <li>Advanced Features: Comprehensive tools for large-scale operations.</li>\n    <li>Tailored Solutions: Customized to match your unique business requirements.</li>\n    <li>Priority Support: Rapid response and support for mission-critical operations.</li>\n    <li>Enterprise-Grade Security: Robust security measures to protect your data.</li>\n</ul>\n<p>The Enterprise Plan is your pathway to taking your business to the next level with confidence.</p>\n','$19','$119','monthly','+ 100 User Activities\n+ Limit Access\n+ No Hidden Charge\n+ 01 Time Updates\n+ Figma Source File\n+ Many More Facilities','published',0,'2023-12-08 09:13:45','2023-12-08 09:13:45'),(2,'Team Plan','All the basics for businesses that are just getting started.','<h4>Basic Plan</h4>\n<p>Our Basic Plan is designed for startups and small businesses looking to establish a strong foundation. With this plan, you\'ll get:</p>\n<ul>\n    <li>Essential Tools: Access to fundamental business tools and resources.</li>\n    <li>Cost-Effective: Affordable pricing tailored to smaller budgets.</li>\n    <li>24/7 Support: Assistance whenever you need it to kickstart your journey.</li>\n    <li>Scalability: Option to upgrade as your business grows.</li>\n</ul>\n<p>The Basic Plan is the perfect choice for those taking their first steps in the business world.</p>\n<h4>Team Plan</h4>\n<p>Our Team Plan is ideal for growing businesses that require collaboration and efficiency. With this plan, you\'ll enjoy:</p>\n<ul>\n    <li>Collaborative Tools: Enhanced features for seamless team collaboration.</li>\n    <li>Customization: Tailor the plan to fit your team\'s specific needs.</li>\n    <li>Dedicated Support: Priority assistance to keep your team productive.</li>\n    <li>Scalability: Flexibility to accommodate expanding teams.</li>\n</ul>\n<p>Choose the Team Plan to empower your growing business with the tools it needs to succeed.</p>\n<h4>Enterprise Plan</h4>\n<p>Our Enterprise Plan is designed for established businesses seeking advanced solutions and scalability. With this plan, you\'ll receive:</p>\n<ul>\n    <li>Advanced Features: Comprehensive tools for large-scale operations.</li>\n    <li>Tailored Solutions: Customized to match your unique business requirements.</li>\n    <li>Priority Support: Rapid response and support for mission-critical operations.</li>\n    <li>Enterprise-Grade Security: Robust security measures to protect your data.</li>\n</ul>\n<p>The Enterprise Plan is your pathway to taking your business to the next level with confidence.</p>\n','$49','$499','monthly','+ 1000 User Activities\n+ Unlimited Access\n+ No Hidden Charge\n+ 03 Time Updates\n+ Figma Source File\n+ Many More Facilities','published',1,'2023-12-08 09:13:45','2023-12-08 09:13:45'),(3,'Enterprise Plan','Advanced features for pros who need more customization.','<h4>Basic Plan</h4>\n<p>Our Basic Plan is designed for startups and small businesses looking to establish a strong foundation. With this plan, you\'ll get:</p>\n<ul>\n    <li>Essential Tools: Access to fundamental business tools and resources.</li>\n    <li>Cost-Effective: Affordable pricing tailored to smaller budgets.</li>\n    <li>24/7 Support: Assistance whenever you need it to kickstart your journey.</li>\n    <li>Scalability: Option to upgrade as your business grows.</li>\n</ul>\n<p>The Basic Plan is the perfect choice for those taking their first steps in the business world.</p>\n<h4>Team Plan</h4>\n<p>Our Team Plan is ideal for growing businesses that require collaboration and efficiency. With this plan, you\'ll enjoy:</p>\n<ul>\n    <li>Collaborative Tools: Enhanced features for seamless team collaboration.</li>\n    <li>Customization: Tailor the plan to fit your team\'s specific needs.</li>\n    <li>Dedicated Support: Priority assistance to keep your team productive.</li>\n    <li>Scalability: Flexibility to accommodate expanding teams.</li>\n</ul>\n<p>Choose the Team Plan to empower your growing business with the tools it needs to succeed.</p>\n<h4>Enterprise Plan</h4>\n<p>Our Enterprise Plan is designed for established businesses seeking advanced solutions and scalability. With this plan, you\'ll receive:</p>\n<ul>\n    <li>Advanced Features: Comprehensive tools for large-scale operations.</li>\n    <li>Tailored Solutions: Customized to match your unique business requirements.</li>\n    <li>Priority Support: Rapid response and support for mission-critical operations.</li>\n    <li>Enterprise-Grade Security: Robust security measures to protect your data.</li>\n</ul>\n<p>The Enterprise Plan is your pathway to taking your business to the next level with confidence.</p>\n','$99','$999','monthly','+ 5000 User Activities\n+ Unlimited Access\n+ No Hidden Charge\n+ 10 Time Updates\n+ Figma Source File\n+ Many More Facilities','published',0,'2023-12-08 09:13:45','2023-12-08 09:13:45');

--
-- Table structure for table `pf_packages_translations`
--

CREATE TABLE `pf_packages_translations` (
  `lang_code` varchar(191) COLLATE utf8mb4_unicode_ci NOT NULL,
  `pf_packages_id` bigint unsigned NOT NULL,
  `name` varchar(255) COLLATE utf8mb4_unicode_ci DEFAULT NULL,
  `description` varchar(400) COLLATE utf8mb4_unicode_ci DEFAULT NULL,
  `content` text COLLATE utf8mb4_unicode_ci,
  `price` varchar(191) COLLATE utf8mb4_unicode_ci DEFAULT NULL,
  `annual_price` varchar(191) COLLATE utf8mb4_unicode_ci DEFAULT NULL,
  `features` text COLLATE utf8mb4_unicode_ci,
  PRIMARY KEY (`lang_code`,`pf_packages_id`)
) ENGINE=InnoDB DEFAULT CHARSET=utf8mb4 COLLATE=utf8mb4_unicode_ci;

--
-- Dumping data for table `pf_packages_translations`
--


--
-- Table structure for table `pf_projects`
--

CREATE TABLE `pf_projects` (
  `id` bigint unsigned NOT NULL AUTO_INCREMENT,
  `name` varchar(191) COLLATE utf8mb4_unicode_ci NOT NULL,
  `description` varchar(400) COLLATE utf8mb4_unicode_ci DEFAULT NULL,
  `content` longtext COLLATE utf8mb4_unicode_ci,
  `place` varchar(255) COLLATE utf8mb4_unicode_ci DEFAULT NULL,
  `client` varchar(255) COLLATE utf8mb4_unicode_ci DEFAULT NULL,
  `is_featured` tinyint(1) NOT NULL DEFAULT '0',
  `image` varchar(191) COLLATE utf8mb4_unicode_ci DEFAULT NULL,
  `images` text COLLATE utf8mb4_unicode_ci,
  `views` int NOT NULL DEFAULT '0',
  `status` varchar(60) COLLATE utf8mb4_unicode_ci NOT NULL DEFAULT 'published',
  `created_at` timestamp NULL DEFAULT NULL,
  `updated_at` timestamp NULL DEFAULT NULL,
  `author` varchar(255) COLLATE utf8mb4_unicode_ci DEFAULT NULL,
  `start_date` date DEFAULT NULL,
  PRIMARY KEY (`id`)
) ENGINE=InnoDB AUTO_INCREMENT=10 DEFAULT CHARSET=utf8mb4 COLLATE=utf8mb4_unicode_ci;

--
-- Dumping data for table `pf_projects`
--

INSERT INTO `pf_projects` VALUES (1,'Innovation Hub: Navigating the Future','Gain invaluable insights into strategic business planning and decision-making through our comprehensive program. Unlock the power of data-driven strategies for sustainable growth.','<div class=\"project-details-content\">\n    <div class=\"pd-inner-wrap\">\n        <div class=\"row align-items-center\">\n            <div class=\"col-41\">\n                <div class=\"content\">\n                    <h3 class=\"title-two\">Raise capital faster <br> negotiate on your own terms</h3>\n                    <p class=\"info-one\">when an unknown printer took a galley offer typey anddey scrambled make a type specimen bookhas survived not only five centuries but also.</p>\n                    <ul class=\"list-wrap\">\n                        <li>\n                            <svg xmlns=\"http://www.w3.org/2000/svg\" height=\"1em\" viewBox=\"0 0 512 512\">\n                                <path fill=\"currentColor\" d=\"M256 512A256 256 0 1 0 256 0a256 256 0 1 0 0 512zM369 209L241 337c-9.4 9.4-24.6 9.4-33.9 0l-64-64c-9.4-9.4-9.4-24.6 0-33.9s24.6-9.4 33.9 0l47 47L335 175c9.4-9.4 24.6-9.4 33.9 0s9.4 24.6 0 33.9z\"/>\n                            </svg>\n                            100% Better results\n                        </li>\n                        <li>\n                            <svg xmlns=\"http://www.w3.org/2000/svg\" height=\"1em\" viewBox=\"0 0 512 512\">\n                                <path fill=\"currentColor\" d=\"M256 512A256 256 0 1 0 256 0a256 256 0 1 0 0 512zM369 209L241 337c-9.4 9.4-24.6 9.4-33.9 0l-64-64c-9.4-9.4-9.4-24.6 0-33.9s24.6-9.4 33.9 0l47 47L335 175c9.4-9.4 24.6-9.4 33.9 0s9.4 24.6 0 33.9z\"/>\n                            </svg>\n                            Valuable Ideas\n                        </li>\n                        <li>\n                            <svg xmlns=\"http://www.w3.org/2000/svg\" height=\"1em\" viewBox=\"0 0 512 512\">\n                                <path fill=\"currentColor\" d=\"M256 512A256 256 0 1 0 256 0a256 256 0 1 0 0 512zM369 209L241 337c-9.4 9.4-24.6 9.4-33.9 0l-64-64c-9.4-9.4-9.4-24.6 0-33.9s24.6-9.4 33.9 0l47 47L335 175c9.4-9.4 24.6-9.4 33.9 0s9.4 24.6 0 33.9z\"/>\n                            </svg>\n                            Budget Friendly Theme\n                        </li>\n                        <li>\n                            <svg xmlns=\"http://www.w3.org/2000/svg\" height=\"1em\" viewBox=\"0 0 512 512\">\n                                <path fill=\"currentColor\" d=\"M256 512A256 256 0 1 0 256 0a256 256 0 1 0 0 512zM369 209L241 337c-9.4 9.4-24.6 9.4-33.9 0l-64-64c-9.4-9.4-9.4-24.6 0-33.9s24.6-9.4 33.9 0l47 47L335 175c9.4-9.4 24.6-9.4 33.9 0s9.4 24.6 0 33.9z\"/>\n                            </svg>\n                            Happy Customers\n                        </li>\n                    </ul>\n                    <p class=\"info-two\">when an unknown printer took a galley of type and  aweratr scrambled it to make a type specimen bookhas a not only five centuries, but also the leap into electronic typesetting, remaining essentially unchan galley of type and scrambled it to make a type specimen book.</p>\n                </div>\n            </div>\n            <div class=\"col-59\">\n                <div class=\"thumb\">\n                    <img src=\"http://gerow.test/storage/services/5.jpg\" alt=\"\">\n                    <a href=\"https://www.youtube.com/watch?v=j4dPPWKsxFs\" class=\"play-btn popup-video\"><i class=\"fas fa-play\"></i></a>\n                </div>\n            </div>\n        </div>\n    </div>\n</div>\n','Paris','Grace Williams',0,'projects/1.png',NULL,0,'published','2023-12-08 09:13:45','2023-12-08 09:13:45','Fredrick Jacobi','2009-12-08'),(2,'Leadership Excellence Initiative','Join us at the Innovation Hub, where we explore cutting-edge technologies and trends shaping the future of business. Discover innovative solutions and stay ahead of the curve.','<div class=\"project-details-content\">\n    <div class=\"pd-inner-wrap\">\n        <div class=\"row align-items-center\">\n            <div class=\"col-41\">\n                <div class=\"content\">\n                    <h3 class=\"title-two\">Raise capital faster <br> negotiate on your own terms</h3>\n                    <p class=\"info-one\">when an unknown printer took a galley offer typey anddey scrambled make a type specimen bookhas survived not only five centuries but also.</p>\n                    <ul class=\"list-wrap\">\n                        <li>\n                            <svg xmlns=\"http://www.w3.org/2000/svg\" height=\"1em\" viewBox=\"0 0 512 512\">\n                                <path fill=\"currentColor\" d=\"M256 512A256 256 0 1 0 256 0a256 256 0 1 0 0 512zM369 209L241 337c-9.4 9.4-24.6 9.4-33.9 0l-64-64c-9.4-9.4-9.4-24.6 0-33.9s24.6-9.4 33.9 0l47 47L335 175c9.4-9.4 24.6-9.4 33.9 0s9.4 24.6 0 33.9z\"/>\n                            </svg>\n                            100% Better results\n                        </li>\n                        <li>\n                            <svg xmlns=\"http://www.w3.org/2000/svg\" height=\"1em\" viewBox=\"0 0 512 512\">\n                                <path fill=\"currentColor\" d=\"M256 512A256 256 0 1 0 256 0a256 256 0 1 0 0 512zM369 209L241 337c-9.4 9.4-24.6 9.4-33.9 0l-64-64c-9.4-9.4-9.4-24.6 0-33.9s24.6-9.4 33.9 0l47 47L335 175c9.4-9.4 24.6-9.4 33.9 0s9.4 24.6 0 33.9z\"/>\n                            </svg>\n                            Valuable Ideas\n                        </li>\n                        <li>\n                            <svg xmlns=\"http://www.w3.org/2000/svg\" height=\"1em\" viewBox=\"0 0 512 512\">\n                                <path fill=\"currentColor\" d=\"M256 512A256 256 0 1 0 256 0a256 256 0 1 0 0 512zM369 209L241 337c-9.4 9.4-24.6 9.4-33.9 0l-64-64c-9.4-9.4-9.4-24.6 0-33.9s24.6-9.4 33.9 0l47 47L335 175c9.4-9.4 24.6-9.4 33.9 0s9.4 24.6 0 33.9z\"/>\n                            </svg>\n                            Budget Friendly Theme\n                        </li>\n                        <li>\n                            <svg xmlns=\"http://www.w3.org/2000/svg\" height=\"1em\" viewBox=\"0 0 512 512\">\n                                <path fill=\"currentColor\" d=\"M256 512A256 256 0 1 0 256 0a256 256 0 1 0 0 512zM369 209L241 337c-9.4 9.4-24.6 9.4-33.9 0l-64-64c-9.4-9.4-9.4-24.6 0-33.9s24.6-9.4 33.9 0l47 47L335 175c9.4-9.4 24.6-9.4 33.9 0s9.4 24.6 0 33.9z\"/>\n                            </svg>\n                            Happy Customers\n                        </li>\n                    </ul>\n                    <p class=\"info-two\">when an unknown printer took a galley of type and  aweratr scrambled it to make a type specimen bookhas a not only five centuries, but also the leap into electronic typesetting, remaining essentially unchan galley of type and scrambled it to make a type specimen book.</p>\n                </div>\n            </div>\n            <div class=\"col-59\">\n                <div class=\"thumb\">\n                    <img src=\"http://gerow.test/storage/services/5.jpg\" alt=\"\">\n                    <a href=\"https://www.youtube.com/watch?v=j4dPPWKsxFs\" class=\"play-btn popup-video\"><i class=\"fas fa-play\"></i></a>\n                </div>\n            </div>\n        </div>\n    </div>\n</div>\n','USA','Michael Turner',0,'projects/2.png',NULL,0,'published','2023-12-08 09:13:45','2023-12-08 09:13:45','Earnestine Runolfsson V','2006-12-13'),(3,'Startup Accelerator Program','Accelerate your startup’s growth with our intensive program. From idea to market entry, we provide mentorship, resources, and networking opportunities for success.','<div class=\"project-details-content\">\n    <div class=\"pd-inner-wrap\">\n        <div class=\"row align-items-center\">\n            <div class=\"col-41\">\n                <div class=\"content\">\n                    <h3 class=\"title-two\">Raise capital faster <br> negotiate on your own terms</h3>\n                    <p class=\"info-one\">when an unknown printer took a galley offer typey anddey scrambled make a type specimen bookhas survived not only five centuries but also.</p>\n                    <ul class=\"list-wrap\">\n                        <li>\n                            <svg xmlns=\"http://www.w3.org/2000/svg\" height=\"1em\" viewBox=\"0 0 512 512\">\n                                <path fill=\"currentColor\" d=\"M256 512A256 256 0 1 0 256 0a256 256 0 1 0 0 512zM369 209L241 337c-9.4 9.4-24.6 9.4-33.9 0l-64-64c-9.4-9.4-9.4-24.6 0-33.9s24.6-9.4 33.9 0l47 47L335 175c9.4-9.4 24.6-9.4 33.9 0s9.4 24.6 0 33.9z\"/>\n                            </svg>\n                            100% Better results\n                        </li>\n                        <li>\n                            <svg xmlns=\"http://www.w3.org/2000/svg\" height=\"1em\" viewBox=\"0 0 512 512\">\n                                <path fill=\"currentColor\" d=\"M256 512A256 256 0 1 0 256 0a256 256 0 1 0 0 512zM369 209L241 337c-9.4 9.4-24.6 9.4-33.9 0l-64-64c-9.4-9.4-9.4-24.6 0-33.9s24.6-9.4 33.9 0l47 47L335 175c9.4-9.4 24.6-9.4 33.9 0s9.4 24.6 0 33.9z\"/>\n                            </svg>\n                            Valuable Ideas\n                        </li>\n                        <li>\n                            <svg xmlns=\"http://www.w3.org/2000/svg\" height=\"1em\" viewBox=\"0 0 512 512\">\n                                <path fill=\"currentColor\" d=\"M256 512A256 256 0 1 0 256 0a256 256 0 1 0 0 512zM369 209L241 337c-9.4 9.4-24.6 9.4-33.9 0l-64-64c-9.4-9.4-9.4-24.6 0-33.9s24.6-9.4 33.9 0l47 47L335 175c9.4-9.4 24.6-9.4 33.9 0s9.4 24.6 0 33.9z\"/>\n                            </svg>\n                            Budget Friendly Theme\n                        </li>\n                        <li>\n                            <svg xmlns=\"http://www.w3.org/2000/svg\" height=\"1em\" viewBox=\"0 0 512 512\">\n                                <path fill=\"currentColor\" d=\"M256 512A256 256 0 1 0 256 0a256 256 0 1 0 0 512zM369 209L241 337c-9.4 9.4-24.6 9.4-33.9 0l-64-64c-9.4-9.4-9.4-24.6 0-33.9s24.6-9.4 33.9 0l47 47L335 175c9.4-9.4 24.6-9.4 33.9 0s9.4 24.6 0 33.9z\"/>\n                            </svg>\n                            Happy Customers\n                        </li>\n                    </ul>\n                    <p class=\"info-two\">when an unknown printer took a galley of type and  aweratr scrambled it to make a type specimen bookhas a not only five centuries, but also the leap into electronic typesetting, remaining essentially unchan galley of type and scrambled it to make a type specimen book.</p>\n                </div>\n            </div>\n            <div class=\"col-59\">\n                <div class=\"thumb\">\n                    <img src=\"http://gerow.test/storage/services/5.jpg\" alt=\"\">\n                    <a href=\"https://www.youtube.com/watch?v=j4dPPWKsxFs\" class=\"play-btn popup-video\"><i class=\"fas fa-play\"></i></a>\n                </div>\n            </div>\n        </div>\n    </div>\n</div>\n','Thailand','David Chen',0,'projects/3.png',NULL,0,'published','2023-12-08 09:13:45','2023-12-08 09:13:45','Josefa King','2015-07-27'),(4,'Marketing Mastery Series','Master the art of marketing with our comprehensive series. From branding to digital marketing, this series equips you with the skills to captivate your audience.','<div class=\"project-details-content\">\n    <div class=\"pd-inner-wrap\">\n        <div class=\"row align-items-center\">\n            <div class=\"col-41\">\n                <div class=\"content\">\n                    <h3 class=\"title-two\">Raise capital faster <br> negotiate on your own terms</h3>\n                    <p class=\"info-one\">when an unknown printer took a galley offer typey anddey scrambled make a type specimen bookhas survived not only five centuries but also.</p>\n                    <ul class=\"list-wrap\">\n                        <li>\n                            <svg xmlns=\"http://www.w3.org/2000/svg\" height=\"1em\" viewBox=\"0 0 512 512\">\n                                <path fill=\"currentColor\" d=\"M256 512A256 256 0 1 0 256 0a256 256 0 1 0 0 512zM369 209L241 337c-9.4 9.4-24.6 9.4-33.9 0l-64-64c-9.4-9.4-9.4-24.6 0-33.9s24.6-9.4 33.9 0l47 47L335 175c9.4-9.4 24.6-9.4 33.9 0s9.4 24.6 0 33.9z\"/>\n                            </svg>\n                            100% Better results\n                        </li>\n                        <li>\n                            <svg xmlns=\"http://www.w3.org/2000/svg\" height=\"1em\" viewBox=\"0 0 512 512\">\n                                <path fill=\"currentColor\" d=\"M256 512A256 256 0 1 0 256 0a256 256 0 1 0 0 512zM369 209L241 337c-9.4 9.4-24.6 9.4-33.9 0l-64-64c-9.4-9.4-9.4-24.6 0-33.9s24.6-9.4 33.9 0l47 47L335 175c9.4-9.4 24.6-9.4 33.9 0s9.4 24.6 0 33.9z\"/>\n                            </svg>\n                            Valuable Ideas\n                        </li>\n                        <li>\n                            <svg xmlns=\"http://www.w3.org/2000/svg\" height=\"1em\" viewBox=\"0 0 512 512\">\n                                <path fill=\"currentColor\" d=\"M256 512A256 256 0 1 0 256 0a256 256 0 1 0 0 512zM369 209L241 337c-9.4 9.4-24.6 9.4-33.9 0l-64-64c-9.4-9.4-9.4-24.6 0-33.9s24.6-9.4 33.9 0l47 47L335 175c9.4-9.4 24.6-9.4 33.9 0s9.4 24.6 0 33.9z\"/>\n                            </svg>\n                            Budget Friendly Theme\n                        </li>\n                        <li>\n                            <svg xmlns=\"http://www.w3.org/2000/svg\" height=\"1em\" viewBox=\"0 0 512 512\">\n                                <path fill=\"currentColor\" d=\"M256 512A256 256 0 1 0 256 0a256 256 0 1 0 0 512zM369 209L241 337c-9.4 9.4-24.6 9.4-33.9 0l-64-64c-9.4-9.4-9.4-24.6 0-33.9s24.6-9.4 33.9 0l47 47L335 175c9.4-9.4 24.6-9.4 33.9 0s9.4 24.6 0 33.9z\"/>\n                            </svg>\n                            Happy Customers\n                        </li>\n                    </ul>\n                    <p class=\"info-two\">when an unknown printer took a galley of type and  aweratr scrambled it to make a type specimen bookhas a not only five centuries, but also the leap into electronic typesetting, remaining essentially unchan galley of type and scrambled it to make a type specimen book.</p>\n                </div>\n            </div>\n            <div class=\"col-59\">\n                <div class=\"thumb\">\n                    <img src=\"http://gerow.test/storage/services/5.jpg\" alt=\"\">\n                    <a href=\"https://www.youtube.com/watch?v=j4dPPWKsxFs\" class=\"play-btn popup-video\"><i class=\"fas fa-play\"></i></a>\n                </div>\n            </div>\n        </div>\n    </div>\n</div>\n','Japan','Takashi Hamachi',0,'projects/4.png',NULL,0,'published','2023-12-08 09:13:45','2023-12-08 09:13:45','Lorenzo Predovic','1993-11-22'),(5,'Illustration Design','Vel in repellendus et est at. Perferendis in nesciunt et quos libero.','<div class=\"project-details-content\">\n    <div class=\"pd-inner-wrap\">\n        <div class=\"row align-items-center\">\n            <div class=\"col-41\">\n                <div class=\"content\">\n                    <h3 class=\"title-two\">Raise capital faster <br> negotiate on your own terms</h3>\n                    <p class=\"info-one\">when an unknown printer took a galley offer typey anddey scrambled make a type specimen bookhas survived not only five centuries but also.</p>\n                    <ul class=\"list-wrap\">\n                        <li>\n                            <svg xmlns=\"http://www.w3.org/2000/svg\" height=\"1em\" viewBox=\"0 0 512 512\">\n                                <path fill=\"currentColor\" d=\"M256 512A256 256 0 1 0 256 0a256 256 0 1 0 0 512zM369 209L241 337c-9.4 9.4-24.6 9.4-33.9 0l-64-64c-9.4-9.4-9.4-24.6 0-33.9s24.6-9.4 33.9 0l47 47L335 175c9.4-9.4 24.6-9.4 33.9 0s9.4 24.6 0 33.9z\"/>\n                            </svg>\n                            100% Better results\n                        </li>\n                        <li>\n                            <svg xmlns=\"http://www.w3.org/2000/svg\" height=\"1em\" viewBox=\"0 0 512 512\">\n                                <path fill=\"currentColor\" d=\"M256 512A256 256 0 1 0 256 0a256 256 0 1 0 0 512zM369 209L241 337c-9.4 9.4-24.6 9.4-33.9 0l-64-64c-9.4-9.4-9.4-24.6 0-33.9s24.6-9.4 33.9 0l47 47L335 175c9.4-9.4 24.6-9.4 33.9 0s9.4 24.6 0 33.9z\"/>\n                            </svg>\n                            Valuable Ideas\n                        </li>\n                        <li>\n                            <svg xmlns=\"http://www.w3.org/2000/svg\" height=\"1em\" viewBox=\"0 0 512 512\">\n                                <path fill=\"currentColor\" d=\"M256 512A256 256 0 1 0 256 0a256 256 0 1 0 0 512zM369 209L241 337c-9.4 9.4-24.6 9.4-33.9 0l-64-64c-9.4-9.4-9.4-24.6 0-33.9s24.6-9.4 33.9 0l47 47L335 175c9.4-9.4 24.6-9.4 33.9 0s9.4 24.6 0 33.9z\"/>\n                            </svg>\n                            Budget Friendly Theme\n                        </li>\n                        <li>\n                            <svg xmlns=\"http://www.w3.org/2000/svg\" height=\"1em\" viewBox=\"0 0 512 512\">\n                                <path fill=\"currentColor\" d=\"M256 512A256 256 0 1 0 256 0a256 256 0 1 0 0 512zM369 209L241 337c-9.4 9.4-24.6 9.4-33.9 0l-64-64c-9.4-9.4-9.4-24.6 0-33.9s24.6-9.4 33.9 0l47 47L335 175c9.4-9.4 24.6-9.4 33.9 0s9.4 24.6 0 33.9z\"/>\n                            </svg>\n                            Happy Customers\n                        </li>\n                    </ul>\n                    <p class=\"info-two\">when an unknown printer took a galley of type and  aweratr scrambled it to make a type specimen bookhas a not only five centuries, but also the leap into electronic typesetting, remaining essentially unchan galley of type and scrambled it to make a type specimen book.</p>\n                </div>\n            </div>\n            <div class=\"col-59\">\n                <div class=\"thumb\">\n                    <img src=\"http://gerow.test/storage/services/5.jpg\" alt=\"\">\n                    <a href=\"https://www.youtube.com/watch?v=j4dPPWKsxFs\" class=\"play-btn popup-video\"><i class=\"fas fa-play\"></i></a>\n                </div>\n            </div>\n        </div>\n    </div>\n</div>\n','USA','David Kane',0,'projects/5.png',NULL,0,'published','2023-12-08 09:13:45','2023-12-08 09:13:45','Marquise Grimes','1974-10-19'),(6,'Design & Development','Eos culpa quam odit et. Reiciendis velit repellat et ipsam ea. Fugiat fugiat sit animi aut eveniet.','<div class=\"project-details-content\">\n    <div class=\"pd-inner-wrap\">\n        <div class=\"row align-items-center\">\n            <div class=\"col-41\">\n                <div class=\"content\">\n                    <h3 class=\"title-two\">Raise capital faster <br> negotiate on your own terms</h3>\n                    <p class=\"info-one\">when an unknown printer took a galley offer typey anddey scrambled make a type specimen bookhas survived not only five centuries but also.</p>\n                    <ul class=\"list-wrap\">\n                        <li>\n                            <svg xmlns=\"http://www.w3.org/2000/svg\" height=\"1em\" viewBox=\"0 0 512 512\">\n                                <path fill=\"currentColor\" d=\"M256 512A256 256 0 1 0 256 0a256 256 0 1 0 0 512zM369 209L241 337c-9.4 9.4-24.6 9.4-33.9 0l-64-64c-9.4-9.4-9.4-24.6 0-33.9s24.6-9.4 33.9 0l47 47L335 175c9.4-9.4 24.6-9.4 33.9 0s9.4 24.6 0 33.9z\"/>\n                            </svg>\n                            100% Better results\n                        </li>\n                        <li>\n                            <svg xmlns=\"http://www.w3.org/2000/svg\" height=\"1em\" viewBox=\"0 0 512 512\">\n                                <path fill=\"currentColor\" d=\"M256 512A256 256 0 1 0 256 0a256 256 0 1 0 0 512zM369 209L241 337c-9.4 9.4-24.6 9.4-33.9 0l-64-64c-9.4-9.4-9.4-24.6 0-33.9s24.6-9.4 33.9 0l47 47L335 175c9.4-9.4 24.6-9.4 33.9 0s9.4 24.6 0 33.9z\"/>\n                            </svg>\n                            Valuable Ideas\n                        </li>\n                        <li>\n                            <svg xmlns=\"http://www.w3.org/2000/svg\" height=\"1em\" viewBox=\"0 0 512 512\">\n                                <path fill=\"currentColor\" d=\"M256 512A256 256 0 1 0 256 0a256 256 0 1 0 0 512zM369 209L241 337c-9.4 9.4-24.6 9.4-33.9 0l-64-64c-9.4-9.4-9.4-24.6 0-33.9s24.6-9.4 33.9 0l47 47L335 175c9.4-9.4 24.6-9.4 33.9 0s9.4 24.6 0 33.9z\"/>\n                            </svg>\n                            Budget Friendly Theme\n                        </li>\n                        <li>\n                            <svg xmlns=\"http://www.w3.org/2000/svg\" height=\"1em\" viewBox=\"0 0 512 512\">\n                                <path fill=\"currentColor\" d=\"M256 512A256 256 0 1 0 256 0a256 256 0 1 0 0 512zM369 209L241 337c-9.4 9.4-24.6 9.4-33.9 0l-64-64c-9.4-9.4-9.4-24.6 0-33.9s24.6-9.4 33.9 0l47 47L335 175c9.4-9.4 24.6-9.4 33.9 0s9.4 24.6 0 33.9z\"/>\n                            </svg>\n                            Happy Customers\n                        </li>\n                    </ul>\n                    <p class=\"info-two\">when an unknown printer took a galley of type and  aweratr scrambled it to make a type specimen bookhas a not only five centuries, but also the leap into electronic typesetting, remaining essentially unchan galley of type and scrambled it to make a type specimen book.</p>\n                </div>\n            </div>\n            <div class=\"col-59\">\n                <div class=\"thumb\">\n                    <img src=\"http://gerow.test/storage/services/5.jpg\" alt=\"\">\n                    <a href=\"https://www.youtube.com/watch?v=j4dPPWKsxFs\" class=\"play-btn popup-video\"><i class=\"fas fa-play\"></i></a>\n                </div>\n            </div>\n        </div>\n    </div>\n</div>\n','Canada','Franks Doe',0,'projects/6.png',NULL,0,'published','2023-12-08 09:13:45','2023-12-08 09:13:45','Desiree Koelpin','1987-01-26'),(7,'Marketing Consultancy','Quo consectetur voluptatibus cupiditate facere. Pariatur saepe aut occaecati voluptatem.','<div class=\"project-details-content\">\n    <div class=\"pd-inner-wrap\">\n        <div class=\"row align-items-center\">\n            <div class=\"col-41\">\n                <div class=\"content\">\n                    <h3 class=\"title-two\">Raise capital faster <br> negotiate on your own terms</h3>\n                    <p class=\"info-one\">when an unknown printer took a galley offer typey anddey scrambled make a type specimen bookhas survived not only five centuries but also.</p>\n                    <ul class=\"list-wrap\">\n                        <li>\n                            <svg xmlns=\"http://www.w3.org/2000/svg\" height=\"1em\" viewBox=\"0 0 512 512\">\n                                <path fill=\"currentColor\" d=\"M256 512A256 256 0 1 0 256 0a256 256 0 1 0 0 512zM369 209L241 337c-9.4 9.4-24.6 9.4-33.9 0l-64-64c-9.4-9.4-9.4-24.6 0-33.9s24.6-9.4 33.9 0l47 47L335 175c9.4-9.4 24.6-9.4 33.9 0s9.4 24.6 0 33.9z\"/>\n                            </svg>\n                            100% Better results\n                        </li>\n                        <li>\n                            <svg xmlns=\"http://www.w3.org/2000/svg\" height=\"1em\" viewBox=\"0 0 512 512\">\n                                <path fill=\"currentColor\" d=\"M256 512A256 256 0 1 0 256 0a256 256 0 1 0 0 512zM369 209L241 337c-9.4 9.4-24.6 9.4-33.9 0l-64-64c-9.4-9.4-9.4-24.6 0-33.9s24.6-9.4 33.9 0l47 47L335 175c9.4-9.4 24.6-9.4 33.9 0s9.4 24.6 0 33.9z\"/>\n                            </svg>\n                            Valuable Ideas\n                        </li>\n                        <li>\n                            <svg xmlns=\"http://www.w3.org/2000/svg\" height=\"1em\" viewBox=\"0 0 512 512\">\n                                <path fill=\"currentColor\" d=\"M256 512A256 256 0 1 0 256 0a256 256 0 1 0 0 512zM369 209L241 337c-9.4 9.4-24.6 9.4-33.9 0l-64-64c-9.4-9.4-9.4-24.6 0-33.9s24.6-9.4 33.9 0l47 47L335 175c9.4-9.4 24.6-9.4 33.9 0s9.4 24.6 0 33.9z\"/>\n                            </svg>\n                            Budget Friendly Theme\n                        </li>\n                        <li>\n                            <svg xmlns=\"http://www.w3.org/2000/svg\" height=\"1em\" viewBox=\"0 0 512 512\">\n                                <path fill=\"currentColor\" d=\"M256 512A256 256 0 1 0 256 0a256 256 0 1 0 0 512zM369 209L241 337c-9.4 9.4-24.6 9.4-33.9 0l-64-64c-9.4-9.4-9.4-24.6 0-33.9s24.6-9.4 33.9 0l47 47L335 175c9.4-9.4 24.6-9.4 33.9 0s9.4 24.6 0 33.9z\"/>\n                            </svg>\n                            Happy Customers\n                        </li>\n                    </ul>\n                    <p class=\"info-two\">when an unknown printer took a galley of type and  aweratr scrambled it to make a type specimen bookhas a not only five centuries, but also the leap into electronic typesetting, remaining essentially unchan galley of type and scrambled it to make a type specimen book.</p>\n                </div>\n            </div>\n            <div class=\"col-59\">\n                <div class=\"thumb\">\n                    <img src=\"http://gerow.test/storage/services/5.jpg\" alt=\"\">\n                    <a href=\"https://www.youtube.com/watch?v=j4dPPWKsxFs\" class=\"play-btn popup-video\"><i class=\"fas fa-play\"></i></a>\n                </div>\n            </div>\n        </div>\n    </div>\n</div>\n','India','Alexander Kavas',0,'projects/7.png',NULL,0,'published','2023-12-08 09:13:45','2023-12-08 09:13:45','Axel Fahey','1991-11-12'),(8,'Digital Marketing','Ullam pariatur vel hic sit et. Alias nam non qui et. Nemo cum nemo labore nihil accusantium fuga.','<div class=\"project-details-content\">\n    <div class=\"pd-inner-wrap\">\n        <div class=\"row align-items-center\">\n            <div class=\"col-41\">\n                <div class=\"content\">\n                    <h3 class=\"title-two\">Raise capital faster <br> negotiate on your own terms</h3>\n                    <p class=\"info-one\">when an unknown printer took a galley offer typey anddey scrambled make a type specimen bookhas survived not only five centuries but also.</p>\n                    <ul class=\"list-wrap\">\n                        <li>\n                            <svg xmlns=\"http://www.w3.org/2000/svg\" height=\"1em\" viewBox=\"0 0 512 512\">\n                                <path fill=\"currentColor\" d=\"M256 512A256 256 0 1 0 256 0a256 256 0 1 0 0 512zM369 209L241 337c-9.4 9.4-24.6 9.4-33.9 0l-64-64c-9.4-9.4-9.4-24.6 0-33.9s24.6-9.4 33.9 0l47 47L335 175c9.4-9.4 24.6-9.4 33.9 0s9.4 24.6 0 33.9z\"/>\n                            </svg>\n                            100% Better results\n                        </li>\n                        <li>\n                            <svg xmlns=\"http://www.w3.org/2000/svg\" height=\"1em\" viewBox=\"0 0 512 512\">\n                                <path fill=\"currentColor\" d=\"M256 512A256 256 0 1 0 256 0a256 256 0 1 0 0 512zM369 209L241 337c-9.4 9.4-24.6 9.4-33.9 0l-64-64c-9.4-9.4-9.4-24.6 0-33.9s24.6-9.4 33.9 0l47 47L335 175c9.4-9.4 24.6-9.4 33.9 0s9.4 24.6 0 33.9z\"/>\n                            </svg>\n                            Valuable Ideas\n                        </li>\n                        <li>\n                            <svg xmlns=\"http://www.w3.org/2000/svg\" height=\"1em\" viewBox=\"0 0 512 512\">\n                                <path fill=\"currentColor\" d=\"M256 512A256 256 0 1 0 256 0a256 256 0 1 0 0 512zM369 209L241 337c-9.4 9.4-24.6 9.4-33.9 0l-64-64c-9.4-9.4-9.4-24.6 0-33.9s24.6-9.4 33.9 0l47 47L335 175c9.4-9.4 24.6-9.4 33.9 0s9.4 24.6 0 33.9z\"/>\n                            </svg>\n                            Budget Friendly Theme\n                        </li>\n                        <li>\n                            <svg xmlns=\"http://www.w3.org/2000/svg\" height=\"1em\" viewBox=\"0 0 512 512\">\n                                <path fill=\"currentColor\" d=\"M256 512A256 256 0 1 0 256 0a256 256 0 1 0 0 512zM369 209L241 337c-9.4 9.4-24.6 9.4-33.9 0l-64-64c-9.4-9.4-9.4-24.6 0-33.9s24.6-9.4 33.9 0l47 47L335 175c9.4-9.4 24.6-9.4 33.9 0s9.4 24.6 0 33.9z\"/>\n                            </svg>\n                            Happy Customers\n                        </li>\n                    </ul>\n                    <p class=\"info-two\">when an unknown printer took a galley of type and  aweratr scrambled it to make a type specimen bookhas a not only five centuries, but also the leap into electronic typesetting, remaining essentially unchan galley of type and scrambled it to make a type specimen book.</p>\n                </div>\n            </div>\n            <div class=\"col-59\">\n                <div class=\"thumb\">\n                    <img src=\"http://gerow.test/storage/services/5.jpg\" alt=\"\">\n                    <a href=\"https://www.youtube.com/watch?v=j4dPPWKsxFs\" class=\"play-btn popup-video\"><i class=\"fas fa-play\"></i></a>\n                </div>\n            </div>\n        </div>\n    </div>\n</div>\n','Brazil','Roby Elexa',0,'projects/8.png',NULL,0,'published','2023-12-08 09:13:45','2023-12-08 09:13:45','Prof. Ashlynn Bergstrom MD','2011-03-16'),(9,'Strategic Planning','At aut commodi quae quasi modi mollitia. Recusandae voluptatem provident voluptatem.','<div class=\"project-details-content\">\n    <div class=\"pd-inner-wrap\">\n        <div class=\"row align-items-center\">\n            <div class=\"col-41\">\n                <div class=\"content\">\n                    <h3 class=\"title-two\">Raise capital faster <br> negotiate on your own terms</h3>\n                    <p class=\"info-one\">when an unknown printer took a galley offer typey anddey scrambled make a type specimen bookhas survived not only five centuries but also.</p>\n                    <ul class=\"list-wrap\">\n                        <li>\n                            <svg xmlns=\"http://www.w3.org/2000/svg\" height=\"1em\" viewBox=\"0 0 512 512\">\n                                <path fill=\"currentColor\" d=\"M256 512A256 256 0 1 0 256 0a256 256 0 1 0 0 512zM369 209L241 337c-9.4 9.4-24.6 9.4-33.9 0l-64-64c-9.4-9.4-9.4-24.6 0-33.9s24.6-9.4 33.9 0l47 47L335 175c9.4-9.4 24.6-9.4 33.9 0s9.4 24.6 0 33.9z\"/>\n                            </svg>\n                            100% Better results\n                        </li>\n                        <li>\n                            <svg xmlns=\"http://www.w3.org/2000/svg\" height=\"1em\" viewBox=\"0 0 512 512\">\n                                <path fill=\"currentColor\" d=\"M256 512A256 256 0 1 0 256 0a256 256 0 1 0 0 512zM369 209L241 337c-9.4 9.4-24.6 9.4-33.9 0l-64-64c-9.4-9.4-9.4-24.6 0-33.9s24.6-9.4 33.9 0l47 47L335 175c9.4-9.4 24.6-9.4 33.9 0s9.4 24.6 0 33.9z\"/>\n                            </svg>\n                            Valuable Ideas\n                        </li>\n                        <li>\n                            <svg xmlns=\"http://www.w3.org/2000/svg\" height=\"1em\" viewBox=\"0 0 512 512\">\n                                <path fill=\"currentColor\" d=\"M256 512A256 256 0 1 0 256 0a256 256 0 1 0 0 512zM369 209L241 337c-9.4 9.4-24.6 9.4-33.9 0l-64-64c-9.4-9.4-9.4-24.6 0-33.9s24.6-9.4 33.9 0l47 47L335 175c9.4-9.4 24.6-9.4 33.9 0s9.4 24.6 0 33.9z\"/>\n                            </svg>\n                            Budget Friendly Theme\n                        </li>\n                        <li>\n                            <svg xmlns=\"http://www.w3.org/2000/svg\" height=\"1em\" viewBox=\"0 0 512 512\">\n                                <path fill=\"currentColor\" d=\"M256 512A256 256 0 1 0 256 0a256 256 0 1 0 0 512zM369 209L241 337c-9.4 9.4-24.6 9.4-33.9 0l-64-64c-9.4-9.4-9.4-24.6 0-33.9s24.6-9.4 33.9 0l47 47L335 175c9.4-9.4 24.6-9.4 33.9 0s9.4 24.6 0 33.9z\"/>\n                            </svg>\n                            Happy Customers\n                        </li>\n                    </ul>\n                    <p class=\"info-two\">when an unknown printer took a galley of type and  aweratr scrambled it to make a type specimen bookhas a not only five centuries, but also the leap into electronic typesetting, remaining essentially unchan galley of type and scrambled it to make a type specimen book.</p>\n                </div>\n            </div>\n            <div class=\"col-59\">\n                <div class=\"thumb\">\n                    <img src=\"http://gerow.test/storage/services/5.jpg\" alt=\"\">\n                    <a href=\"https://www.youtube.com/watch?v=j4dPPWKsxFs\" class=\"play-btn popup-video\"><i class=\"fas fa-play\"></i></a>\n                </div>\n            </div>\n        </div>\n    </div>\n</div>\n','Thai Lan','Nicola Per',0,'projects/9.png',NULL,0,'published','2023-12-08 09:13:45','2023-12-08 09:13:45','Prof. Joseph Reilly','2004-08-07');

--
-- Table structure for table `pf_quotes`
--

CREATE TABLE `pf_quotes` (
  `id` bigint unsigned NOT NULL AUTO_INCREMENT,
  `name` varchar(191) COLLATE utf8mb4_unicode_ci DEFAULT NULL,
  `email` varchar(191) COLLATE utf8mb4_unicode_ci DEFAULT NULL,
  `message` text COLLATE utf8mb4_unicode_ci NOT NULL,
  `fields` text COLLATE utf8mb4_unicode_ci,
  `status` varchar(191) COLLATE utf8mb4_unicode_ci NOT NULL DEFAULT 'read',
  `created_at` timestamp NULL DEFAULT NULL,
  `updated_at` timestamp NULL DEFAULT NULL,
  PRIMARY KEY (`id`)
) ENGINE=InnoDB DEFAULT CHARSET=utf8mb4 COLLATE=utf8mb4_unicode_ci;

--
-- Dumping data for table `pf_quotes`
--


--
-- Table structure for table `pf_service_categories`
--

CREATE TABLE `pf_service_categories` (
  `id` bigint unsigned NOT NULL AUTO_INCREMENT,
  `parent_id` bigint unsigned DEFAULT NULL,
  `name` varchar(191) COLLATE utf8mb4_unicode_ci NOT NULL,
  `description` varchar(400) COLLATE utf8mb4_unicode_ci DEFAULT NULL,
  `image` varchar(191) COLLATE utf8mb4_unicode_ci DEFAULT NULL,
  `order` tinyint NOT NULL DEFAULT '0',
  `status` varchar(191) COLLATE utf8mb4_unicode_ci NOT NULL DEFAULT 'published',
  `created_at` timestamp NULL DEFAULT NULL,
  `updated_at` timestamp NULL DEFAULT NULL,
  PRIMARY KEY (`id`),
  KEY `pf_service_categories_parent_id_index` (`parent_id`)
) ENGINE=InnoDB AUTO_INCREMENT=5 DEFAULT CHARSET=utf8mb4 COLLATE=utf8mb4_unicode_ci;

--
-- Dumping data for table `pf_service_categories`
--

INSERT INTO `pf_service_categories` VALUES (1,NULL,'Financial Analysis','Odio tenetur tempore temporibus alias maxime aut. Minus earum aperiam veritatis possimus. In quaerat veritatis enim voluptates est et voluptatem. Quod et cupiditate ut odio sit. Quam consequatur et molestiae sapiente explicabo rerum omnis fugiat. Blanditiis sed dolorum expedita ipsam est omnis a. Sit aliquam voluptate rerum est. Maiores deleniti consectetur magnam.',NULL,1,'published','2023-12-08 09:13:45','2023-12-08 09:13:45'),(2,NULL,'Tax Strategy','Placeat quasi veniam quaerat quia enim. Dolore quam corporis quod perspiciatis aut impedit. Occaecati in consectetur distinctio culpa quis illum. Autem eos officia vitae unde ipsa magnam. Necessitatibus perspiciatis molestiae in nihil praesentium. Vero iure nisi sunt eum laudantium et dolores. Cum iste dolor sit nisi voluptas ea minima.',NULL,2,'published','2023-12-08 09:13:45','2023-12-08 09:13:45'),(3,NULL,'Market Research','Omnis distinctio quasi optio aliquam. Ut dolore culpa voluptatem ea. Atque recusandae tempora consectetur consequuntur. Qui doloribus et saepe non. Iure aut quaerat nihil. Dolor consequatur consequatur aut mollitia aut. Ut ut aut dolores ad voluptatibus voluptas. Quis expedita nemo perferendis dolor maiores. Tenetur ratione in et tempore. Provident mollitia ut aut illum.',NULL,3,'published','2023-12-08 09:13:45','2023-12-08 09:13:45'),(4,NULL,'Business Strategy','Quo animi eaque ut consequatur iure neque pariatur. Deleniti quibusdam dignissimos veritatis. Consequuntur enim eaque voluptatem labore mollitia sed. Tempora doloribus esse repellat. Officia corrupti aut reprehenderit qui voluptatem. Voluptatem officia sunt est et ut nihil.',NULL,4,'published','2023-12-08 09:13:45','2023-12-08 09:13:45');

--
-- Table structure for table `pf_service_categories_translations`
--

CREATE TABLE `pf_service_categories_translations` (
  `lang_code` varchar(191) COLLATE utf8mb4_unicode_ci NOT NULL,
  `pf_service_categories_id` bigint unsigned NOT NULL,
  `name` varchar(255) COLLATE utf8mb4_unicode_ci DEFAULT NULL,
  `description` varchar(400) COLLATE utf8mb4_unicode_ci DEFAULT NULL,
  PRIMARY KEY (`lang_code`,`pf_service_categories_id`)
) ENGINE=InnoDB DEFAULT CHARSET=utf8mb4 COLLATE=utf8mb4_unicode_ci;

--
-- Dumping data for table `pf_service_categories_translations`
--


--
-- Table structure for table `pf_services`
--

CREATE TABLE `pf_services` (
  `id` bigint unsigned NOT NULL AUTO_INCREMENT,
  `category_id` bigint unsigned NOT NULL,
  `name` varchar(191) COLLATE utf8mb4_unicode_ci NOT NULL,
  `description` varchar(400) COLLATE utf8mb4_unicode_ci DEFAULT NULL,
  `content` longtext COLLATE utf8mb4_unicode_ci,
  `is_featured` tinyint(1) NOT NULL DEFAULT '0',
  `image` varchar(191) COLLATE utf8mb4_unicode_ci DEFAULT NULL,
  `images` text COLLATE utf8mb4_unicode_ci,
  `views` int NOT NULL DEFAULT '0',
  `status` varchar(60) COLLATE utf8mb4_unicode_ci NOT NULL DEFAULT 'published',
  `created_at` timestamp NULL DEFAULT NULL,
  `updated_at` timestamp NULL DEFAULT NULL,
  PRIMARY KEY (`id`),
  KEY `pf_services_category_id_index` (`category_id`)
) ENGINE=InnoDB AUTO_INCREMENT=14 DEFAULT CHARSET=utf8mb4 COLLATE=utf8mb4_unicode_ci;

--
-- Dumping data for table `pf_services`
--

INSERT INTO `pf_services` VALUES (1,3,'Data Analyst','Analyzes financial data, optimizing processes for efficiency and identifying profitability opportunities.','<div>[content-rich-fields title=\"The Power of Data Analytics in Business Decision-Making\" description=\"Discover how data analytics can transform decision-making processes, drive innovation, and enhance competitiveness in today’s business world.\" right_image=\"galleries/1.png\" quantity=\"6\" title_1=\" Growing Business\" description_1=\"Finance Helps You To Convert Into A Strategic Asset Get.\" icon_1=\"flaticon-business-presentation\" title_2=\"Finance Investment\" description_2=\"Finance Investment Convert Into A Strategic Asset Get.\" icon_2=\"flaticon-investment\" title_3=\"Tax Advisory\" description_3=\"Tax Advisory Convert Into A Strategic Asset Get.\" icon_3=\"flaticon-taxes\" style=\"style-2\"][/content-rich-fields]</div><p>when an unknown printer took a galley of type and scrambled it to make a type specimen bookhas a not only five centuries, but also the leap into electronic typesetting, remaining essentially unchan galley of type and scrambled it to make a type specimen book.</p><div>[content-rich-fields title=\"Quality Industrial Working\" description=\"Discover how data analytics can transform decision-making processes, drive innovation, and enhance competitiveness in today’s business world.\" right_image=\"galleries/1.png\" quantity=\"6\" style=\"style-3\"][/content-rich-fields]</div><h2 class=\"title-two\">Effective Leadership: Inspiring Your Team to Success</h2><p>Dive into the qualities and strategies of effective leadership that inspire teams, foster growth, and achieve remarkable success.</p><div>[content-collapse quantity=\"3\" title_1=\"What does Financial Planning involve?\" description_1=\"Our Financial Planning services are designed to provide you with a comprehensive and customized financial roadmap. We begin by assessing your current financial situation, including income, expenses, assets, and liabilities. Based on your goals and aspirations, we develop a detailed plan that encompasses wealth management.\" title_2=\"How can Financial Analysis benefit my business?\" description_2=\"Financial Analysis can benefit your business in several ways. It offers a deep understanding of your financial health, helping you make informed decisions. By identifying cost-saving opportunities and revenue growth potential, it can significantly improve your bottom line. \" title_3=\"What does Tax Strategy involve?\" description_3=\"Our Tax Strategy services focus on optimizing your tax position while ensuring strict compliance with tax laws and regulations. We begin by conducting a thorough analysis of your financial records, transactions, and tax obligations.\"][/content-collapse]</div>',0,'services/1.png','[\"services\\/1.png\"]',8831,'published','2023-12-08 09:13:45','2023-12-08 09:13:45'),(2,2,'Liability Planner','Develops strategies to reduce tax burdens while maintaining legal compliance.','<h2 class=\"title-two\">Investment Strategies for a Secure Financial Future</h2><p>Gain insights into investment strategies that can help secure your financial future, whether for personal wealth or business growth.</p><div>[content-rich-fields title=\"Resilience in Business: Adapting to Change and Challenges\" description=\"Learn how resilience can be a powerful asset in business, enabling adaptability, growth, and the ability to overcome challenges.\" left_image=\"galleries/1.png\" quantity=\"4\" title_1=\"Budget Friendly Theme\" description_1=\"Finance Helps You To Convert Into A Strategic Asset Get.\" title_2=\"100% Better results\" description_2=\"Finance Helps You To Convert Into A Strategic Asset Get. \" title_3=\"Valuable Ideas\" description_3=\"Finance Helps You To Convert Into A Strategic Asset Get.\" title_4=\"Happy Customers\" style=\"style-1\"][/content-rich-fields]</div><div>[content-rich-fields title=\"The Power of Data Analytics in Business Decision-Making\" description=\"Discover how data analytics can transform decision-making processes, drive innovation, and enhance competitiveness in today’s business world.\" right_image=\"galleries/1.png\" quantity=\"6\" title_1=\" Growing Business\" description_1=\"Finance Helps You To Convert Into A Strategic Asset Get.\" icon_1=\"flaticon-business-presentation\" title_2=\"Finance Investment\" description_2=\"Finance Investment Convert Into A Strategic Asset Get.\" icon_2=\"flaticon-investment\" title_3=\"Tax Advisory\" description_3=\"Tax Advisory Convert Into A Strategic Asset Get.\" icon_3=\"flaticon-taxes\" style=\"style-2\"][/content-rich-fields]</div><div>[content-rich-fields title=\"Effective Networking for Business Professionals\" description=\"Discover techniques and best practices for effective networking to build valuable connections and expand your professional reach.\" left_image=\"services/4.png\" right_image=\"general/about-img02.png\" quantity=\"3\" title_1=\"Growing Business\" description_1=\"Finance Helps You To Convert Into A Strategic Asset Get.\" icon_1=\"flaticon-business-presentation\" title_2=\"Finance Investment\" description_2=\"Finance Helps You To Convert Into A Strategic Asset Get.\" icon_2=\"flaticon-investment\" title_3=\"Tax Advisory\" description_3=\"Finance Helps You To Convert Into A Strategic Asset Get.\" icon_3=\"flaticon-taxes\" style=\"style-3\"][/content-rich-fields]</div><p>when an unknown printer took a galley of type and scrambled it to make a type specimen bookhas a not only five centuries, but also the leap into electronic typesetting, remaining essentially unchan galley of type and scrambled it to make a type specimen book.</p><div>[content-collapse quantity=\"3\" title_1=\"What does your Financial Analysis service entail?\" description_1=\"Our Financial Analysis service is a comprehensive examination of your financial data and operations. We meticulously review your income statements, balance sheets, cash flow statements, and other financial records. We also assess your business processes, cost structures, and revenue streams.\" title_2=\"How can Financial Analysis benefit my business?\" description_2=\"Financial Analysis can benefit your business in several ways. It offers a deep understanding of your financial health, helping you make informed decisions. By identifying cost-saving opportunities and revenue growth potential, it can significantly improve your bottom line. \" title_3=\"What does Tax Strategy involve?\" description_3=\"Our Tax Strategy services focus on optimizing your tax position while ensuring strict compliance with tax laws and regulations. We begin by conducting a thorough analysis of your financial records, transactions, and tax obligations.\"][/content-collapse]</div>',1,'services/3.png','[\"services\\/3.png\"]',8197,'published','2023-12-08 09:13:45','2023-12-08 09:13:45'),(3,4,'Growth Planner','Develops strategies for sustainable market expansion and business growth.','<div>[content-rich-fields title=\"Effective Leadership: Inspiring Your Team to Success\" description=\"Dive into the qualities and strategies of effective leadership that inspire teams, foster growth, and achieve remarkable success.\" left_image=\"services/4.png\" right_image=\"galleries/1.png\" quantity=\"6\" style=\"style-3\"][/content-rich-fields]</div><p>when an unknown printer took a galley of type and scrambled it to make a type specimen bookhas a not only five centuries, but also the leap into electronic typesetting, remaining essentially unchan galley of type and scrambled it to make a type specimen book.</p><div>[content-rich-fields title=\"The Power of Data Analytics in Business Decision-Making\" description=\"Discover how data analytics can transform decision-making processes, drive innovation, and enhance competitiveness in today’s business world.\" right_image=\"galleries/1.png\" quantity=\"6\" title_1=\" Growing Business\" description_1=\"Finance Helps You To Convert Into A Strategic Asset Get.\" icon_1=\"flaticon-business-presentation\" title_2=\"Finance Investment\" description_2=\"Finance Investment Convert Into A Strategic Asset Get.\" icon_2=\"flaticon-investment\" title_3=\"Tax Advisory\" description_3=\"Tax Advisory Convert Into A Strategic Asset Get.\" icon_3=\"flaticon-taxes\" style=\"style-2\"][/content-rich-fields]</div><h2 class=\"title-two\">Effective Leadership: Inspiring Your Team to Success</h2><p>Dive into the qualities and strategies of effective leadership that inspire teams, foster growth, and achieve remarkable success.</p><div>[content-collapse quantity=\"3\" title_1=\"What does Financial Planning involve?\" description_1=\"Our Financial Planning services are designed to provide you with a comprehensive and customized financial roadmap. We begin by assessing your current financial situation, including income, expenses, assets, and liabilities. Based on your goals and aspirations, we develop a detailed plan that encompasses wealth management.\" title_2=\"How can Financial Analysis benefit my business?\" description_2=\"Financial Analysis can benefit your business in several ways. It offers a deep understanding of your financial health, helping you make informed decisions. By identifying cost-saving opportunities and revenue growth potential, it can significantly improve your bottom line. \" title_3=\"What does Tax Strategy involve?\" description_3=\"Our Tax Strategy services focus on optimizing your tax position while ensuring strict compliance with tax laws and regulations. We begin by conducting a thorough analysis of your financial records, transactions, and tax obligations.\"][/content-collapse]</div>',0,'services/4.png','[\"services\\/2.png\"]',8521,'published','2023-12-08 09:13:45','2023-12-08 09:13:45'),(4,3,'Risk Manager','Identifies and manages risks while aligning strategies with business goals.','<h2 class=\"title-two\">How to Create a Winning Marketing Plan</h2><p>Learn the essential steps and elements to craft a winning marketing plan that effectively reaches your target audience and drives results.</p><div>[content-rich-fields title=\"Balancing Act: Work-Life Integration for Business Owners\" description=\"Discover strategies for achieving work-life integration as a business owner, ensuring well-being and productivity in both spheres.\" left_image=\"galleries/1.png\" quantity=\"4\" title_1=\"100% Better results\" description_1=\"Finance Helps You To Convert Into A Strategic Asset Get.\" title_2=\"Valuable Ideas\" description_2=\"Finance Helps You To Convert Into A Strategic Asset Get. \" title_3=\"Budget Friendly Theme\" title_4=\"Happy Customers\" style=\"style-1\"][/content-rich-fields]</div><div>[content-rich-fields title=\"The Impact of Sustainable Practices on Business Sustainability\" description=\"Explore the positive impact of sustainable business practices on long-term sustainability, environmental responsibility, and brand reputation.\" left_image=\"services/4.png\" right_image=\"galleries/1.png\" quantity=\"6\" style=\"style-3\"][/content-rich-fields]</div><p>when an unknown printer took a galley of type and scrambled it to make a type specimen bookhas a not only five centuries, but also the leap into electronic typesetting, remaining essentially unchan galley of type and scrambled it to make a type specimen book.</p><div>[content-collapse quantity=\"3\" title_1=\"What does your Financial Analysis service entail?\" description_1=\"Our Financial Analysis service is a comprehensive examination of your financial data and operations. We meticulously review your income statements, balance sheets, cash flow statements, and other financial records. We also assess your business processes, cost structures, and revenue streams.\" title_2=\"How can Financial Analysis benefit my business?\" description_2=\"Financial Analysis can benefit your business in several ways. It offers a deep understanding of your financial health, helping you make informed decisions. By identifying cost-saving opportunities and revenue growth potential, it can significantly improve your bottom line. \" title_3=\"What does Tax Strategy involve?\" description_3=\"Our Tax Strategy services focus on optimizing your tax position while ensuring strict compliance with tax laws and regulations. We begin by conducting a thorough analysis of your financial records, transactions, and tax obligations.\"][/content-collapse]</div>',0,'services/2.png','[\"services\\/4.png\"]',6248,'published','2023-12-08 09:13:45','2023-12-08 09:13:45'),(5,4,'Retirement Planner','Helps clients plan for a secure and comfortable retirement.','<div>[content-rich-fields title=\"The Power of Data Analytics in Business Decision-Making\" description=\"Discover how data analytics can transform decision-making processes, drive innovation, and enhance competitiveness in today’s business world.\" right_image=\"galleries/1.png\" quantity=\"6\" title_1=\" Growing Business\" description_1=\"Finance Helps You To Convert Into A Strategic Asset Get.\" icon_1=\"flaticon-business-presentation\" title_2=\"Finance Investment\" description_2=\"Finance Investment Convert Into A Strategic Asset Get.\" icon_2=\"flaticon-investment\" title_3=\"Tax Advisory\" description_3=\"Tax Advisory Convert Into A Strategic Asset Get.\" icon_3=\"flaticon-taxes\" style=\"style-2\"][/content-rich-fields]</div><p>Learn how businesses can leverage technology to gain a competitive edge, streamline operations, and deliver exceptional value to customers. Explore the importance of building a strong employer brand to attract and retain top talent in a competitive job market.</p><div>[content-rich-fields title=\"Productivity Hacks for Busy Entrepreneurs\" description=\"Explore practical productivity hacks and time management strategies designed to help busy entrepreneurs optimize their workflows.\" left_image=\"services/4.png\" right_image=\"galleries/1.png\" quantity=\"6\" style=\"style-3\"][/content-rich-fields]</div><h2 class=\"title-two\">Measuring Success: Key Performance Indicators (KPIs) for Business</h2><p>when an unknown printer took a galley of type and scrambled it to make a type specimen bookhas a not only five centuries, but also the leap into electronic typesetting, remaining essentially unchan galley of type and scrambled it to make a type specimen book.</p><div>[content-collapse quantity=\"3\" title_1=\"What does your Financial Analysis service entail?\" description_1=\"Our Financial Analysis service is a comprehensive examination of your financial data and operations. We meticulously review your income statements, balance sheets, cash flow statements, and other financial records. We also assess your business processes, cost structures, and revenue streams.\" title_2=\"How can Financial Analysis benefit my business?\" description_2=\"Financial Analysis can benefit your business in several ways. It offers a deep understanding of your financial health, helping you make informed decisions. By identifying cost-saving opportunities and revenue growth potential, it can significantly improve your bottom line. \" title_3=\"What does Tax Strategy involve?\" description_3=\"Our Tax Strategy services focus on optimizing your tax position while ensuring strict compliance with tax laws and regulations. We begin by conducting a thorough analysis of your financial records, transactions, and tax obligations.\"][/content-collapse]</div>',0,'services/4.png','[\"services\\/3.png\"]',5202,'published','2023-12-08 09:13:45','2023-12-08 09:13:45'),(6,2,'Risk Analyst','Identifies potential risks and develops strategies to mitigate them.','<div>[content-rich-fields title=\"Effective Networking for Business Professionals\" description=\"Discover techniques and best practices for effective networking to build valuable connections and expand your professional reach.\" left_image=\"galleries/1.png\" quantity=\"4\" title_1=\"100% Better results\" description_1=\"Finance Helps You To Convert Into A Strategic Asset Get.\" title_2=\"Valuable Ideas\" description_2=\"Finance Helps You To Convert Into A Strategic Asset Get. \" title_3=\"Budget Friendly Theme\" title_4=\"Happy Customers\" style=\"style-1\"][/content-rich-fields]</div><p>Dive into effective sales strategies and tactics to maximize revenue and market share in a highly competitive business environment.</p><div>[content-rich-fields title=\"The Power of Data Analytics in Business Decision-Making\" description=\"Discover how data analytics can transform decision-making processes, drive innovation, and enhance competitiveness in today’s business world.\" right_image=\"galleries/1.png\" quantity=\"6\" title_1=\" Growing Business\" description_1=\"Finance Helps You To Convert Into A Strategic Asset Get.\" icon_1=\"flaticon-business-presentation\" title_2=\"Finance Investment\" description_2=\"Finance Investment Convert Into A Strategic Asset Get.\" icon_2=\"flaticon-investment\" title_3=\"Tax Advisory\" description_3=\"Tax Advisory Convert Into A Strategic Asset Get.\" icon_3=\"flaticon-taxes\" style=\"style-2\"][/content-rich-fields]</div><h2 class=\"title-two\">The Human Factor: HR Best Practices for Businesses</h2><p>Learn about HR best practices that promote a positive workplace culture, employee engagement, and overall business success.</p><div>[content-collapse quantity=\"3\" title_1=\"What does your Financial Analysis service entail?\" description_1=\"Our Financial Analysis service is a comprehensive examination of your financial data and operations. We meticulously review your income statements, balance sheets, cash flow statements, and other financial records. We also assess your business processes, cost structures, and revenue streams.\" title_2=\"How can Financial Analysis benefit my business?\" description_2=\"Financial Analysis can benefit your business in several ways. It offers a deep understanding of your financial health, helping you make informed decisions. By identifying cost-saving opportunities and revenue growth potential, it can significantly improve your bottom line. \" title_3=\"What does Tax Strategy involve?\" description_3=\"Our Tax Strategy services focus on optimizing your tax position while ensuring strict compliance with tax laws and regulations. We begin by conducting a thorough analysis of your financial records, transactions, and tax obligations.\"][/content-collapse]</div>',0,'services/2.png','[\"services\\/2.png\"]',4455,'published','2023-12-08 09:13:45','2023-12-08 09:13:45'),(7,3,'Insurance Expert','Advises on insurance solutions to protect against various risks.','<p>Gain insights into investment strategies that can help secure your financial future, whether for personal wealth or business growth. Learn how resilience can be a powerful asset in business, enabling adaptability, growth, and the ability to overcome challenges.</p><div>[content-rich-fields title=\"Effective Networking for Business Professionals\" description=\"Discover techniques and best practices for effective networking to build valuable connections and expand your professional reach.\" left_image=\"galleries/1.png\" quantity=\"4\" title_1=\"100% Better results\" description_1=\"Finance Helps You To Convert Into A Strategic Asset Get.\" title_2=\"Valuable Ideas\" description_2=\"Finance Helps You To Convert Into A Strategic Asset Get. \" title_3=\"Budget Friendly Theme\" title_4=\"Happy Customers\" style=\"style-1\"][/content-rich-fields]</div><div>[content-rich-fields title=\"The Power of Data Analytics in Business Decision-Making\" description=\"Discover how data analytics can transform decision-making processes, drive innovation, and enhance competitiveness in today’s business world.\" right_image=\"galleries/1.png\" quantity=\"6\" title_1=\" Growing Business\" description_1=\"Finance Helps You To Convert Into A Strategic Asset Get.\" icon_1=\"flaticon-business-presentation\" title_2=\"Finance Investment\" description_2=\"Finance Investment Convert Into A Strategic Asset Get.\" icon_2=\"flaticon-investment\" title_3=\"Tax Advisory\" description_3=\"Tax Advisory Convert Into A Strategic Asset Get.\" icon_3=\"flaticon-taxes\" style=\"style-2\"][/content-rich-fields]</div><div>[content-rich-fields title=\"Productivity Hacks for Busy Entrepreneurs\" description=\"Explore practical productivity hacks and time management strategies designed to help busy entrepreneurs optimize their workflows.\" left_image=\"services/4.png\" right_image=\"galleries/1.png\" quantity=\"6\" style=\"style-3\"][/content-rich-fields]</div><div>[content-collapse quantity=\"3\" title_1=\"What does your Financial Analysis service entail?\" description_1=\"Our Financial Analysis service is a comprehensive examination of your financial data and operations. We meticulously review your income statements, balance sheets, cash flow statements, and other financial records. We also assess your business processes, cost structures, and revenue streams.\" title_2=\"How can Financial Analysis benefit my business?\" description_2=\"Financial Analysis can benefit your business in several ways. It offers a deep understanding of your financial health, helping you make informed decisions. By identifying cost-saving opportunities and revenue growth potential, it can significantly improve your bottom line. \" title_3=\"What does Tax Strategy involve?\" description_3=\"Our Tax Strategy services focus on optimizing your tax position while ensuring strict compliance with tax laws and regulations. We begin by conducting a thorough analysis of your financial records, transactions, and tax obligations.\"][/content-collapse]</div>',1,'services/4.png','[\"services\\/4.png\"]',5272,'published','2023-12-08 09:13:45','2023-12-08 09:13:45'),(8,1,'Budget Manager','Ensures projects stay within budget constraints while meeting objectives.','<div>[content-rich-fields title=\"The Power of Data Analytics in Business Decision-Making\" description=\"Discover how data analytics can transform decision-making processes, drive innovation, and enhance competitiveness in today’s business world.\" right_image=\"galleries/1.png\" quantity=\"6\" title_1=\" Growing Business\" description_1=\"Finance Helps You To Convert Into A Strategic Asset Get.\" icon_1=\"flaticon-business-presentation\" title_2=\"Finance Investment\" description_2=\"Finance Investment Convert Into A Strategic Asset Get.\" icon_2=\"flaticon-investment\" title_3=\"Tax Advisory\" description_3=\"Tax Advisory Convert Into A Strategic Asset Get.\" icon_3=\"flaticon-taxes\" style=\"style-2\"][/content-rich-fields]</div><p>Learn how resilience can be a powerful asset in business, enabling adaptability, growth, and the ability to overcome challenges.</p><div>[content-rich-fields title=\"Productivity Hacks for Busy Entrepreneurs\" description=\"Explore practical productivity hacks and time management strategies designed to help busy entrepreneurs optimize their workflows.\" left_image=\"services/4.png\" right_image=\"galleries/1.png\" quantity=\"6\" style=\"style-3\"][/content-rich-fields]</div><h2 class=\"title-two\">Productivity Hacks for Busy Entrepreneurs</h2><p>Explore practical productivity hacks and time management strategies designed to help busy entrepreneurs optimize their workflows.</p><div>[content-collapse quantity=\"3\" title_1=\"What does your Financial Analysis service entail?\" description_1=\"Our Financial Analysis service is a comprehensive examination of your financial data and operations. We meticulously review your income statements, balance sheets, cash flow statements, and other financial records. We also assess your business processes, cost structures, and revenue streams.\" title_2=\"How can Financial Analysis benefit my business?\" description_2=\"Financial Analysis can benefit your business in several ways. It offers a deep understanding of your financial health, helping you make informed decisions. By identifying cost-saving opportunities and revenue growth potential, it can significantly improve your bottom line. \" title_3=\"What does Tax Strategy involve?\" description_3=\"Our Tax Strategy services focus on optimizing your tax position while ensuring strict compliance with tax laws and regulations. We begin by conducting a thorough analysis of your financial records, transactions, and tax obligations.\"][/content-collapse]</div>',0,'services/2.png','[\"services\\/4.png\"]',2249,'published','2023-12-08 09:13:45','2023-12-08 09:13:45'),(9,4,'Strategy Adviser','Provides strategic guidance for enhancing competitiveness and profitability.','<div>[content-rich-fields title=\"The Power of Data Analytics in Business Decision-Making\" description=\"Discover how data analytics can transform decision-making processes, drive innovation, and enhance competitiveness in today’s business world.\" right_image=\"galleries/1.png\" quantity=\"6\" title_1=\" Growing Business\" description_1=\"Finance Helps You To Convert Into A Strategic Asset Get.\" icon_1=\"flaticon-business-presentation\" title_2=\"Finance Investment\" description_2=\"Finance Investment Convert Into A Strategic Asset Get.\" icon_2=\"flaticon-investment\" title_3=\"Tax Advisory\" description_3=\"Tax Advisory Convert Into A Strategic Asset Get.\" icon_3=\"flaticon-taxes\" style=\"style-2\"][/content-rich-fields]</div><p>Learn how resilience can be a powerful asset in business, enabling adaptability, growth, and the ability to overcome challenges.</p><div>[content-rich-fields title=\"Productivity Hacks for Busy Entrepreneurs\" description=\"Explore practical productivity hacks and time management strategies designed to help busy entrepreneurs optimize their workflows.\" left_image=\"services/4.png\" right_image=\"galleries/1.png\" quantity=\"6\" style=\"style-3\"][/content-rich-fields]</div><div>[content-rich-fields title=\"Effective Networking for Business Professionals\" description=\"Discover techniques and best practices for effective networking to build valuable connections and expand your professional reach.\" right_image=\"galleries/1.png\" right_link=\"https://www.youtube.com/watch?v=JAiKnnb9dH8\" quantity=\"4\" title_1=\"100% Better results\" description_1=\"Finance Helps You To Convert Into A Strategic Asset Get.\" title_2=\"Valuable Ideas\" description_2=\"Finance Helps You To Convert Into A Strategic Asset Get. \" title_3=\"Budget Friendly Theme\" title_4=\"Happy Customers\" style=\"style-1\"][/content-rich-fields]</div><h2 class=\"title-two\">Productivity Hacks for Busy Entrepreneurs</h2><p>Explore practical productivity hacks and time management strategies designed to help busy entrepreneurs optimize their workflows.</p><div>[content-collapse quantity=\"3\" title_1=\"What does your Financial Analysis service entail?\" description_1=\"Our Financial Analysis service is a comprehensive examination of your financial data and operations. We meticulously review your income statements, balance sheets, cash flow statements, and other financial records. We also assess your business processes, cost structures, and revenue streams.\" title_2=\"How can Financial Analysis benefit my business?\" description_2=\"Financial Analysis can benefit your business in several ways. It offers a deep understanding of your financial health, helping you make informed decisions. By identifying cost-saving opportunities and revenue growth potential, it can significantly improve your bottom line. \" title_3=\"What does Tax Strategy involve?\" description_3=\"Our Tax Strategy services focus on optimizing your tax position while ensuring strict compliance with tax laws and regulations. We begin by conducting a thorough analysis of your financial records, transactions, and tax obligations.\"][/content-collapse]</div>',1,'services/1.png','[\"services\\/4.png\"]',617,'published','2023-12-08 09:13:45','2023-12-08 09:13:45'),(10,4,'Operations Expert','Assists in optimizing business processes and operational efficiency.','<div>[content-rich-fields title=\"The Power of Data Analytics in Business Decision-Making\" description=\"Discover how data analytics can transform decision-making processes, drive innovation, and enhance competitiveness in today’s business world.\" right_image=\"galleries/1.png\" quantity=\"6\" title_1=\" Growing Business\" description_1=\"Finance Helps You To Convert Into A Strategic Asset Get.\" icon_1=\"flaticon-business-presentation\" title_2=\"Finance Investment\" description_2=\"Finance Investment Convert Into A Strategic Asset Get.\" icon_2=\"flaticon-investment\" title_3=\"Tax Advisory\" description_3=\"Tax Advisory Convert Into A Strategic Asset Get.\" icon_3=\"flaticon-taxes\" style=\"style-2\"][/content-rich-fields]</div><p>Learn how resilience can be a powerful asset in business, enabling adaptability, growth, and the ability to overcome challenges.</p><div>[content-rich-fields title=\"Productivity Hacks for Busy Entrepreneurs\" description=\"Explore practical productivity hacks and time management strategies designed to help busy entrepreneurs optimize their workflows.\" left_image=\"services/4.png\" right_image=\"galleries/1.png\" quantity=\"6\" style=\"style-3\"][/content-rich-fields]</div><h2 class=\"title-two\">Productivity Hacks for Busy Entrepreneurs</h2><p>Explore practical productivity hacks and time management strategies designed to help busy entrepreneurs optimize their workflows.</p><div>[content-collapse quantity=\"3\" title_1=\"What does your Financial Analysis service entail?\" description_1=\"Our Financial Analysis service is a comprehensive examination of your financial data and operations. We meticulously review your income statements, balance sheets, cash flow statements, and other financial records. We also assess your business processes, cost structures, and revenue streams.\" title_2=\"How can Financial Analysis benefit my business?\" description_2=\"Financial Analysis can benefit your business in several ways. It offers a deep understanding of your financial health, helping you make informed decisions. By identifying cost-saving opportunities and revenue growth potential, it can significantly improve your bottom line. \" title_3=\"What does Tax Strategy involve?\" description_3=\"Our Tax Strategy services focus on optimizing your tax position while ensuring strict compliance with tax laws and regulations. We begin by conducting a thorough analysis of your financial records, transactions, and tax obligations.\"][/content-collapse]</div>',1,'services/2.png','[\"services\\/4.png\"]',5907,'published','2023-12-08 09:13:45','2023-12-08 09:13:45'),(11,1,'Profit Strategist','Develops strategies to maximize profits and enhance overall financial performance.','<div>[content-rich-fields title=\"Productivity Hacks for Busy Entrepreneurs\" description=\"Explore practical productivity hacks and time management strategies designed to help busy entrepreneurs optimize their workflows.\" left_image=\"services/4.png\" right_image=\"galleries/1.png\" quantity=\"6\" style=\"style-3\"][/content-rich-fields]</div><p>Learn how resilience can be a powerful asset in business, enabling adaptability, growth, and the ability to overcome challenges.</p><div>[content-rich-fields title=\"Creating a Customer-Centric Brand Experience\" description=\"Delve into the concept of creating a customer-centric brand experience that fosters loyalty and drives business success.\" right_image=\"galleries/1.png\" right_link=\"https://www.youtube.com/watch?v=JAiKnnb9dH8\" quantity=\"4\" title_1=\"100% Better results\" description_1=\"Finance Helps You To Convert Into A Strategic Asset Get.\" title_2=\"Valuable Ideas\" description_2=\"Finance Helps You To Convert Into A Strategic Asset Get. \" title_3=\"Budget Friendly Theme\" title_4=\"Happy Customers\" style=\"style-1\"][/content-rich-fields]</div><h2 class=\"title-two\">Productivity Hacks for Busy Entrepreneurs</h2><p>Explore practical productivity hacks and time management strategies designed to help busy entrepreneurs optimize their workflows.</p><div>[content-collapse quantity=\"3\" title_1=\"What does your Financial Analysis service entail?\" description_1=\"Our Financial Analysis service is a comprehensive examination of your financial data and operations. We meticulously review your income statements, balance sheets, cash flow statements, and other financial records. We also assess your business processes, cost structures, and revenue streams.\" title_2=\"How can Financial Analysis benefit my business?\" description_2=\"Financial Analysis can benefit your business in several ways. It offers a deep understanding of your financial health, helping you make informed decisions. By identifying cost-saving opportunities and revenue growth potential, it can significantly improve your bottom line. \" title_3=\"What does Tax Strategy involve?\" description_3=\"Our Tax Strategy services focus on optimizing your tax position while ensuring strict compliance with tax laws and regulations. We begin by conducting a thorough analysis of your financial records, transactions, and tax obligations.\"][/content-collapse]</div>',1,'services/1.png','[\"services\\/4.png\"]',8798,'published','2023-12-08 09:13:45','2023-12-08 09:13:45'),(12,2,'Objective Planner','Sets clear and aligned business objectives to drive success and growth.','<p>Learn how resilience can be a powerful asset in business, enabling adaptability, growth, and the ability to overcome challenges.</p><div>[content-rich-fields title=\"The Power of Data Analytics in Business Decision-Making\" description=\"Discover how data analytics can transform decision-making processes, drive innovation, and enhance competitiveness in today’s business world.\" right_image=\"galleries/1.png\" quantity=\"6\" title_1=\" Growing Business\" description_1=\"Finance Helps You To Convert Into A Strategic Asset Get.\" icon_1=\"flaticon-business-presentation\" title_2=\"Finance Investment\" description_2=\"Finance Investment Convert Into A Strategic Asset Get.\" icon_2=\"flaticon-investment\" title_3=\"Tax Advisory\" description_3=\"Tax Advisory Convert Into A Strategic Asset Get.\" icon_3=\"flaticon-taxes\" style=\"style-2\"][/content-rich-fields]</div><p>Learn how resilience can be a powerful asset in business, enabling adaptability, growth, and the ability to overcome challenges.</p><div>[content-rich-fields title=\"Productivity Hacks for Busy Entrepreneurs\" description=\"Explore practical productivity hacks and time management strategies designed to help busy entrepreneurs optimize their workflows.\" left_image=\"services/4.png\" right_image=\"galleries/1.png\" quantity=\"6\" style=\"style-3\"][/content-rich-fields]</div><h2 class=\"title-two\">Building a Strong Employer Brand for Talent Acquisition</h2><p>Explore the importance of building a strong employer brand to attract and retain top talent in a competitive job market.</p><div>[content-collapse quantity=\"3\" title_1=\"What does your Financial Analysis service entail?\" description_1=\"Our Financial Analysis service is a comprehensive examination of your financial data and operations. We meticulously review your income statements, balance sheets, cash flow statements, and other financial records. We also assess your business processes, cost structures, and revenue streams.\" title_2=\"How can Financial Analysis benefit my business?\" description_2=\"Financial Analysis can benefit your business in several ways. It offers a deep understanding of your financial health, helping you make informed decisions. By identifying cost-saving opportunities and revenue growth potential, it can significantly improve your bottom line. \" title_3=\"What does Tax Strategy involve?\" description_3=\"Our Tax Strategy services focus on optimizing your tax position while ensuring strict compliance with tax laws and regulations. We begin by conducting a thorough analysis of your financial records, transactions, and tax obligations.\"][/content-collapse]</div>',0,'services/2.png','[\"services\\/4.png\"]',8583,'published','2023-12-08 09:13:45','2023-12-08 09:13:45'),(13,1,'Goal Specialist','Guides organizations in defining and achieving their strategic goals.','<h2 class=\"title-two\">Productivity Hacks for Busy Entrepreneurs</h2><p>Learn how resilience can be a powerful asset in business, enabling adaptability, growth, and the ability to overcome challenges.</p><div>[content-rich-fields title=\"Creating a Customer-Centric Brand Experience\" description=\"Delve into the concept of creating a customer-centric brand experience that fosters loyalty and drives business success.\" right_image=\"galleries/1.png\" right_link=\"https://www.youtube.com/watch?v=JAiKnnb9dH8\" quantity=\"4\" title_1=\"100% Better results\" description_1=\"Finance Helps You To Convert Into A Strategic Asset Get.\" title_2=\"Valuable Ideas\" description_2=\"Finance Helps You To Convert Into A Strategic Asset Get. \" title_3=\"Budget Friendly Theme\" title_4=\"Happy Customers\" style=\"style-1\"][/content-rich-fields]</div><div>[content-rich-fields title=\"Productivity Hacks for Busy Entrepreneurs\" description=\"Explore practical productivity hacks and time management strategies designed to help busy entrepreneurs optimize their workflows.\" left_image=\"services/4.png\" right_image=\"galleries/1.png\" quantity=\"6\" style=\"style-3\"][/content-rich-fields]</div><div>[content-collapse quantity=\"3\" title_1=\"What does your Financial Analysis service entail?\" description_1=\"Our Financial Analysis service is a comprehensive examination of your financial data and operations. We meticulously review your income statements, balance sheets, cash flow statements, and other financial records. We also assess your business processes, cost structures, and revenue streams.\" title_2=\"How can Financial Analysis benefit my business?\" description_2=\"Financial Analysis can benefit your business in several ways. It offers a deep understanding of your financial health, helping you make informed decisions. By identifying cost-saving opportunities and revenue growth potential, it can significantly improve your bottom line. \" title_3=\"What does Tax Strategy involve?\" description_3=\"Our Tax Strategy services focus on optimizing your tax position while ensuring strict compliance with tax laws and regulations. We begin by conducting a thorough analysis of your financial records, transactions, and tax obligations.\"][/content-collapse]</div><p>Explore practical productivity hacks and time management strategies designed to help busy entrepreneurs optimize their workflows.</p>',0,'services/3.png','[\"services\\/4.png\"]',3717,'published','2023-12-08 09:13:45','2023-12-08 09:13:45');

--
-- Table structure for table `pf_services_translations`
--

CREATE TABLE `pf_services_translations` (
  `lang_code` varchar(191) COLLATE utf8mb4_unicode_ci NOT NULL,
  `pf_services_id` bigint unsigned NOT NULL,
  `name` varchar(255) COLLATE utf8mb4_unicode_ci DEFAULT NULL,
  `description` varchar(400) COLLATE utf8mb4_unicode_ci DEFAULT NULL,
  `content` text COLLATE utf8mb4_unicode_ci,
  PRIMARY KEY (`lang_code`,`pf_services_id`)
) ENGINE=InnoDB DEFAULT CHARSET=utf8mb4 COLLATE=utf8mb4_unicode_ci;

--
-- Dumping data for table `pf_services_translations`
--


--
-- Table structure for table `post_categories`
--

CREATE TABLE `post_categories` (
  `category_id` bigint unsigned NOT NULL,
  `post_id` bigint unsigned NOT NULL,
  KEY `post_categories_category_id_index` (`category_id`),
  KEY `post_categories_post_id_index` (`post_id`)
) ENGINE=InnoDB DEFAULT CHARSET=utf8mb4 COLLATE=utf8mb4_unicode_ci;

--
-- Dumping data for table `post_categories`
--

INSERT INTO `post_categories` VALUES (2,1),(6,1),(3,2),(5,2),(3,3),(7,3),(3,4),(5,4),(4,5),(7,5),(1,6),(7,6),(4,7),(7,7),(4,8),(5,8),(3,9),(6,9),(2,10),(7,10),(1,11),(5,11),(1,12),(5,12);

--
-- Table structure for table `post_tags`
--

CREATE TABLE `post_tags` (
  `tag_id` bigint unsigned NOT NULL,
  `post_id` bigint unsigned NOT NULL,
  KEY `post_tags_tag_id_index` (`tag_id`),
  KEY `post_tags_post_id_index` (`post_id`)
) ENGINE=InnoDB DEFAULT CHARSET=utf8mb4 COLLATE=utf8mb4_unicode_ci;

--
-- Dumping data for table `post_tags`
--

INSERT INTO `post_tags` VALUES (1,1),(2,1),(3,1),(1,2),(2,2),(3,2),(1,3),(2,3),(3,3),(1,4),(2,4),(3,4),(1,5),(2,5),(3,5),(1,6),(2,6),(3,6),(1,7),(2,7),(3,7),(1,8),(2,8),(3,8),(1,9),(2,9),(3,9),(1,10),(2,10),(3,10),(1,11),(2,11),(3,11),(1,12),(2,12),(3,12);

--
-- Table structure for table `posts`
--

CREATE TABLE `posts` (
  `id` bigint unsigned NOT NULL AUTO_INCREMENT,
  `name` varchar(255) COLLATE utf8mb4_unicode_ci NOT NULL,
  `description` varchar(400) COLLATE utf8mb4_unicode_ci DEFAULT NULL,
  `content` longtext COLLATE utf8mb4_unicode_ci,
  `status` varchar(60) COLLATE utf8mb4_unicode_ci NOT NULL DEFAULT 'published',
  `author_id` bigint unsigned DEFAULT NULL,
  `author_type` varchar(255) COLLATE utf8mb4_unicode_ci NOT NULL DEFAULT 'Botble\\ACL\\Models\\User',
  `is_featured` tinyint unsigned NOT NULL DEFAULT '0',
  `image` varchar(255) COLLATE utf8mb4_unicode_ci DEFAULT NULL,
  `views` int unsigned NOT NULL DEFAULT '0',
  `format_type` varchar(30) COLLATE utf8mb4_unicode_ci DEFAULT NULL,
  `created_at` timestamp NULL DEFAULT NULL,
  `updated_at` timestamp NULL DEFAULT NULL,
  PRIMARY KEY (`id`),
  KEY `posts_status_index` (`status`),
  KEY `posts_author_id_index` (`author_id`),
  KEY `posts_author_type_index` (`author_type`),
  KEY `posts_created_at_index` (`created_at`)
) ENGINE=InnoDB AUTO_INCREMENT=13 DEFAULT CHARSET=utf8mb4 COLLATE=utf8mb4_unicode_ci;

--
-- Dumping data for table `posts`
--

INSERT INTO `posts` VALUES (1,'10 Strategies for Business Growth in 2023','Get expert advice on how small businesses can navigate tax season efficiently, minimize liabilities, and stay compliant with tax regulations.','<p>when an unknown printer took ar galley offer type year anddey scrambled  make type aewer specimen book bethas survived not only five when annery unknown printer.eed a little help from our friends from time to time. Although we offer the one-stop convenience.</p>\n<p>eed a little help from our friends from time to time. Although we offer the one-stop convenience of annery integrated range of legal, financial services under one roof, there are occasions when our clients areaneed specia- list advice beyond the scope of our own expertise.</p>\n<blockquote>\n    <p>“ urabitur varius eros rutrum consequat Mauris aewa sollicitudin enim condimentum luctus enim justo non molestie nisl ”</p>\n</blockquote>\n<h4 class=\"title-two\">Speed Optimized</h4>\n<p>when an unknown printer took a galley of type and scrambled it to make a type specimen bookhas a not only five centuries, but also the leap into electronic typesetting, remaining essentially unchan galley of type and scrambled it to make a type specimen book.</p>\n<div class=\"bd-inner-wrap\">\n    <div class=\"row align-items-center\">\n        <div class=\"col-46\">\n            <div class=\"thumb\">\n                <img src=\"http://gerow.test/storage/news/12.png\" alt=\"News\">\n                <a href=\"https://www.youtube.com/watch?v=v2qeqkKgw7U\" class=\"play-btn popup-video\"><i class=\"fas fa-play\"></i></a>\n            </div>\n        </div>\n        <div class=\"col-54\">\n            <div class=\"content\">\n                <h3 class=\"title-two\">Conduct replied off whether arrived adapted</h3>\n                <p>when an unknown printer took a galley type remaining essentially unchan galley of type and scrambled it to make a type specimen book.</p>\n                <ul class=\"list-wrap\">\n                    <li><i class=\"fas fa-check-circle\"></i>Commercial Property Insurance</li>\n                    <li><i class=\"fas fa-check-circle\"></i>Budget Friendly Theme</li>\n                    <li><i class=\"fas fa-check-circle\"></i>Happy Customers</li>\n                </ul>\n            </div>\n        </div>\n    </div>\n</div>\n<p>when an unknown printer took a galley of type and scrambled it to make a type specimen bookhas a not only five centuries, but also the leap into electronic typesetting, remaining essentially unchan galley of type and scrambled it to make a type specimen book.</p>\n','published',1,'Botble\\ACL\\Models\\User',1,'news/1.png',543,NULL,'2023-12-08 09:13:43','2023-12-08 09:13:43'),(2,'Navigating Tax Season: Tips for Small Businesses','Get expert advice on how small businesses can navigate tax season efficiently, minimize liabilities, and stay compliant with tax regulations.','<p>when an unknown printer took ar galley offer type year anddey scrambled  make type aewer specimen book bethas survived not only five when annery unknown printer.eed a little help from our friends from time to time. Although we offer the one-stop convenience.</p>\n<p>eed a little help from our friends from time to time. Although we offer the one-stop convenience of annery integrated range of legal, financial services under one roof, there are occasions when our clients areaneed specia- list advice beyond the scope of our own expertise.</p>\n<blockquote>\n    <p>“ urabitur varius eros rutrum consequat Mauris aewa sollicitudin enim condimentum luctus enim justo non molestie nisl ”</p>\n</blockquote>\n<h4 class=\"title-two\">Speed Optimized</h4>\n<p>when an unknown printer took a galley of type and scrambled it to make a type specimen bookhas a not only five centuries, but also the leap into electronic typesetting, remaining essentially unchan galley of type and scrambled it to make a type specimen book.</p>\n<div class=\"bd-inner-wrap\">\n    <div class=\"row align-items-center\">\n        <div class=\"col-46\">\n            <div class=\"thumb\">\n                <img src=\"http://gerow.test/storage/news/12.png\" alt=\"News\">\n                <a href=\"https://www.youtube.com/watch?v=v2qeqkKgw7U\" class=\"play-btn popup-video\"><i class=\"fas fa-play\"></i></a>\n            </div>\n        </div>\n        <div class=\"col-54\">\n            <div class=\"content\">\n                <h3 class=\"title-two\">Conduct replied off whether arrived adapted</h3>\n                <p>when an unknown printer took a galley type remaining essentially unchan galley of type and scrambled it to make a type specimen book.</p>\n                <ul class=\"list-wrap\">\n                    <li><i class=\"fas fa-check-circle\"></i>Commercial Property Insurance</li>\n                    <li><i class=\"fas fa-check-circle\"></i>Budget Friendly Theme</li>\n                    <li><i class=\"fas fa-check-circle\"></i>Happy Customers</li>\n                </ul>\n            </div>\n        </div>\n    </div>\n</div>\n<p>when an unknown printer took a galley of type and scrambled it to make a type specimen bookhas a not only five centuries, but also the leap into electronic typesetting, remaining essentially unchan galley of type and scrambled it to make a type specimen book.</p>\n','published',2,'Botble\\ACL\\Models\\User',1,'news/2.png',1654,NULL,'2023-12-08 09:13:43','2023-12-08 09:13:43'),(3,'The Power of Data Analytics in Business Decision-Making','Discover how data analytics can transform decision-making processes, drive innovation, and enhance competitiveness in today’s business world.','<p>when an unknown printer took ar galley offer type year anddey scrambled  make type aewer specimen book bethas survived not only five when annery unknown printer.eed a little help from our friends from time to time. Although we offer the one-stop convenience.</p>\n<p>eed a little help from our friends from time to time. Although we offer the one-stop convenience of annery integrated range of legal, financial services under one roof, there are occasions when our clients areaneed specia- list advice beyond the scope of our own expertise.</p>\n<blockquote>\n    <p>“ urabitur varius eros rutrum consequat Mauris aewa sollicitudin enim condimentum luctus enim justo non molestie nisl ”</p>\n</blockquote>\n<h4 class=\"title-two\">Speed Optimized</h4>\n<p>when an unknown printer took a galley of type and scrambled it to make a type specimen bookhas a not only five centuries, but also the leap into electronic typesetting, remaining essentially unchan galley of type and scrambled it to make a type specimen book.</p>\n<div class=\"bd-inner-wrap\">\n    <div class=\"row align-items-center\">\n        <div class=\"col-46\">\n            <div class=\"thumb\">\n                <img src=\"http://gerow.test/storage/news/12.png\" alt=\"News\">\n                <a href=\"https://www.youtube.com/watch?v=v2qeqkKgw7U\" class=\"play-btn popup-video\"><i class=\"fas fa-play\"></i></a>\n            </div>\n        </div>\n        <div class=\"col-54\">\n            <div class=\"content\">\n                <h3 class=\"title-two\">Conduct replied off whether arrived adapted</h3>\n                <p>when an unknown printer took a galley type remaining essentially unchan galley of type and scrambled it to make a type specimen book.</p>\n                <ul class=\"list-wrap\">\n                    <li><i class=\"fas fa-check-circle\"></i>Commercial Property Insurance</li>\n                    <li><i class=\"fas fa-check-circle\"></i>Budget Friendly Theme</li>\n                    <li><i class=\"fas fa-check-circle\"></i>Happy Customers</li>\n                </ul>\n            </div>\n        </div>\n    </div>\n</div>\n<p>when an unknown printer took a galley of type and scrambled it to make a type specimen bookhas a not only five centuries, but also the leap into electronic typesetting, remaining essentially unchan galley of type and scrambled it to make a type specimen book.</p>\n','published',2,'Botble\\ACL\\Models\\User',1,'news/3.png',1498,NULL,'2023-12-08 09:13:43','2023-12-08 09:13:43'),(4,'How to Create a Winning Marketing Plan','Explore the significance of innovation in modern business, how it drives competitiveness, and strategies for fostering a culture of innovation.','<p>when an unknown printer took ar galley offer type year anddey scrambled  make type aewer specimen book bethas survived not only five when annery unknown printer.eed a little help from our friends from time to time. Although we offer the one-stop convenience.</p>\n<p>eed a little help from our friends from time to time. Although we offer the one-stop convenience of annery integrated range of legal, financial services under one roof, there are occasions when our clients areaneed specia- list advice beyond the scope of our own expertise.</p>\n<blockquote>\n    <p>“ urabitur varius eros rutrum consequat Mauris aewa sollicitudin enim condimentum luctus enim justo non molestie nisl ”</p>\n</blockquote>\n<h4 class=\"title-two\">Speed Optimized</h4>\n<p>when an unknown printer took a galley of type and scrambled it to make a type specimen bookhas a not only five centuries, but also the leap into electronic typesetting, remaining essentially unchan galley of type and scrambled it to make a type specimen book.</p>\n<div class=\"bd-inner-wrap\">\n    <div class=\"row align-items-center\">\n        <div class=\"col-46\">\n            <div class=\"thumb\">\n                <img src=\"http://gerow.test/storage/news/12.png\" alt=\"News\">\n                <a href=\"https://www.youtube.com/watch?v=v2qeqkKgw7U\" class=\"play-btn popup-video\"><i class=\"fas fa-play\"></i></a>\n            </div>\n        </div>\n        <div class=\"col-54\">\n            <div class=\"content\">\n                <h3 class=\"title-two\">Conduct replied off whether arrived adapted</h3>\n                <p>when an unknown printer took a galley type remaining essentially unchan galley of type and scrambled it to make a type specimen book.</p>\n                <ul class=\"list-wrap\">\n                    <li><i class=\"fas fa-check-circle\"></i>Commercial Property Insurance</li>\n                    <li><i class=\"fas fa-check-circle\"></i>Budget Friendly Theme</li>\n                    <li><i class=\"fas fa-check-circle\"></i>Happy Customers</li>\n                </ul>\n            </div>\n        </div>\n    </div>\n</div>\n<p>when an unknown printer took a galley of type and scrambled it to make a type specimen bookhas a not only five centuries, but also the leap into electronic typesetting, remaining essentially unchan galley of type and scrambled it to make a type specimen book.</p>\n','published',2,'Botble\\ACL\\Models\\User',1,'news/4.png',863,NULL,'2023-12-08 09:13:43','2023-12-08 09:13:43'),(5,'Mastering the Art of Financial Planning for Entrepreneurs','Learn the essential steps and elements to craft a winning marketing plan that effectively reaches your target audience and drives results.','<p>when an unknown printer took ar galley offer type year anddey scrambled  make type aewer specimen book bethas survived not only five when annery unknown printer.eed a little help from our friends from time to time. Although we offer the one-stop convenience.</p>\n<p>eed a little help from our friends from time to time. Although we offer the one-stop convenience of annery integrated range of legal, financial services under one roof, there are occasions when our clients areaneed specia- list advice beyond the scope of our own expertise.</p>\n<blockquote>\n    <p>“ urabitur varius eros rutrum consequat Mauris aewa sollicitudin enim condimentum luctus enim justo non molestie nisl ”</p>\n</blockquote>\n<h4 class=\"title-two\">Speed Optimized</h4>\n<p>when an unknown printer took a galley of type and scrambled it to make a type specimen bookhas a not only five centuries, but also the leap into electronic typesetting, remaining essentially unchan galley of type and scrambled it to make a type specimen book.</p>\n<div class=\"bd-inner-wrap\">\n    <div class=\"row align-items-center\">\n        <div class=\"col-46\">\n            <div class=\"thumb\">\n                <img src=\"http://gerow.test/storage/news/12.png\" alt=\"News\">\n                <a href=\"https://www.youtube.com/watch?v=v2qeqkKgw7U\" class=\"play-btn popup-video\"><i class=\"fas fa-play\"></i></a>\n            </div>\n        </div>\n        <div class=\"col-54\">\n            <div class=\"content\">\n                <h3 class=\"title-two\">Conduct replied off whether arrived adapted</h3>\n                <p>when an unknown printer took a galley type remaining essentially unchan galley of type and scrambled it to make a type specimen book.</p>\n                <ul class=\"list-wrap\">\n                    <li><i class=\"fas fa-check-circle\"></i>Commercial Property Insurance</li>\n                    <li><i class=\"fas fa-check-circle\"></i>Budget Friendly Theme</li>\n                    <li><i class=\"fas fa-check-circle\"></i>Happy Customers</li>\n                </ul>\n            </div>\n        </div>\n    </div>\n</div>\n<p>when an unknown printer took a galley of type and scrambled it to make a type specimen bookhas a not only five centuries, but also the leap into electronic typesetting, remaining essentially unchan galley of type and scrambled it to make a type specimen book.</p>\n','published',2,'Botble\\ACL\\Models\\User',1,'news/5.png',1858,NULL,'2023-12-08 09:13:43','2023-12-08 09:13:43'),(6,'The Role of Innovation in Modern Business','Dive into the qualities and strategies of effective leadership that inspire teams, foster growth, and achieve remarkable success.','<p>when an unknown printer took ar galley offer type year anddey scrambled  make type aewer specimen book bethas survived not only five when annery unknown printer.eed a little help from our friends from time to time. Although we offer the one-stop convenience.</p>\n<p>eed a little help from our friends from time to time. Although we offer the one-stop convenience of annery integrated range of legal, financial services under one roof, there are occasions when our clients areaneed specia- list advice beyond the scope of our own expertise.</p>\n<blockquote>\n    <p>“ urabitur varius eros rutrum consequat Mauris aewa sollicitudin enim condimentum luctus enim justo non molestie nisl ”</p>\n</blockquote>\n<h4 class=\"title-two\">Speed Optimized</h4>\n<p>when an unknown printer took a galley of type and scrambled it to make a type specimen bookhas a not only five centuries, but also the leap into electronic typesetting, remaining essentially unchan galley of type and scrambled it to make a type specimen book.</p>\n<div class=\"bd-inner-wrap\">\n    <div class=\"row align-items-center\">\n        <div class=\"col-46\">\n            <div class=\"thumb\">\n                <img src=\"http://gerow.test/storage/news/12.png\" alt=\"News\">\n                <a href=\"https://www.youtube.com/watch?v=v2qeqkKgw7U\" class=\"play-btn popup-video\"><i class=\"fas fa-play\"></i></a>\n            </div>\n        </div>\n        <div class=\"col-54\">\n            <div class=\"content\">\n                <h3 class=\"title-two\">Conduct replied off whether arrived adapted</h3>\n                <p>when an unknown printer took a galley type remaining essentially unchan galley of type and scrambled it to make a type specimen book.</p>\n                <ul class=\"list-wrap\">\n                    <li><i class=\"fas fa-check-circle\"></i>Commercial Property Insurance</li>\n                    <li><i class=\"fas fa-check-circle\"></i>Budget Friendly Theme</li>\n                    <li><i class=\"fas fa-check-circle\"></i>Happy Customers</li>\n                </ul>\n            </div>\n        </div>\n    </div>\n</div>\n<p>when an unknown printer took a galley of type and scrambled it to make a type specimen bookhas a not only five centuries, but also the leap into electronic typesetting, remaining essentially unchan galley of type and scrambled it to make a type specimen book.</p>\n','published',1,'Botble\\ACL\\Models\\User',1,'news/6.png',893,NULL,'2023-12-08 09:13:43','2023-12-08 09:13:43'),(7,'Startup Success Stories: Lessons from Industry Leaders','Hear inspiring stories of startup success and uncover valuable lessons from industry leaders who turned ideas into thriving businesses.','<p>when an unknown printer took ar galley offer type year anddey scrambled  make type aewer specimen book bethas survived not only five when annery unknown printer.eed a little help from our friends from time to time. Although we offer the one-stop convenience.</p>\n<p>eed a little help from our friends from time to time. Although we offer the one-stop convenience of annery integrated range of legal, financial services under one roof, there are occasions when our clients areaneed specia- list advice beyond the scope of our own expertise.</p>\n<blockquote>\n    <p>“ urabitur varius eros rutrum consequat Mauris aewa sollicitudin enim condimentum luctus enim justo non molestie nisl ”</p>\n</blockquote>\n<h4 class=\"title-two\">Speed Optimized</h4>\n<p>when an unknown printer took a galley of type and scrambled it to make a type specimen bookhas a not only five centuries, but also the leap into electronic typesetting, remaining essentially unchan galley of type and scrambled it to make a type specimen book.</p>\n<div class=\"bd-inner-wrap\">\n    <div class=\"row align-items-center\">\n        <div class=\"col-46\">\n            <div class=\"thumb\">\n                <img src=\"http://gerow.test/storage/news/12.png\" alt=\"News\">\n                <a href=\"https://www.youtube.com/watch?v=v2qeqkKgw7U\" class=\"play-btn popup-video\"><i class=\"fas fa-play\"></i></a>\n            </div>\n        </div>\n        <div class=\"col-54\">\n            <div class=\"content\">\n                <h3 class=\"title-two\">Conduct replied off whether arrived adapted</h3>\n                <p>when an unknown printer took a galley type remaining essentially unchan galley of type and scrambled it to make a type specimen book.</p>\n                <ul class=\"list-wrap\">\n                    <li><i class=\"fas fa-check-circle\"></i>Commercial Property Insurance</li>\n                    <li><i class=\"fas fa-check-circle\"></i>Budget Friendly Theme</li>\n                    <li><i class=\"fas fa-check-circle\"></i>Happy Customers</li>\n                </ul>\n            </div>\n        </div>\n    </div>\n</div>\n<p>when an unknown printer took a galley of type and scrambled it to make a type specimen bookhas a not only five centuries, but also the leap into electronic typesetting, remaining essentially unchan galley of type and scrambled it to make a type specimen book.</p>\n','published',2,'Botble\\ACL\\Models\\User',0,'news/7.png',2297,NULL,'2023-12-08 09:13:43','2023-12-08 09:13:43'),(8,'Balancing Act: Work-Life Integration for Business Owners','Get expert advice on how small businesses can navigate tax season efficiently, minimize liabilities, and stay compliant with tax regulations.','<p>when an unknown printer took ar galley offer type year anddey scrambled  make type aewer specimen book bethas survived not only five when annery unknown printer.eed a little help from our friends from time to time. Although we offer the one-stop convenience.</p>\n<p>eed a little help from our friends from time to time. Although we offer the one-stop convenience of annery integrated range of legal, financial services under one roof, there are occasions when our clients areaneed specia- list advice beyond the scope of our own expertise.</p>\n<blockquote>\n    <p>“ urabitur varius eros rutrum consequat Mauris aewa sollicitudin enim condimentum luctus enim justo non molestie nisl ”</p>\n</blockquote>\n<h4 class=\"title-two\">Speed Optimized</h4>\n<p>when an unknown printer took a galley of type and scrambled it to make a type specimen bookhas a not only five centuries, but also the leap into electronic typesetting, remaining essentially unchan galley of type and scrambled it to make a type specimen book.</p>\n<div class=\"bd-inner-wrap\">\n    <div class=\"row align-items-center\">\n        <div class=\"col-46\">\n            <div class=\"thumb\">\n                <img src=\"http://gerow.test/storage/news/12.png\" alt=\"News\">\n                <a href=\"https://www.youtube.com/watch?v=v2qeqkKgw7U\" class=\"play-btn popup-video\"><i class=\"fas fa-play\"></i></a>\n            </div>\n        </div>\n        <div class=\"col-54\">\n            <div class=\"content\">\n                <h3 class=\"title-two\">Conduct replied off whether arrived adapted</h3>\n                <p>when an unknown printer took a galley type remaining essentially unchan galley of type and scrambled it to make a type specimen book.</p>\n                <ul class=\"list-wrap\">\n                    <li><i class=\"fas fa-check-circle\"></i>Commercial Property Insurance</li>\n                    <li><i class=\"fas fa-check-circle\"></i>Budget Friendly Theme</li>\n                    <li><i class=\"fas fa-check-circle\"></i>Happy Customers</li>\n                </ul>\n            </div>\n        </div>\n    </div>\n</div>\n<p>when an unknown printer took a galley of type and scrambled it to make a type specimen bookhas a not only five centuries, but also the leap into electronic typesetting, remaining essentially unchan galley of type and scrambled it to make a type specimen book.</p>\n','published',2,'Botble\\ACL\\Models\\User',0,'news/8.png',850,NULL,'2023-12-08 09:13:43','2023-12-08 09:13:43'),(9,'The Impact of Sustainable Practices on Business Sustainability','Discover how data analytics can transform decision-making processes, drive innovation, and enhance competitiveness in today’s business world.','<p>when an unknown printer took ar galley offer type year anddey scrambled  make type aewer specimen book bethas survived not only five when annery unknown printer.eed a little help from our friends from time to time. Although we offer the one-stop convenience.</p>\n<p>eed a little help from our friends from time to time. Although we offer the one-stop convenience of annery integrated range of legal, financial services under one roof, there are occasions when our clients areaneed specia- list advice beyond the scope of our own expertise.</p>\n<blockquote>\n    <p>“ urabitur varius eros rutrum consequat Mauris aewa sollicitudin enim condimentum luctus enim justo non molestie nisl ”</p>\n</blockquote>\n<h4 class=\"title-two\">Speed Optimized</h4>\n<p>when an unknown printer took a galley of type and scrambled it to make a type specimen bookhas a not only five centuries, but also the leap into electronic typesetting, remaining essentially unchan galley of type and scrambled it to make a type specimen book.</p>\n<div class=\"bd-inner-wrap\">\n    <div class=\"row align-items-center\">\n        <div class=\"col-46\">\n            <div class=\"thumb\">\n                <img src=\"http://gerow.test/storage/news/12.png\" alt=\"News\">\n                <a href=\"https://www.youtube.com/watch?v=v2qeqkKgw7U\" class=\"play-btn popup-video\"><i class=\"fas fa-play\"></i></a>\n            </div>\n        </div>\n        <div class=\"col-54\">\n            <div class=\"content\">\n                <h3 class=\"title-two\">Conduct replied off whether arrived adapted</h3>\n                <p>when an unknown printer took a galley type remaining essentially unchan galley of type and scrambled it to make a type specimen book.</p>\n                <ul class=\"list-wrap\">\n                    <li><i class=\"fas fa-check-circle\"></i>Commercial Property Insurance</li>\n                    <li><i class=\"fas fa-check-circle\"></i>Budget Friendly Theme</li>\n                    <li><i class=\"fas fa-check-circle\"></i>Happy Customers</li>\n                </ul>\n            </div>\n        </div>\n    </div>\n</div>\n<p>when an unknown printer took a galley of type and scrambled it to make a type specimen bookhas a not only five centuries, but also the leap into electronic typesetting, remaining essentially unchan galley of type and scrambled it to make a type specimen book.</p>\n','published',2,'Botble\\ACL\\Models\\User',0,'news/9.png',1396,NULL,'2023-12-08 09:13:43','2023-12-08 09:13:43'),(10,'Building a Strong Employer Brand for Talent Acquisition','Learn the essential steps and elements to craft a winning marketing plan that effectively reaches your target audience and drives results.','<p>when an unknown printer took ar galley offer type year anddey scrambled  make type aewer specimen book bethas survived not only five when annery unknown printer.eed a little help from our friends from time to time. Although we offer the one-stop convenience.</p>\n<p>eed a little help from our friends from time to time. Although we offer the one-stop convenience of annery integrated range of legal, financial services under one roof, there are occasions when our clients areaneed specia- list advice beyond the scope of our own expertise.</p>\n<blockquote>\n    <p>“ urabitur varius eros rutrum consequat Mauris aewa sollicitudin enim condimentum luctus enim justo non molestie nisl ”</p>\n</blockquote>\n<h4 class=\"title-two\">Speed Optimized</h4>\n<p>when an unknown printer took a galley of type and scrambled it to make a type specimen bookhas a not only five centuries, but also the leap into electronic typesetting, remaining essentially unchan galley of type and scrambled it to make a type specimen book.</p>\n<div class=\"bd-inner-wrap\">\n    <div class=\"row align-items-center\">\n        <div class=\"col-46\">\n            <div class=\"thumb\">\n                <img src=\"http://gerow.test/storage/news/12.png\" alt=\"News\">\n                <a href=\"https://www.youtube.com/watch?v=v2qeqkKgw7U\" class=\"play-btn popup-video\"><i class=\"fas fa-play\"></i></a>\n            </div>\n        </div>\n        <div class=\"col-54\">\n            <div class=\"content\">\n                <h3 class=\"title-two\">Conduct replied off whether arrived adapted</h3>\n                <p>when an unknown printer took a galley type remaining essentially unchan galley of type and scrambled it to make a type specimen book.</p>\n                <ul class=\"list-wrap\">\n                    <li><i class=\"fas fa-check-circle\"></i>Commercial Property Insurance</li>\n                    <li><i class=\"fas fa-check-circle\"></i>Budget Friendly Theme</li>\n                    <li><i class=\"fas fa-check-circle\"></i>Happy Customers</li>\n                </ul>\n            </div>\n        </div>\n    </div>\n</div>\n<p>when an unknown printer took a galley of type and scrambled it to make a type specimen bookhas a not only five centuries, but also the leap into electronic typesetting, remaining essentially unchan galley of type and scrambled it to make a type specimen book.</p>\n','published',2,'Botble\\ACL\\Models\\User',0,'news/10.png',1241,NULL,'2023-12-08 09:13:43','2023-12-08 09:13:43'),(11,'Productivity Hacks for Busy Entrepreneurs','Hear inspiring stories of startup success and uncover valuable lessons from industry leaders who turned ideas into thriving businesses.','<p>when an unknown printer took ar galley offer type year anddey scrambled  make type aewer specimen book bethas survived not only five when annery unknown printer.eed a little help from our friends from time to time. Although we offer the one-stop convenience.</p>\n<p>eed a little help from our friends from time to time. Although we offer the one-stop convenience of annery integrated range of legal, financial services under one roof, there are occasions when our clients areaneed specia- list advice beyond the scope of our own expertise.</p>\n<blockquote>\n    <p>“ urabitur varius eros rutrum consequat Mauris aewa sollicitudin enim condimentum luctus enim justo non molestie nisl ”</p>\n</blockquote>\n<h4 class=\"title-two\">Speed Optimized</h4>\n<p>when an unknown printer took a galley of type and scrambled it to make a type specimen bookhas a not only five centuries, but also the leap into electronic typesetting, remaining essentially unchan galley of type and scrambled it to make a type specimen book.</p>\n<div class=\"bd-inner-wrap\">\n    <div class=\"row align-items-center\">\n        <div class=\"col-46\">\n            <div class=\"thumb\">\n                <img src=\"http://gerow.test/storage/news/12.png\" alt=\"News\">\n                <a href=\"https://www.youtube.com/watch?v=v2qeqkKgw7U\" class=\"play-btn popup-video\"><i class=\"fas fa-play\"></i></a>\n            </div>\n        </div>\n        <div class=\"col-54\">\n            <div class=\"content\">\n                <h3 class=\"title-two\">Conduct replied off whether arrived adapted</h3>\n                <p>when an unknown printer took a galley type remaining essentially unchan galley of type and scrambled it to make a type specimen book.</p>\n                <ul class=\"list-wrap\">\n                    <li><i class=\"fas fa-check-circle\"></i>Commercial Property Insurance</li>\n                    <li><i class=\"fas fa-check-circle\"></i>Budget Friendly Theme</li>\n                    <li><i class=\"fas fa-check-circle\"></i>Happy Customers</li>\n                </ul>\n            </div>\n        </div>\n    </div>\n</div>\n<p>when an unknown printer took a galley of type and scrambled it to make a type specimen bookhas a not only five centuries, but also the leap into electronic typesetting, remaining essentially unchan galley of type and scrambled it to make a type specimen book.</p>\n','published',2,'Botble\\ACL\\Models\\User',0,'news/11.png',401,NULL,'2023-12-08 09:13:43','2023-12-08 09:13:43'),(12,'The Human Factor: HR Best Practices for Businesses','Learn the essential steps and elements to craft a winning marketing plan that effectively reaches your target audience and drives results.','<p>when an unknown printer took ar galley offer type year anddey scrambled  make type aewer specimen book bethas survived not only five when annery unknown printer.eed a little help from our friends from time to time. Although we offer the one-stop convenience.</p>\n<p>eed a little help from our friends from time to time. Although we offer the one-stop convenience of annery integrated range of legal, financial services under one roof, there are occasions when our clients areaneed specia- list advice beyond the scope of our own expertise.</p>\n<blockquote>\n    <p>“ urabitur varius eros rutrum consequat Mauris aewa sollicitudin enim condimentum luctus enim justo non molestie nisl ”</p>\n</blockquote>\n<h4 class=\"title-two\">Speed Optimized</h4>\n<p>when an unknown printer took a galley of type and scrambled it to make a type specimen bookhas a not only five centuries, but also the leap into electronic typesetting, remaining essentially unchan galley of type and scrambled it to make a type specimen book.</p>\n<div class=\"bd-inner-wrap\">\n    <div class=\"row align-items-center\">\n        <div class=\"col-46\">\n            <div class=\"thumb\">\n                <img src=\"http://gerow.test/storage/news/12.png\" alt=\"News\">\n                <a href=\"https://www.youtube.com/watch?v=v2qeqkKgw7U\" class=\"play-btn popup-video\"><i class=\"fas fa-play\"></i></a>\n            </div>\n        </div>\n        <div class=\"col-54\">\n            <div class=\"content\">\n                <h3 class=\"title-two\">Conduct replied off whether arrived adapted</h3>\n                <p>when an unknown printer took a galley type remaining essentially unchan galley of type and scrambled it to make a type specimen book.</p>\n                <ul class=\"list-wrap\">\n                    <li><i class=\"fas fa-check-circle\"></i>Commercial Property Insurance</li>\n                    <li><i class=\"fas fa-check-circle\"></i>Budget Friendly Theme</li>\n                    <li><i class=\"fas fa-check-circle\"></i>Happy Customers</li>\n                </ul>\n            </div>\n        </div>\n    </div>\n</div>\n<p>when an unknown printer took a galley of type and scrambled it to make a type specimen bookhas a not only five centuries, but also the leap into electronic typesetting, remaining essentially unchan galley of type and scrambled it to make a type specimen book.</p>\n','published',1,'Botble\\ACL\\Models\\User',0,'news/12.png',1556,NULL,'2023-12-08 09:13:43','2023-12-08 09:13:43');

--
